NOAA-style Climate Reports

Select a Year or Month report

Report for 2015 Jun
                   Monthly Climatological Summary for Jun 2015

Name: Waikawa Beach Weather   City: Waikawa Beach   State: Horowhenua
Elevation: 28 ft  Lat: S 40° 41' 44"   Lon: E 175° 09' 42"

                  Temperature (°C), Rain (mm), Wind Speed (km/h)

                                      Heat  Cool        Avg
    Mean                              Deg   Deg         Wind                 Dom
Day Temp  High   Time   Low    Time   Days  Days  Rain  Speed High   Time    Dir
----------------------------------------------------------------------------------
01  13.0  18.1   14:16   8.8   01:48   5.3   0.0   0.0  10.1  30.6   22:49   SSE
02  14.9  18.3   11:50  11.8   22:42   3.3   0.0  12.6  15.8  43.5   09:49     S
03  13.2  15.2   18:37  10.8   07:40   5.1   0.0   5.4  17.9  57.9   23:11    SE
04  10.0  13.8   00:30   5.9   23:42   8.3   0.0   3.8  13.9  57.9   14:28     S
05   8.3  11.6   12:48   5.1   22:46   9.9   0.0   0.2   3.8  16.1   16:25     S
06   8.8  13.1   11:42   2.9   02:26   9.5   0.0   1.0   8.8  43.5   23:22   WSW
07  11.5  14.6   14:46   7.3   22:33   6.8   0.0   1.0  11.6  38.6   01:06    SW
08  10.8  13.9   23:48   6.3   04:45   7.5   0.0   1.2  12.2  37.0   22:35   SSW
09  14.4  15.8   12:01  12.8   16:56   3.9   0.0   0.2  21.1  61.2   16:49    SW
10  14.2  15.4   11:55  11.9   20:15   4.1   0.0  10.0  28.9  69.2   12:26     W
11  11.7  13.4   00:00  10.3   21:14   6.6   0.0   0.4  37.9  80.5   07:47    SW
12  12.2  14.0   15:05   8.7   23:57   6.1   0.0   0.2  42.2  95.0   17:18   WSW
13  11.6  13.8   13:08   5.2   01:42   6.7   0.0   0.0  29.8  66.0   16:22   WSW
14  13.5  14.6   12:11  12.9   23:50   4.8   0.0   0.0  33.7  67.6   04:02    SW
15   9.6  13.3   05:24   5.6   23:37   8.7   0.0   3.4  16.9  70.8   02:56     S
16   6.7  11.6   12:57   2.2   07:44  11.6   0.0   0.0   6.2  24.1   15:23     S
17   7.1  12.4   22:13   0.4   06:20  11.2   0.0   0.0   9.7  46.7   23:02   SSW
18  13.4  14.9   14:09  11.8   04:21   4.9   0.0   0.0  26.1  64.4   13:44   WSW
19  13.7  15.2   22:06  12.3   04:46   4.6   0.0  36.0  17.1  62.8   22:12   WNW
20  11.8  14.4   00:00   9.1   23:34   6.5   0.0  65.8   7.4  37.0   00:04   WSW
21  10.7  12.6   14:40   8.1   07:44   7.6   0.0   1.6  22.7  70.8   19:41    SW
22   6.5  11.1   00:00   4.3   22:43  11.8   0.0   0.0  12.0  46.7   00:10     S
23   5.5   9.9   13:03   1.0   08:23  12.8   0.0   0.0   8.2  32.2   12:45   SSE
24   5.0  10.2   14:25   0.3   07:34  13.3   0.0   0.0   5.8  17.7   03:08   SSE
25   5.5   9.8   13:09   0.8   08:15  12.8   0.0   0.0   6.9  29.0   13:18     S
26  10.1  13.9   13:04   4.8   05:13   8.2   0.0   0.0  20.1  57.9   15:47   SSW
27  10.2  13.2   01:10   6.6   07:17   8.2   0.0   0.4  13.3  45.1   00:48   SSW
28  10.5  13.6   14:28   5.7   05:29   7.8   0.0   0.0  16.8  53.1   21:50   SSW
29  12.5  13.5   15:27   9.8   23:57   5.8   0.0   0.0  31.3  69.2   13:49   SSW
30  10.6  14.5   12:29   5.4   04:48   7.7   0.0   0.0  11.8  38.6   16:47    SW
----------------------------------------------------------------------------------
    10.6  18.3     2     0.3    24   231.4   0.0 143.2  17.3  95.0    12      SW

Max >=  15.0  6
Max <=  10.0  2
Min <=   5.0  8
Min <=   0.0  0
Max Rain: 65.8 on day 20
Days of Rain: 5 (>= 5.0 mm)  4 (>= 10.0 mm)  2 (>= 15.0 mm)
Heat Base: 18.3  Cool Base: 18.3  Method: Integration