NOAA-style Climate Reports

Select a Year or Month report
V/Λ2021 > Jan Feb Mar Apr May Jun Jul Aug Sep Oct Nov Dec
V/Λ2020 > Jan Feb Mar Apr May Jun Jul Aug Sep Oct Nov Dec
V/Λ2019 > Jan Feb Mar Apr May Jun Jul Aug Sep Oct Nov Dec
V/Λ2018 > Jan Feb Mar Apr May Jun Jul Aug Sep Oct Nov Dec
V/Λ2017 > Jan Feb Mar Apr May Jun Jul Aug Sep Oct Nov Dec
V/Λ2016 > Jan Feb Mar Apr May Jun Jul Aug Sep Oct Nov Dec
V/Λ2015 > Jan Feb Mar Apr May Jun Jul Aug Sep Oct Nov Dec
V/Λ2014 > Jan Feb Mar Apr May Jun Jul Aug Sep Oct Nov Dec
V/Λ2013 > Jan Feb Mar Apr May Jun Jul Aug Sep Oct Nov Dec
V/Λ2012 > Jan Feb Mar Apr May Jun Jul Aug Sep Oct Nov Dec
V/Λ2011 > Jan Feb Mar Apr May Jun Jul Aug Sep Oct Nov Dec
V/Λ2010 > Jan Feb Mar Apr May Jun Jul Aug Sep Oct Nov Dec
V/Λ2009 > Jan Feb Mar Apr May Jun Jul Aug Sep Oct Nov Dec
V/Λ2008 > Jan Feb Mar Apr May Jun Jul Aug Sep Oct Nov Dec

Report for 2016 Mar
                   Monthly Climatological Summary for Mar 2016

Name: Waikawa Beach Weather   City: Waikawa Beach   State: Horowhenua
Elevation: 28 ft  Lat: S 40° 41' 44"   Lon: E 175° 09' 42"

                  Temperature (°C), Rain (mm), Wind Speed (km/h)

                                      Heat  Cool        Avg
    Mean                              Deg   Deg         Wind                 Dom
Day Temp  High   Time   Low    Time   Days  Days  Rain  Speed High   Time    Dir
----------------------------------------------------------------------------------
01  17.0  21.8   14:11  13.9   07:01   1.7   0.5   0.0   5.9  27.4   14:23     S
02  16.6  22.2   17:26  12.2   04:54   2.3   0.7   0.0   6.2  30.6   14:33   SSW
03  15.0  20.5   12:03   8.1   06:25   3.7   0.5   0.0   7.7  25.7   12:56     S
04  18.3  20.8   13:47  12.3   00:00   0.7   0.6   0.0  12.8  43.5   16:21    NW
05  18.5  20.4   13:56  17.1   04:44   0.4   0.6   0.0  10.7  37.0   23:29   WSW
06  19.9  22.0   13:11  18.4   07:23   0.0   1.6   0.0  15.3  46.7   14:18     N
07  20.4  23.8   13:57  18.1   04:50   0.0   2.1   0.0  13.6  38.6   15:01   NNW
08  19.3  20.0   16:22  17.4   23:59   0.0   1.1   0.2  17.4  57.9   15:49   SSW
09  16.8  20.7   13:04  11.8   23:40   1.9   0.4   0.0   8.4  27.4   13:17     S
10  17.7  19.8   21:46  12.0   00:00   0.9   0.3   0.0  23.9  69.2   22:56   SSW
11  15.2  19.6   00:52  11.7   23:58   3.2   0.1   0.0  16.2  62.8   00:08     S
12  12.5  17.0   15:09   6.5   06:29   5.8   0.0   0.0   8.3  29.0   14:47   SSW
13  14.4  19.8   13:12   8.6   03:31   4.1   0.2   0.0   8.1  25.7   12:42     S
14  17.0  20.7   15:58  13.9   04:17   1.6   0.3   1.8   6.6  25.7   16:06   SSW
15  18.9  20.6   13:15  17.1   23:59   0.1   0.6   2.6   8.4  29.0   11:47    SW
16  15.1  18.4   12:47  11.8   21:09   3.2   0.0   2.4   7.8  30.6   00:14   SSE
17  13.5  16.4   16:13  10.8   05:08   4.8   0.0   2.6   2.9  14.5   14:30     S
18  18.4  23.6   13:30  14.4   00:06   1.5   1.6   0.4   4.3  30.6   15:50     S
19  19.3  23.8   16:14  16.3   05:08   0.5   1.5   0.2   6.8  22.5   16:42     S
20  19.5  24.9   17:55  14.8   07:21   0.7   1.8   0.0   6.2  25.7   11:57   SSW
21  19.9  23.6   16:58  14.8   23:48   0.3   1.8   0.0   5.4  25.7   12:15   SSW
22  19.1  25.4   16:50  14.7   01:18   1.1   1.9   0.0   6.9  27.4   13:43     S
23  21.3  24.7   14:17  15.3   04:33   0.2   3.2   0.0  14.5  41.8   10:39     S
24  20.3  22.1   05:44  18.6   22:47   0.0   2.0   6.6  13.5  57.9   05:30     S
25  17.8  21.3   14:42  14.4   23:55   1.1   0.6   0.0   9.0  33.8   11:27   SSW
26  15.8  19.4   10:40  12.4   07:19   2.2   0.0   0.0   4.6  19.3   10:58     S
27  18.2  20.2   14:43  17.7   00:00   0.4   0.3   0.0   7.5  41.8   14:51   SSW
28  18.0  20.3   16:07  15.1   23:25   0.8   0.5   0.2  10.4  41.8   03:59   SSW
29  16.7  19.7   12:53  14.3   23:59   1.8   0.2   0.2  13.0  45.1   13:20   SSW
30  15.1  20.0   17:09   9.8   06:42   3.4   0.2   0.0   7.6  24.1   13:38   SSW
31  15.2  21.1   16:34   9.2   05:21   3.7   0.6   0.0   6.2  27.4   11:58   SSW
----------------------------------------------------------------------------------
    17.4  25.4    22     6.5    12    52.1  25.8  17.2   9.6  69.2    10     SSW

Max >=  15.0 31
Max <=  10.0  0
Min <=   5.0  0
Min <=   0.0  0
Max Rain: 6.6 on day 24
Days of Rain: 1 (>= 5.0 mm)  0 (>= 10.0 mm)  0 (>= 15.0 mm)
Heat Base: 18.3  Cool Base: 18.3  Method: Integration