NOAA-style Climate Reports

Select a Year or Month report
V/Λ2021 > Jan Feb Mar Apr May Jun Jul Aug Sep Oct Nov Dec
V/Λ2020 > Jan Feb Mar Apr May Jun Jul Aug Sep Oct Nov Dec
V/Λ2019 > Jan Feb Mar Apr May Jun Jul Aug Sep Oct Nov Dec
V/Λ2018 > Jan Feb Mar Apr May Jun Jul Aug Sep Oct Nov Dec
V/Λ2017 > Jan Feb Mar Apr May Jun Jul Aug Sep Oct Nov Dec
V/Λ2016 > Jan Feb Mar Apr May Jun Jul Aug Sep Oct Nov Dec
V/Λ2015 > Jan Feb Mar Apr May Jun Jul Aug Sep Oct Nov Dec
V/Λ2014 > Jan Feb Mar Apr May Jun Jul Aug Sep Oct Nov Dec
V/Λ2013 > Jan Feb Mar Apr May Jun Jul Aug Sep Oct Nov Dec
V/Λ2012 > Jan Feb Mar Apr May Jun Jul Aug Sep Oct Nov Dec
V/Λ2011 > Jan Feb Mar Apr May Jun Jul Aug Sep Oct Nov Dec
V/Λ2010 > Jan Feb Mar Apr May Jun Jul Aug Sep Oct Nov Dec
V/Λ2009 > Jan Feb Mar Apr May Jun Jul Aug Sep Oct Nov Dec
V/Λ2008 > Jan Feb Mar Apr May Jun Jul Aug Sep Oct Nov Dec

Report for 2016 May
                   Monthly Climatological Summary for May 2016

Name: Waikawa Beach Weather   City: Waikawa Beach   State: Horowhenua
Elevation: 28 ft  Lat: S 40° 41' 44"   Lon: E 175° 09' 42"

                  Temperature (°C), Rain (mm), Wind Speed (km/h)

                                      Heat  Cool        Avg
    Mean                              Deg   Deg         Wind                 Dom
Day Temp  High   Time   Low    Time   Days  Days  Rain  Speed High   Time    Dir
----------------------------------------------------------------------------------
01  14.1  18.9   15:57   8.4   00:21   4.2   0.0   0.0   8.1  30.6   14:15     S
02  17.1  18.6   11:45  16.1   06:14   1.5   0.0   0.0  17.1  45.1   22:59     S
03  17.6  18.4   14:04  16.7   10:12   0.7   0.0   0.2  16.4  46.7   08:22     S
04  17.6  19.5   15:47  16.2   20:55   0.8   0.1   1.8   8.8  25.7   00:29    SW
05  17.0  18.2   08:11  15.9   23:35   1.3   0.0  11.4   8.0  29.0   10:48   SSE
06  15.3  17.2   13:35  12.1   21:25   3.0   0.0   0.4   4.7  19.3   13:56   SSW
07  14.6  17.2   13:31  12.2   05:24   3.7   0.0   0.2   5.8  22.5   10:09     S
08  14.7  17.7   11:17  12.6   20:03   3.6   0.0   0.0   7.0  24.1   13:47     S
09  15.3  18.0   12:39  11.7   23:51   3.0   0.0   0.0   8.0  30.6   09:26   SSW
10  14.2  17.3   13:48  10.2   06:51   4.1   0.0   0.0   6.0  25.7   14:15   SSE
11  17.4  19.7   13:09  14.2   01:47   1.1   0.2   0.8  11.4  41.8   22:55    SE
12  17.2  18.2   00:00  16.5   01:38   1.1   0.0   0.6  25.9  62.8   06:21   SSW
13  17.3  18.4   04:39  15.9   06:44   1.0   0.0   1.2  29.1  72.4   05:29   SSW
14  16.7  17.6   14:20  16.1   20:37   1.6   0.0   0.0  25.4  64.4   06:10     S
15  16.5  17.2   12:01  15.8   20:05   1.8   0.0   1.2  18.1  48.3   01:43     S
16  16.3  18.5   14:00  13.2   19:18   2.0   0.0   4.2  24.6  80.5   17:06     S
17  12.0  15.1   01:26   9.3   22:58   6.3   0.0   0.0  13.3  54.7   01:41     S
18  13.0  16.6   15:56   9.1   03:42   5.3   0.0   5.6  27.5  85.3   14:52   SSW
19  15.0  16.2   14:11  13.8   23:25   3.3   0.0   0.0  30.6  62.8   00:27     S
20  15.3  17.1   19:35  13.3   22:35   3.0   0.0   9.4  25.4  91.7   22:29    SW
21  12.3  15.1   00:00   8.6   21:04   6.0   0.0   6.8  16.6  93.3   01:32     S
22   9.7  14.9   14:08   5.6   23:58   8.6   0.0   1.8   9.0  41.8   18:43     S
23   8.1  13.0   14:36   4.4   04:25  10.2   0.0  14.4  13.0  29.0   03:57   SSE
24  11.6  14.9   19:48   8.9   07:28   6.7   0.0  11.4  16.5  67.6   01:08   SSW
25  14.3  15.7   02:08  11.2   10:08   4.0   0.0   6.6  30.1  85.3   05:04   SSW
26  14.5  15.7   13:04  13.7   04:03   3.8   0.0   0.2  38.1  66.0   07:51     S
27  13.7  15.1   13:41  11.9   23:57   4.6   0.0   7.4  19.7  49.9   00:34     S
28  14.3  16.7   13:44  11.8   00:10   4.0   0.0  11.2  17.2  64.4   14:30     S
29  14.0  15.8   12:27  10.4   23:48   4.3   0.0   5.4   5.5  53.1   06:47     S
30  10.3  14.0   14:55   7.1   20:19   8.0   0.0   0.8   0.0   3.2   13:42     N
31   8.4  11.6   14:47   6.8   08:04   9.9   0.0   4.8   0.0   3.2   15:44     N
----------------------------------------------------------------------------------
    14.4  19.7    11     4.4    23   122.5   0.3 107.8  15.7  93.3    21       S

Max >=  15.0 26
Max <=  10.0  0
Min <=   5.0  1
Min <=   0.0  0
Max Rain: 14.4 on day 23
Days of Rain: 10 (>= 5.0 mm)  4 (>= 10.0 mm)  0 (>= 15.0 mm)
Heat Base: 18.3  Cool Base: 18.3  Method: Integration