NOAA-style Climate Reports

Select a Year or Month report

Report for 2016 Jun
                   Monthly Climatological Summary for Jun 2016

Name: Waikawa Beach Weather   City: Waikawa Beach   State: Horowhenua
Elevation: 28 ft  Lat: S 40 41 44   Lon: E 175 09 42

                  Temperature (C), Rain (mm), Wind Speed (km/h)

                                      Heat  Cool        Avg
    Mean                              Deg   Deg         Wind                 Dom
Day Temp  High   Time   Low    Time   Days  Days  Rain  Speed High   Time    Dir
----------------------------------------------------------------------------------
01   9.0  13.2   13:44   4.3   23:43   9.3   0.0   0.0   0.0   4.8   07:18     N
02   6.7  13.2   14:13   2.6   04:03  11.6   0.0   0.0   0.0   4.8   17:21     N
03   8.1  14.4   13:59   3.8   00:50  10.2   0.0   0.0   1.1  19.3   23:35     S
04   8.5  13.6   13:44   3.4   01:23   9.8   0.0   0.0   8.2  20.9   06:51     S
05   7.6  14.1   14:27   2.7   06:34  10.7   0.0   0.0   5.4  14.5   14:32     S
06   7.6  13.3   15:20   2.7   05:19  10.7   0.0   0.0   5.8  14.5   02:57     S
07   7.6  13.9   15:47   2.6   06:20  10.7   0.0   0.0   6.1  16.1   07:03     S
08   8.2  15.4   15:11   2.5   03:31  10.1   0.0   0.0   7.1  22.5   00:34     S
09  12.3  17.8   12:33   4.9   05:00   6.0   0.0   3.4   8.0  25.7   22:22     S
10  15.6  16.9   02:06  14.2   10:35   2.7   0.0   5.2  16.7  75.6   16:01   WNW
11  14.4  15.7   12:35  13.3   21:51   3.9   0.0   0.2  20.7  51.5   02:31    SW
12  12.2  14.6   02:40   7.7   23:50   6.1   0.0  15.4  16.6  56.3   19:47    NW
13   8.6  12.7   15:48   5.8   22:59   9.7   0.0   0.0   8.9  38.6   00:59   NNW
14  10.8  14.2   14:38   5.6   00:55   7.5   0.0   0.0  13.2  33.8   10:33   NNW
15  13.6  15.3   14:27  10.3   07:11   4.7   0.0   0.0  16.5  38.6   12:10   WNW
16  12.4  14.6   12:48   7.8   23:30   5.9   0.0   0.0  12.0  33.8   01:30    NW
17  10.4  13.2   16:46   6.4   04:17   7.9   0.0   0.0  11.8  30.6   03:44   NNW
18  11.5  13.2   14:45  10.1   07:27   6.8   0.0   1.0  11.7  32.2   23:07   NNW
19  13.3  16.5   14:27  11.2   20:39   5.0   0.0   2.2   8.6  37.0   01:51   WNW
20  12.1  14.3   19:24   9.4   07:40   6.2   0.0   0.4   5.1  25.7   09:08     N
21  14.2  15.7   13:19  12.8   00:38   4.1   0.0   0.0   8.6  25.7   22:29   NNW
22  14.8  16.7   12:53  13.3   05:23   3.5   0.0   2.6  10.7  35.4   07:42   NNW
23  14.5  15.9   01:49  13.5   09:50   3.8   0.0   6.6  23.7  74.0   20:03    NW
24  13.7  15.7   10:44  10.8   07:54   4.6   0.0   0.2  15.3  67.6   01:05   WNW
25  13.0  15.1   13:43  11.4   06:50   5.3   0.0   0.0   9.9  33.8   01:42    NW
26  13.5  15.7   01:43  11.2   21:25   4.8   0.0   4.0  16.9  59.5   17:33   NNW
27  11.3  13.6   15:24   9.6   06:55   7.1   0.0   3.0   8.2  35.4   00:18     N
28  13.0  15.1   13:55  10.5   22:27   5.3   0.0   2.0  11.2  41.8   01:18   WNW
29  11.5  13.8   14:00  10.2   09:02   6.8   0.0   5.2   4.4  17.7   00:07   NNW
30  10.8  12.7   07:02   8.1   23:58   7.5   0.0   0.4  10.2  38.6   18:50   SSW
----------------------------------------------------------------------------------
    11.4  17.8     9     2.5     8   208.3   0.0  51.8  10.1  75.6    10     WNW

Max >=  20.0  0
Max <=  15.0 17
Min <=   5.0  9
Min <=   0.0  0
Max Rain: 15.4 on day 12
Days of Rain: 4 (>= 5.0 mm)  1 (>= 10.0 mm)  1 (>= 15.0 mm)
Heat Base: 18.3  Cool Base: 18.3  Method: Integration