NOAA-style Climate Reports

Select a Year or Month report

Report for 2016 Aug
                   Monthly Climatological Summary for Aug 2016

Name: Waikawa Beach Weather   City: Waikawa Beach   State: Horowhenua
Elevation: 28 ft  Lat: S 40° 41' 44"   Lon: E 175° 09' 42"

                  Temperature (°C), Rain (mm), Wind Speed (km/h)

                                      Heat  Cool        Avg
    Mean                              Deg   Deg         Wind                 Dom
Day Temp  High   Time   Low    Time   Days  Days  Rain  Speed High   Time    Dir
----------------------------------------------------------------------------------
01  10.5  12.7   13:25   9.2   20:38   7.8   0.0   3.6  17.9  56.3   00:09     W
02   9.3  11.8   23:30   5.6   07:26   9.0   0.0   0.2   8.5  33.8   23:43   SSW
03  11.5  14.3   13:47   9.2   05:38   6.8   0.0   5.4  15.4  75.6   21:45    NW
04   9.8  12.6   13:24   7.8   08:28   8.5   0.0   8.0   8.4  45.1   02:23    SW
05   7.6   8.7   11:32   6.2   17:34  10.7   0.0   0.0   8.6  33.8   19:30     S
06   6.1   7.4   00:00   4.8   23:31  12.2   0.0   2.4  12.5  43.4   10:49   SSW
07   5.9  10.0   14:12   1.8   23:58  12.4   0.0   0.0  11.3  33.8   00:02   SSW
08   4.7  10.6   14:36  -0.9   05:32  13.6   0.0   0.0   6.9  25.8   17:07   SSE
09   6.4  11.2   15:31   1.2   07:15  11.9   0.0   0.0   5.9  22.5   06:16   ESE
10   5.5  11.3   15:13   0.2   07:51  12.8   0.0   0.0   6.4  20.9   12:36    SE
11   7.2  14.5   13:46   1.4   06:27  11.1   0.0   0.0   6.3  20.9   11:23     E
12   7.7  12.0   20:10   4.4   06:16  10.6   0.0   0.6  10.0  20.9   05:51   ENE
13   9.8  11.7   00:00   6.2   23:46   8.5   0.0  14.6  10.5  49.9   11:52    NE
14  10.0  12.8   11:06   5.5   00:30   8.3   0.0   0.2  10.4  38.6   14:18    NW
15  10.8  13.7   16:13   8.1   23:30   7.5   0.0   0.4   6.9  32.2   00:30     N
16   8.5  12.9   16:32   4.6   07:15   9.8   0.0   0.2   5.7  17.7   01:16   ESE
17   8.0  12.7   12:07   2.2   05:26  10.3   0.0   0.0   7.6  20.9   23:54    NE
18  10.2  14.1   10:31   5.6   23:07   8.1   0.0   0.0   7.2  20.9   12:39    NE
19   8.6  14.2   12:11   3.2   05:09   9.7   0.0   0.0   6.0  24.1   13:37   SSE
20  10.4  15.4   13:01   6.3   01:50   7.9   0.0   0.0   9.0  30.6   14:02    NE
21   9.8  13.9   12:10   5.9   22:01   8.5   0.0   0.0   8.9  24.1   09:51    NE
22  10.4  12.3   13:24   6.3   00:55   7.9   0.0   2.2  11.2  38.6   19:06    NE
23  10.3  14.0   13:26   6.7   23:40   8.0   0.0   0.2   9.2  37.0   12:42    NE
24   8.8  11.7   13:44   5.1   06:55   9.5   0.0   0.8   7.7  33.8   23:35   ENE
25  11.2  13.0   13:16   9.0   02:11   7.1   0.0   0.4   9.0  37.0   01:47   ENE
26  11.9  13.4   11:05  10.8   02:53   6.4   0.0   5.8   4.8  27.4   23:39   WNW
27  11.8  13.7   15:50  10.2   23:37   6.5   0.0   3.0  32.0  83.7   05:54     W
28  10.9  13.4   10:49   6.3   06:54   7.4   0.0   0.0  13.4  41.8   12:42   WNW
29  11.0  14.0   12:45   7.4   23:48   7.3   0.0   0.0   8.4  32.2   01:06     N
30   9.5  14.1   13:27   5.0   06:12   8.8   0.0   0.0   5.8  20.9   14:09    SE
31   9.2  13.7   11:32   3.7   07:02   9.1   0.0   0.0   6.8  20.9   12:30    SE
----------------------------------------------------------------------------------
     9.1  15.4    20    -0.9     8   284.0   0.0  48.0   9.6  83.7    27     NNE

Max >=  15.0  1
Max <=  10.0  3
Min <=   5.0 12
Min <=   0.0  1
Max Rain: 14.6 on day 13
Days of Rain: 4 (>= 5.0 mm)  1 (>= 10.0 mm)  0 (>= 15.0 mm)
Heat Base: 18.3  Cool Base: 18.3  Method: Integration