NOAA-style Climate Reports

Select a Year or Month report
V/Λ2021 > Jan Feb Mar Apr May Jun Jul Aug Sep Oct Nov Dec
V/Λ2020 > Jan Feb Mar Apr May Jun Jul Aug Sep Oct Nov Dec
V/Λ2019 > Jan Feb Mar Apr May Jun Jul Aug Sep Oct Nov Dec
V/Λ2018 > Jan Feb Mar Apr May Jun Jul Aug Sep Oct Nov Dec
V/Λ2017 > Jan Feb Mar Apr May Jun Jul Aug Sep Oct Nov Dec
V/Λ2016 > Jan Feb Mar Apr May Jun Jul Aug Sep Oct Nov Dec
V/Λ2015 > Jan Feb Mar Apr May Jun Jul Aug Sep Oct Nov Dec
V/Λ2014 > Jan Feb Mar Apr May Jun Jul Aug Sep Oct Nov Dec
V/Λ2013 > Jan Feb Mar Apr May Jun Jul Aug Sep Oct Nov Dec
V/Λ2012 > Jan Feb Mar Apr May Jun Jul Aug Sep Oct Nov Dec
V/Λ2011 > Jan Feb Mar Apr May Jun Jul Aug Sep Oct Nov Dec
V/Λ2010 > Jan Feb Mar Apr May Jun Jul Aug Sep Oct Nov Dec
V/Λ2009 > Jan Feb Mar Apr May Jun Jul Aug Sep Oct Nov Dec
V/Λ2008 > Jan Feb Mar Apr May Jun Jul Aug Sep Oct Nov Dec

Report for 2016 Dec
                   Monthly Climatological Summary for Dec 2016

Name: Waikawa Beach Weather   City: Waikawa Beach   State: Horowhenua
Elevation: 28 ft  Lat: S 40° 41' 44"   Lon: E 175° 09' 42"

                  Temperature (°C), Rain (mm), Wind Speed (km/h)

                                      Heat  Cool        Avg
    Mean                              Deg   Deg         Wind                 Dom
Day Temp  High   Time   Low    Time   Days  Days  Rain  Speed High   Time    Dir
----------------------------------------------------------------------------------
01  13.6  17.9   15:41   9.3   05:47   4.7   0.0   0.0   9.4  32.2   12:24   WNW
02  13.1  16.9   15:00   9.6   02:25   5.2   0.0   0.0   6.4  27.4   12:53     W
03  13.0  16.6   16:15   7.2   05:02   5.3   0.0   0.2   9.3  30.6   13:24     W
04  15.3  19.2   15:58  12.8   02:09   3.0   0.0   1.0   7.9  30.6   05:45   NNW
05  16.3  19.6   18:05  13.7   23:58   2.0   0.0   0.4   7.2  32.2   15:05   WSW
06  15.6  19.4   14:41  10.9   05:24   2.7   0.0   0.0   6.9  25.8   16:25   NNW
07  17.6  20.8   12:46  14.8   00:00   0.7   0.0   0.4   9.7  35.4   15:43   WNW
08  17.1  21.6   15:23  15.1   04:17   1.2   0.0   1.0   6.7  25.8   09:44    SE
09  17.7  22.3   15:03  14.2   04:40   0.6   0.0   0.0   7.7  27.4   18:56     W
10  17.7  21.7   10:16  15.0   23:56   0.6   0.0   1.0  12.6  48.3   19:28   NNW
11  15.0  16.9   15:32  12.0   23:47   3.3   0.0   0.0  18.9  61.2   04:49     W
12  13.3  18.2   15:02  10.6   21:57   5.0   0.0   1.4  10.2  48.3   16:37   SSW
13  12.8  16.3   14:43   6.0   06:16   5.5   0.0   0.0  13.0  43.4   21:25   WNW
14  15.1  18.1   14:32  12.2   10:03   3.2   0.0  12.0  16.7  59.6   03:00   WNW
15  16.2  17.3   09:14  14.6   23:07   2.1   0.0   2.6  31.6  75.6   20:08   WNW
16  15.2  17.8   16:53  13.4   05:38   3.1   0.0   0.0  20.5  64.4   00:22   WNW
17  14.3  17.9   11:48  12.2   04:00   4.0   0.0   0.0  13.0  30.6   12:49    NE
18  15.7  17.8   15:09  13.7   01:50   2.6   0.0   0.0  17.9  49.9   17:25   WNW
19  15.6  17.3   12:55  14.2   04:53   2.7   0.0   7.0  24.1  62.8   19:10   WNW
20  15.4  19.3   17:18  11.3   06:21   2.9   0.0   0.0  11.9  45.1   00:42   WNW
21  14.8  18.1   17:31  11.2   03:36   3.5   0.0   0.0   8.0  24.1   11:04     N
22  17.5  20.3   12:36  14.3   00:03   0.8   0.0   0.4  13.4  45.1   16:18   WNW
23  14.2  17.0   00:02  12.0   21:28   4.1   0.0   7.0  13.4  51.5   14:39   SSW
24  14.5  18.2   14:19  11.8   23:00   3.8   0.0   0.0  17.0  53.1   11:19    SW
25  15.5  18.6   16:01  12.4   00:00   2.8   0.0   0.0   9.0  32.2   05:32   NNE
26  16.0  19.2   16:46  13.2   06:14   2.3   0.0   0.0   8.5  30.6   15:17     W
27  15.8  17.9   13:28  14.5   10:06   2.5   0.0   0.0  18.2  51.5   15:50   WNW
28  15.8  17.6   14:08  14.4   23:59   2.5   0.0   0.8  13.5  43.4   13:04   NNW
29  15.2  19.8   17:48  11.2   23:29   3.1   0.0   0.0  11.2  38.6   02:38    NW
30  14.0  18.6   16:32   8.3   05:41   4.3   0.0   0.0   8.4  29.0   13:45   WSW
31  14.9  19.1   15:19   8.6   04:56   3.4   0.0   0.0   9.9  29.0   14:57    NW
----------------------------------------------------------------------------------
    15.3  22.3     9     6.0    13    93.5   0.0  35.2  12.6  75.6    15     WNW

Max >=  15.0 31
Max <=  10.0  0
Min <=   5.0  0
Min <=   0.0  0
Max Rain: 12.0 on day 14
Days of Rain: 3 (>= 5.0 mm)  1 (>= 10.0 mm)  0 (>= 15.0 mm)
Heat Base: 18.3  Cool Base: 18.3  Method: Integration