NOAA-style Climate Reports

Select a Year or Month report
V/Λ2021 > Jan Feb Mar Apr May Jun Jul Aug Sep Oct Nov Dec
V/Λ2020 > Jan Feb Mar Apr May Jun Jul Aug Sep Oct Nov Dec
V/Λ2019 > Jan Feb Mar Apr May Jun Jul Aug Sep Oct Nov Dec
V/Λ2018 > Jan Feb Mar Apr May Jun Jul Aug Sep Oct Nov Dec
V/Λ2017 > Jan Feb Mar Apr May Jun Jul Aug Sep Oct Nov Dec
V/Λ2016 > Jan Feb Mar Apr May Jun Jul Aug Sep Oct Nov Dec
V/Λ2015 > Jan Feb Mar Apr May Jun Jul Aug Sep Oct Nov Dec
V/Λ2014 > Jan Feb Mar Apr May Jun Jul Aug Sep Oct Nov Dec
V/Λ2013 > Jan Feb Mar Apr May Jun Jul Aug Sep Oct Nov Dec
V/Λ2012 > Jan Feb Mar Apr May Jun Jul Aug Sep Oct Nov Dec
V/Λ2011 > Jan Feb Mar Apr May Jun Jul Aug Sep Oct Nov Dec
V/Λ2010 > Jan Feb Mar Apr May Jun Jul Aug Sep Oct Nov Dec
V/Λ2009 > Jan Feb Mar Apr May Jun Jul Aug Sep Oct Nov Dec
V/Λ2008 > Jan Feb Mar Apr May Jun Jul Aug Sep Oct Nov Dec

Report for 2017 Jan
                   Monthly Climatological Summary for Jan 2017

Name: Waikawa Beach Weather   City: Waikawa Beach   State: Horowhenua
Elevation: 28 ft  Lat: S 40° 41' 44"   Lon: E 175° 09' 42"

                  Temperature (°C), Rain (mm), Wind Speed (km/h)

                                      Heat  Cool        Avg
    Mean                              Deg   Deg         Wind                 Dom
Day Temp  High   Time   Low    Time   Days  Days  Rain  Speed High   Time    Dir
----------------------------------------------------------------------------------
01  17.1  17.8   13:10  16.4   05:42   1.2   0.0   2.8  21.6  75.6   15:16    NW
02  18.3  22.4   16:40  15.3   23:59   0.0   0.0   0.6  10.3  48.3   00:02   WNW
03  15.1  17.2   18:27  13.8   04:35   3.2   0.0   7.4   6.8  33.8   23:28    NW
04  15.1  18.8   15:26   9.5   21:06   3.2   0.0   0.0  22.0  62.8   04:42     W
05  12.3  17.0   16:50   6.2   04:46   6.0   0.0   0.2  12.0  46.7   14:18    SW
06  13.6  17.9   15:42   8.1   01:44   4.7   0.0   0.0  18.9  54.7   17:13    NW
07  15.3  17.8   12:52  12.4   06:34   3.0   0.0   0.0  18.1  74.0   01:13   WNW
08  15.7  17.8   14:02  14.2   07:16   2.6   0.0   0.0  18.2  48.3   18:42   WNW
09  16.5  18.7   12:46  13.4   01:02   1.8   0.0   1.2  18.3  56.3   05:52     W
10  16.5  17.4   16:43  16.0   21:49   1.8   0.0   0.0  14.6  48.3   02:54    NW
11  16.7  18.6   17:01  15.7   03:59   1.6   0.0   0.4  11.6  38.6   23:34    NW
12  17.5  19.8   12:45  15.2   23:58   0.8   0.0   1.4  24.2  61.2   16:16   WNW
13  16.1  18.2   16:57  13.5   07:01   2.2   0.0   0.0  19.8  61.2   15:14   WNW
14  16.1  18.3   13:42  13.8   06:12   2.2   0.0   0.0  15.7  48.3   19:49    NW
15  16.8  18.6   16:30  14.9   04:19   1.5   0.0   3.2  17.5  56.3   19:34    NW
16  16.5  18.3   12:34  14.9   05:38   1.8   0.0   0.0  19.2  53.1   00:48    NW
17  16.7  18.6   11:20  15.2   05:30   1.6   0.0   0.0  17.2  49.9   01:37   WNW
18  17.5  19.3   12:31  16.1   01:07   0.8   0.0   2.2  20.7  61.2   18:35   WNW
19  16.7  18.1   05:03  13.2   09:50   1.6   0.0   1.8  28.5  74.0   12:19   WNW
20  12.7  16.3   15:14   8.3   03:58   5.6   0.0   9.2  10.7  38.6   14:39   WSW
21  13.9  17.8   13:26   8.8   02:51   4.4   0.0   1.2   9.5  45.1   23:22    NE
22  16.3  18.3   05:33  14.4   18:57   2.0   0.0   5.2  32.4  86.9   19:35    NW
23  15.7  18.4   14:47  13.7   09:34   2.6   0.0   2.4  20.9  74.0   03:09   WNW
24  16.0  18.3   16:32  14.2   04:59   2.3   0.0   0.0  13.6  45.1   13:29     N
25  16.5  16.5   00:03  16.5   00:03   1.8   0.0   1.4  20.6  78.9   14:59    NW
26  16.5  16.5   00:03  16.5   00:03   1.8   0.0   0.0  13.9  41.8   17:15     N
27  16.5  16.5   00:03  16.5   00:03   1.8   0.0   0.0  20.8  62.8   16:51   WNW
28  16.5  16.5   00:03  16.5   00:03   1.8   0.0   0.0   8.9  25.8   12:50     W
29  17.2  21.1   15:46  15.6   20:52   1.1   0.0   0.0  13.8  33.8   11:45   NNW
30  16.6  21.1   15:28  13.9   23:16   1.7   0.0   0.0   8.1   0.0   00:00     E
31  16.1  20.0   18:01  11.7   04:04   2.2   0.0   0.0  11.7   0.0   00:00     E
----------------------------------------------------------------------------------
    16.0  22.4     2     6.2     5    70.7   0.0  40.6  16.8  86.9    22      NW

Max >=  15.0 31
Max <=  10.0  0
Min <=   5.0  0
Min <=   0.0  0
Max Rain: 9.2 on day 20
Days of Rain: 3 (>= 5.0 mm)  0 (>= 10.0 mm)  0 (>= 15.0 mm)
Heat Base: 18.3  Cool Base: 18.3  Method: Integration