NOAA-style Climate Reports

Select a Year or Month report

Report for 2017 Dec
                   Monthly Climatological Summary for Dec 2017

Name: Waikawa Beach Weather   City: Waikawa Beach   State: Horowhenua
Elevation: 28 ft  Lat: S 40° 41' 44"   Lon: E 175° 09' 42"

                  Temperature (°C), Rain (mm), Wind Speed (km/h)

                                      Heat  Cool        Avg
    Mean                              Deg   Deg         Wind                 Dom
Day Temp  High   Time   Low    Time   Days  Days  Rain  Speed High   Time    Dir
----------------------------------------------------------------------------------
01   0.0   0.0   00:00   0.0   00:00  18.3   0.0   0.0   9.3   0.0   00:00     E
02   0.0   0.0   00:00   0.0   00:00  18.3   0.0   0.0   8.3   0.0   00:00     E
03   0.0   0.0   00:00   0.0   00:00  18.3   0.0   0.0   8.7   0.0   00:00     E
04   0.0   0.0   00:00   0.0   00:00  18.3   0.0   0.0   8.8   0.0   00:00     E
05   0.0   0.0   00:00   0.0   00:00  18.3   0.0   0.0  10.6   0.0   00:00     E
06   0.0   0.0   00:00   0.0   00:00  18.3   0.0   0.0   9.2   0.0   00:00     E
07   0.0   0.0   00:00   0.0   00:00  18.3   0.0   0.0   7.5   0.0   00:00     E
08   0.0   0.0   00:00   0.0   00:00  18.3   0.0   0.0   6.7   0.0   00:00     E
09   0.0   0.0   00:00   0.0   00:00  18.3   0.0   0.0  14.8   0.0   00:00     E
10   0.0   0.0   00:00   0.0   00:00  18.3   0.0   0.0  17.7   0.0   00:00     E
11   0.0   0.0   00:00   0.0   00:00  18.3   0.0   0.0  13.4   0.0   00:00     E
12   0.0   0.0   00:00   0.0   00:00  18.3   0.0   0.0  12.5   0.0   00:00     E
13   0.0   0.0   00:00   0.0   00:00  18.3   0.0   0.0  10.1   0.0   00:00     E
14   0.0   0.0   00:00   0.0   00:00  18.3   0.0   0.0   9.5   0.0   00:00     E
15   0.0   0.0   00:00   0.0   00:00  18.3   0.0   0.0  10.3   0.0   00:00     E
16   0.0   0.0   00:00   0.0   00:00  18.3   0.0   0.0   9.3   0.0   00:00     E
17   0.0   0.0   00:00   0.0   00:00  18.3   0.0   0.0  10.0   0.0   00:00     E
18   0.0   0.0   00:00   0.0   00:00  18.3   0.0   0.0  11.0   0.0   00:00     E
19   0.0   0.0   00:00   0.0   00:00  18.3   0.0   0.0  21.8   0.0   00:00     E
20   0.0   0.0   00:00   0.0   00:00  18.3   0.0   0.0  14.4   0.0   00:00     E
21   0.0   0.0   00:00   0.0   00:00  18.3   0.0   0.0   9.0   0.0   00:00     E
22   0.0   0.0   00:00   0.0   00:00  18.3   0.0   0.0   7.4   0.0   00:00     E
23   0.0   0.0   00:00   0.0   00:00  18.3   0.0   0.0   7.5   0.0   00:00     E
24   0.0   0.0   00:00   0.0   00:00  18.3   0.0   0.0   7.8   0.0   00:00     E
25   0.0   0.0   00:00   0.0   00:00  18.3   0.0   0.0   8.5   0.0   00:00     E
26   0.0   0.0   00:00   0.0   00:00  18.3   0.0   0.0  11.9   0.0   00:00     E
27   0.0   0.0   00:00   0.0   00:00  18.3   0.0   0.0  13.4   0.0   00:00     E
28   0.0   0.0   00:00   0.0   00:00  18.3   0.0   0.0  11.5   0.0   00:00     E
29   0.0   0.0   00:00   0.0   00:00  18.3   0.0   0.0  10.9   0.0   00:00     E
30   0.0   0.0   00:00   0.0   00:00  18.3   0.0   0.0  10.3   0.0   00:00     E
31   0.0   0.0   00:00   0.0   00:00  18.3   0.0   0.0   7.6   0.0   00:00     E
----------------------------------------------------------------------------------
     0.0   0.0     1     0.0     1   567.3   0.0   0.0  10.6   0.0     0       E

Max >=  15.0  0
Max <=  10.0 31
Min <=   5.0 31
Min <=   0.0 31
Max Rain: 0.0 on day 0
Days of Rain: 0 (>= 5.0 mm)  0 (>= 10.0 mm)  0 (>= 15.0 mm)
Heat Base: 18.3  Cool Base: 18.3  Method: Integration