NOAA-style Climate Reports

Select a Year or Month report
V/Λ2021 > Jan Feb Mar Apr May Jun Jul Aug Sep Oct Nov Dec
V/Λ2020 > Jan Feb Mar Apr May Jun Jul Aug Sep Oct Nov Dec
V/Λ2019 > Jan Feb Mar Apr May Jun Jul Aug Sep Oct Nov Dec
V/Λ2018 > Jan Feb Mar Apr May Jun Jul Aug Sep Oct Nov Dec
V/Λ2017 > Jan Feb Mar Apr May Jun Jul Aug Sep Oct Nov Dec
V/Λ2016 > Jan Feb Mar Apr May Jun Jul Aug Sep Oct Nov Dec
V/Λ2015 > Jan Feb Mar Apr May Jun Jul Aug Sep Oct Nov Dec
V/Λ2014 > Jan Feb Mar Apr May Jun Jul Aug Sep Oct Nov Dec
V/Λ2013 > Jan Feb Mar Apr May Jun Jul Aug Sep Oct Nov Dec
V/Λ2012 > Jan Feb Mar Apr May Jun Jul Aug Sep Oct Nov Dec
V/Λ2011 > Jan Feb Mar Apr May Jun Jul Aug Sep Oct Nov Dec
V/Λ2010 > Jan Feb Mar Apr May Jun Jul Aug Sep Oct Nov Dec
V/Λ2009 > Jan Feb Mar Apr May Jun Jul Aug Sep Oct Nov Dec
V/Λ2008 > Jan Feb Mar Apr May Jun Jul Aug Sep Oct Nov Dec

Report for 2018 Feb
                   Monthly Climatological Summary for Feb 2018

Name: Waikawa Beach Weather   City: Waikawa Beach   State: Horowhenua
Elevation: 28 ft  Lat: S 40° 41' 44"   Lon: E 175° 09' 42"

                  Temperature (°C), Rain (mm), Wind Speed (km/h)

                                      Heat  Cool        Avg
    Mean                              Deg   Deg         Wind                 Dom
Day Temp  High   Time   Low    Time   Days  Days  Rain  Speed High   Time    Dir
----------------------------------------------------------------------------------
01   0.0   0.0   00:00   0.0   00:00  18.3   0.0   0.0  18.2   0.0   00:00     E
02   0.0   0.0   00:00   0.0   00:00  18.3   0.0   0.0  22.4   0.0   00:00     E
03   0.0   0.0   00:00   0.0   00:00  18.3   0.0   0.0  11.6   0.0   00:00     E
04   0.0   0.0   00:00   0.0   00:00  18.3   0.0   0.0  10.1   0.0   00:00     E
05   0.0   0.0   00:00   0.0   00:00  18.3   0.0   0.0  29.4   0.0   00:00     E
06   0.0   0.0   00:00   0.0   00:00  18.3   0.0   0.0  28.5   0.0   00:00     E
07   0.0   0.0   00:00   0.0   00:00  18.3   0.0   0.0   8.1   0.0   00:00     E
08   0.0   0.0   00:00   0.0   00:00  18.3   0.0   0.0   8.0   0.0   00:00     E
09   0.0   0.0   00:00   0.0   00:00  18.3   0.0   0.0   8.7   0.0   00:00     E
10   0.0   0.0   00:00   0.0   00:00  18.3   0.0   0.0   4.4   0.0   00:00     E
11   0.0   0.0   00:00   0.0   00:00  18.3   0.0   0.0   6.5   0.0   00:00     E
12   0.0   0.0   00:00   0.0   00:00  18.3   0.0   0.0   8.1   0.0   00:00     E
13   0.0   0.0   00:00   0.0   00:00  18.3   0.0   0.0   6.5   0.0   00:00     E
14   0.0   0.0   00:00   0.0   00:00  18.3   0.0   0.0   8.9   0.0   00:00     E
15   0.0   0.0   00:00   0.0   00:00  18.3   0.0   0.0  13.9   0.0   00:00     E
16   0.0   0.0   00:00   0.0   00:00  18.3   0.0   0.0  16.3   0.0   00:00     E
17   4.5  23.4   15:12   0.0   00:00  13.8   0.0   0.0  11.5  32.2   15:38   WNW
18  21.5  24.2   16:57  20.1   03:52   0.0   3.2   7.2   9.6  37.0   22:35   WNW
19  20.8  22.9   13:04  19.1   06:50   0.0   2.5   0.0  12.3  46.7   01:16     W
20  21.4  26.2   18:30  17.7   07:37   0.0   3.1   4.4  14.4  91.7   21:35     N
21  19.2  21.1   00:02  16.4   11:09   0.0   0.9   0.0  31.2  77.2   11:01   WNW
22  16.0  20.6   13:51  11.9   23:58   2.3   0.0  15.8   8.4  32.2   03:41    SE
23  15.1  20.7   16:26   9.1   07:17   3.2   0.0   0.0   6.5  20.9   13:57    NE
24  17.9  21.3   14:38  14.3   01:58   0.4   0.0   0.0  11.5  32.2   10:51   NNW
25  19.2  21.0   16:23  17.4   08:24   0.0   0.9   0.0  24.8  61.2   22:54   WNW
26  17.0  19.7   08:41  13.1   14:58   1.3   0.0   0.0  18.0  59.6   10:13     W
27  14.5  18.9   14:01   8.3   05:22   3.8   0.0   0.0   4.6  24.1   13:13   SSW
28  19.1  25.3   13:46  14.6   00:00   0.0   0.8   0.0   5.5  25.8   14:50     E
----------------------------------------------------------------------------------
     7.4  26.2    20     0.0     1   317.6  11.4  27.4  13.1  91.7    20     ENE

Max >=  15.0 12
Max <=  10.0 16
Min <=   5.0 17
Min <=   0.0 17
Max Rain: 15.8 on day 22
Days of Rain: 2 (>= 5.0 mm)  1 (>= 10.0 mm)  1 (>= 15.0 mm)
Heat Base: 18.3  Cool Base: 18.3  Method: Integration