NOAA-style Climate Reports

Select a Year or Month report
V/Λ2021 > Jan Feb Mar Apr May Jun Jul Aug Sep Oct Nov Dec
V/Λ2020 > Jan Feb Mar Apr May Jun Jul Aug Sep Oct Nov Dec
V/Λ2019 > Jan Feb Mar Apr May Jun Jul Aug Sep Oct Nov Dec
V/Λ2018 > Jan Feb Mar Apr May Jun Jul Aug Sep Oct Nov Dec
V/Λ2017 > Jan Feb Mar Apr May Jun Jul Aug Sep Oct Nov Dec
V/Λ2016 > Jan Feb Mar Apr May Jun Jul Aug Sep Oct Nov Dec
V/Λ2015 > Jan Feb Mar Apr May Jun Jul Aug Sep Oct Nov Dec
V/Λ2014 > Jan Feb Mar Apr May Jun Jul Aug Sep Oct Nov Dec
V/Λ2013 > Jan Feb Mar Apr May Jun Jul Aug Sep Oct Nov Dec
V/Λ2012 > Jan Feb Mar Apr May Jun Jul Aug Sep Oct Nov Dec
V/Λ2011 > Jan Feb Mar Apr May Jun Jul Aug Sep Oct Nov Dec
V/Λ2010 > Jan Feb Mar Apr May Jun Jul Aug Sep Oct Nov Dec
V/Λ2009 > Jan Feb Mar Apr May Jun Jul Aug Sep Oct Nov Dec
V/Λ2008 > Jan Feb Mar Apr May Jun Jul Aug Sep Oct Nov Dec

Report for 2018 Mar
                   Monthly Climatological Summary for Mar 2018

Name: Waikawa Beach Weather   City: Waikawa Beach   State: Horowhenua
Elevation: 28 ft  Lat: S 40° 41' 44"   Lon: E 175° 09' 42"

                  Temperature (°C), Rain (mm), Wind Speed (km/h)

                                      Heat  Cool        Avg
    Mean                              Deg   Deg         Wind                 Dom
Day Temp  High   Time   Low    Time   Days  Days  Rain  Speed High   Time    Dir
----------------------------------------------------------------------------------
01  20.1  24.3   13:09  17.0   07:14   0.0   1.8   0.2   5.8  22.5   13:10    NE
02  20.0  23.5   17:50  16.0   07:13   0.0   1.7   0.0   3.6  19.3   14:26     E
03  21.1  24.7   15:50  17.6   23:59   0.0   2.8   0.2   7.2  20.9   15:23   WSW
04  19.9  23.2   15:37  16.3   23:58   0.0   1.6   0.0   8.0  22.5   15:11   WSW
05  19.5  24.9   11:56  14.5   07:22   0.0   1.2   0.0   7.3  25.8   13:59   WSW
06  19.7  21.9   15:55  17.9   23:59   0.0   1.4   0.0   6.4  27.4   09:11     W
07  18.0  21.6   17:31  14.6   07:06   0.3   0.0   5.6  11.4  64.4   23:08     S
08  15.4  18.2   00:00  13.3   07:34   2.9   0.0   0.0  13.5  48.3   01:12     S
09  16.2  19.9   14:07  13.8   23:03   2.1   0.0   0.0  10.5  43.4   10:48     S
10  14.6  18.3   17:13  10.7   06:51   3.7   0.0   0.0   8.2  30.6   15:08    SW
11  13.3  18.4   18:15   7.6   05:28   5.0   0.0   0.2   5.9  24.1   13:41     S
12  15.1  20.3   12:04  10.4   04:38   3.2   0.0   0.0   6.4  19.3   09:14   NNE
13  17.1  20.2   13:18  13.4   03:03   1.2   0.0   0.0  18.2  57.9   13:52   WNW
14  17.3  19.6   15:40  14.6   08:26   1.0   0.0   0.0  14.8  48.3   00:02     W
15  18.2  20.2   14:38  16.4   00:00   0.1   0.0   0.0  18.3  46.7   16:51   WNW
16  18.4  20.6   13:30  15.3   23:37   0.0   0.1   0.0  15.5  46.7   11:24   WNW
17  16.2  19.9   17:01  12.5   23:19   2.1   0.0   0.0   5.0  24.1   13:07   WSW
18  15.6  21.1   16:34   9.4   02:47   2.7   0.0   0.0  11.2  49.9   16:13   ENE
19  17.9  23.2   13:29  12.4   23:57   0.4   0.0   0.0  10.2  35.4   00:35    NE
20  17.3  23.1   14:04  11.9   04:15   1.0   0.0   0.0   7.4  22.5   13:05   NNE
21  16.6  18.6   15:31  14.4   00:18   1.7   0.0   6.8   9.1  30.6   22:14   NNE
22  16.2  18.2   12:20  13.9   21:05   2.1   0.0  14.0   6.2  22.5   13:57   ENE
23  17.1  22.2   15:37  13.8   06:41   1.2   0.0   0.0   3.9  24.1   16:07    NE
24  17.7  22.0   14:29  15.3   01:51   0.6   0.0   7.4   7.8  38.6   18:32    NE
25  16.8  20.2   15:00  14.1   06:04   1.5   0.0   0.0   8.9  41.8   12:55     N
26  17.4  20.6   16:02  14.8   21:29   0.9   0.0   0.0   7.2  25.8   11:46   NNW
27  19.0  22.6   14:12  15.6   03:36   0.0   0.7   0.0   8.8  25.8   11:30     N
28  18.3  20.0   03:27  16.7   10:03   0.0   0.0   0.0   6.4  37.0   09:16   NNE
29  16.5  19.9   16:52  13.2   23:55   1.8   0.0   0.0   7.7  25.8   10:51   NNW
30  14.6  18.8   16:47  10.2   04:45   3.7   0.0   0.0   6.4  24.1   15:46   WSW
31  16.7  20.0   12:40  11.7   00:34   1.6   0.0   0.0  15.1  61.2   18:20   WNW
----------------------------------------------------------------------------------
    17.3  24.9     5     7.6    11    40.8  11.3  34.4   9.0  64.4     7      NW

Max >=  15.0 31
Max <=  10.0  0
Min <=   5.0  0
Min <=   0.0  0
Max Rain: 14.0 on day 22
Days of Rain: 4 (>= 5.0 mm)  1 (>= 10.0 mm)  0 (>= 15.0 mm)
Heat Base: 18.3  Cool Base: 18.3  Method: Integration