NOAA-style Climate Reports

Select a Year or Month report
V/Λ2021 > Jan Feb Mar Apr May Jun Jul Aug Sep Oct Nov Dec
V/Λ2020 > Jan Feb Mar Apr May Jun Jul Aug Sep Oct Nov Dec
V/Λ2019 > Jan Feb Mar Apr May Jun Jul Aug Sep Oct Nov Dec
V/Λ2018 > Jan Feb Mar Apr May Jun Jul Aug Sep Oct Nov Dec
V/Λ2017 > Jan Feb Mar Apr May Jun Jul Aug Sep Oct Nov Dec
V/Λ2016 > Jan Feb Mar Apr May Jun Jul Aug Sep Oct Nov Dec
V/Λ2015 > Jan Feb Mar Apr May Jun Jul Aug Sep Oct Nov Dec
V/Λ2014 > Jan Feb Mar Apr May Jun Jul Aug Sep Oct Nov Dec
V/Λ2013 > Jan Feb Mar Apr May Jun Jul Aug Sep Oct Nov Dec
V/Λ2012 > Jan Feb Mar Apr May Jun Jul Aug Sep Oct Nov Dec
V/Λ2011 > Jan Feb Mar Apr May Jun Jul Aug Sep Oct Nov Dec
V/Λ2010 > Jan Feb Mar Apr May Jun Jul Aug Sep Oct Nov Dec
V/Λ2009 > Jan Feb Mar Apr May Jun Jul Aug Sep Oct Nov Dec
V/Λ2008 > Jan Feb Mar Apr May Jun Jul Aug Sep Oct Nov Dec

Report for 2018 Apr
                   Monthly Climatological Summary for Apr 2018

Name: Waikawa Beach Weather   City: Waikawa Beach   State: Horowhenua
Elevation: 28 ft  Lat: S 40° 41' 44"   Lon: E 175° 09' 42"

                  Temperature (°C), Rain (mm), Wind Speed (km/h)

                                      Heat  Cool        Avg
    Mean                              Deg   Deg         Wind                 Dom
Day Temp  High   Time   Low    Time   Days  Days  Rain  Speed High   Time    Dir
----------------------------------------------------------------------------------
01  15.8  19.9   15:34  10.7   06:54   2.5   0.0   0.0   6.8  27.4   23:10   NNW
02  17.6  19.2   13:11  16.8   03:24   0.7   0.0   0.0  20.3  46.7   08:24   WNW
03  18.9  21.0   13:06  17.7   00:00   0.0   0.6   0.0  19.8  51.5   12:30   WNW
04  17.9  19.5   12:13  16.2   23:42   0.4   0.0   0.0  19.2  49.9   14:46   WNW
05  17.0  23.3   12:44  12.7   23:47   1.3   0.0   0.0   7.7  27.4   08:49   ENE
06  16.9  19.8   11:47  12.4   00:15   1.4   0.0   0.0  16.6  43.4   15:37    NW
07  17.1  20.8   13:59   9.6   23:16   1.2   0.0   0.0  19.2  59.6   09:04     W
08  13.8  18.4   12:11   7.5   02:55   4.5   0.0   0.0  16.3  48.3   14:46   WNW
09  16.4  19.3   12:40  13.4   23:48   1.9   0.0  14.2  15.1  51.5   03:24     W
10  10.2  18.2   01:50   6.2   23:04   8.1   0.0  34.0  14.8  74.0   02:19   SSW
11   8.1  11.3   13:43   5.9   05:40  10.2   0.0   0.0  13.6  46.7   13:45   SSW
12  11.5  15.2   21:21   7.4   06:55   6.8   0.0   0.0  16.2  70.8   22:53     W
13  12.1  15.6   11:06   9.7   06:08   6.2   0.0   0.0   7.4  43.4   00:10     S
14  12.3  15.9   14:11  10.1   23:59   6.0   0.0   0.0   3.3  16.1   13:07    SE
15  13.3  18.7   16:04   6.3   07:22   5.0   0.0   0.0   7.4  25.8   10:58   ENE
16  15.7  17.9   14:34  14.2   10:47   2.6   0.0   0.0   6.3 122.0   06:51    NE
17  16.4  20.3   12:52  13.4   07:40   1.9   0.0   0.0   1.7  33.8   15:08   WNW
18  14.4  16.1   01:39  13.2   22:37   3.9   0.0   0.0  31.8  69.2   06:35     W
19  14.1  16.7   11:45   8.2   05:40   4.2   0.0   0.0  20.2  53.1   23:28     W
20  16.4  17.9   11:35  15.3   02:37   1.9   0.0   0.0  34.2  77.2   04:47   WNW
21  16.3  17.4   13:16  15.5   21:38   2.0   0.0   0.0  36.4  74.0   22:27     W
22  12.6  15.7   00:00   7.9   21:54   5.7   0.0   0.0  12.4  77.2   00:13   WSW
23  12.6  16.3   12:56   8.3   00:00   5.7   0.0   0.0  10.7  32.2   14:35    NE
24  14.2  17.0   13:15  10.3   22:57   4.1   0.0   0.0  17.8  48.3   11:23   WNW
25  12.8  17.7   12:23   8.8   04:59   5.5   0.0   0.0  10.8  29.0   13:04    NE
26  13.6  17.6   15:35   9.5   23:33   4.7   0.0   0.0  10.4  30.6   04:40    NE
27  14.1  17.7   13:05   9.7   00:00   4.2   0.0   0.0   8.7  35.4   13:30    NE
28  16.5  20.7   13:10  13.9   00:04   1.8   0.0   3.6  10.9  40.2   21:08   ENE
29  17.2  19.7   15:17  14.8   23:45   1.1   0.0   0.0  11.2  51.5   01:46   ENE
30  15.8  18.9   10:20  13.7   07:52   2.5   0.0   0.0   7.7  33.8   12:43   SSW
----------------------------------------------------------------------------------
    14.7  23.3     5     5.9    11   108.0   0.6  51.8  14.5 122.0    16     WNW

Max >=  15.0 29
Max <=  10.0  0
Min <=   5.0  0
Min <=   0.0  0
Max Rain: 34.0 on day 10
Days of Rain: 2 (>= 5.0 mm)  2 (>= 10.0 mm)  1 (>= 15.0 mm)
Heat Base: 18.3  Cool Base: 18.3  Method: Integration