NOAA-style Climate Reports

Select a Year or Month report

Report for 2018 May
                   Monthly Climatological Summary for May 2018

Name: Waikawa Beach Weather   City: Waikawa Beach   State: Horowhenua
Elevation: 28 ft  Lat: S 40° 41' 44"   Lon: E 175° 09' 42"

                  Temperature (°C), Rain (mm), Wind Speed (km/h)

                                      Heat  Cool        Avg
    Mean                              Deg   Deg         Wind                 Dom
Day Temp  High   Time   Low    Time   Days  Days  Rain  Speed High   Time    Dir
----------------------------------------------------------------------------------
01  13.9  17.1   15:36  10.6   22:11   4.4   0.0   0.0   4.6  22.5   03:44   SSW
02  12.5  17.0   12:51   5.5   23:54   5.8   0.0   0.0   7.6  29.0   11:29     S
03   9.5  14.1   10:28   4.5   02:43   8.8   0.0   0.0   5.9  14.5   02:20    SE
04  10.6  15.9   11:46   5.6   07:21   7.7   0.0   0.0   5.7  19.3   13:02     E
05  13.3  15.6   14:55   8.3   00:07   5.0   0.0   0.0   9.6  24.1   14:13    NE
06  15.4  15.5   00:00  15.3   18:29   2.9   0.0   0.0   9.0  12.7   22:54   NNE
07  15.2  15.3   00:00  15.1   20:00   3.1   0.0   0.0  10.0  13.8   23:58    NE
08  15.0  15.1   00:00  14.9   21:31   3.3   0.0   0.0  11.0  14.8   22:58   ENE
09  14.8  14.9   00:00  14.7   23:01   3.5   0.0   0.0  12.1  15.8   21:58     E
10  14.6  14.7   00:00  14.6   10:30   3.7   0.0   0.0  13.1  16.9   23:29   ESE
11  14.5  14.6   00:00  14.4   12:01   3.8   0.0   0.0  14.2  17.9   22:29   ESE
12  14.3  14.4   00:00  14.2   13:32   4.0   0.0   0.0  15.2  19.0   23:33    SE
13  14.1  14.2   00:00  14.0   15:03   4.2   0.0   0.0  16.3  20.0   22:32   SSE
14  13.9  14.0   00:00  13.8   16:33   4.4   0.0   0.0  17.3  21.0   21:32     S
15  13.7  13.8   00:00  13.6   18:04   4.6   0.0   0.0  18.4  22.1   23:04   SSW
16  13.5  13.6   00:00  13.4   19:35   4.8   0.0   0.0  19.4  23.1   22:03    SW
17  13.3  13.6   21:05  12.6   18:31   5.0   0.0   0.0  20.8  43.4   21:33   WSW
18  14.8  16.1   12:53  13.2   00:16   3.5   0.0   0.0  31.4  62.8   22:32     W
19  14.6  16.4   14:33  10.0   11:49   3.7   0.0   9.0  24.1  57.9   05:41   WNW
20  14.6  15.8   13:21  12.3   01:43   3.7   0.0   0.0  29.1  69.2   04:33   WNW
21  14.4  16.1   01:13  12.2   23:14   3.9   0.0   0.0  30.1  78.9   03:00   WNW
22  13.8  16.0   14:59  11.5   22:33   4.5   0.0   0.0  24.7  78.9   22:21   WNW
23  11.9  14.3   01:55   7.3   23:00   6.4   0.0   0.0  24.5  75.6   02:16     W
24  10.5  15.3   13:52   3.3   04:20   7.8   0.0   0.0  31.5 122.0   17:55     W
25  11.1  13.3   00:13   7.6   23:40   7.2   0.0   0.0  22.0  69.2   00:11     W
26  10.2  12.8   21:02   6.7   02:29   8.1   0.0   3.0  13.3  45.1   22:15   WSW
27  10.7  13.7   05:43   6.4   22:06   7.6   0.0   8.2  15.2  54.7   03:12    SW
28   6.8  10.1   15:16   4.6   07:10  11.5   0.0   0.0  12.8  53.1   00:17   SSW
29   7.7  11.7   14:13   4.1   07:45  10.6   0.0   0.0   7.0  33.8   11:25     S
30   7.2  12.1   15:30   2.2   07:38  11.1   0.0   0.0   4.7  20.9   14:09   ESE
31   7.3  12.1   14:09   2.7   04:31  11.0   0.0   0.0   4.7  19.3   14:51   ESE
----------------------------------------------------------------------------------
    12.5  17.1     1     2.2    30   179.6   0.0  20.2  15.7 122.0    24     WSW

Max >=  15.0 13
Max <=  10.0  0
Min <=   5.0  6
Min <=   0.0  0
Max Rain: 9.0 on day 19
Days of Rain: 2 (>= 5.0 mm)  0 (>= 10.0 mm)  0 (>= 15.0 mm)
Heat Base: 18.3  Cool Base: 18.3  Method: Integration