NOAA-style Climate Reports

Select a Year or Month report
V/Λ2021 > Jan Feb Mar Apr May Jun Jul Aug Sep Oct Nov Dec
V/Λ2020 > Jan Feb Mar Apr May Jun Jul Aug Sep Oct Nov Dec
V/Λ2019 > Jan Feb Mar Apr May Jun Jul Aug Sep Oct Nov Dec
V/Λ2018 > Jan Feb Mar Apr May Jun Jul Aug Sep Oct Nov Dec
V/Λ2017 > Jan Feb Mar Apr May Jun Jul Aug Sep Oct Nov Dec
V/Λ2016 > Jan Feb Mar Apr May Jun Jul Aug Sep Oct Nov Dec
V/Λ2015 > Jan Feb Mar Apr May Jun Jul Aug Sep Oct Nov Dec
V/Λ2014 > Jan Feb Mar Apr May Jun Jul Aug Sep Oct Nov Dec
V/Λ2013 > Jan Feb Mar Apr May Jun Jul Aug Sep Oct Nov Dec
V/Λ2012 > Jan Feb Mar Apr May Jun Jul Aug Sep Oct Nov Dec
V/Λ2011 > Jan Feb Mar Apr May Jun Jul Aug Sep Oct Nov Dec
V/Λ2010 > Jan Feb Mar Apr May Jun Jul Aug Sep Oct Nov Dec
V/Λ2009 > Jan Feb Mar Apr May Jun Jul Aug Sep Oct Nov Dec
V/Λ2008 > Jan Feb Mar Apr May Jun Jul Aug Sep Oct Nov Dec

Report for 2018 Jun
                   Monthly Climatological Summary for Jun 2018

Name: Waikawa Beach Weather   City: Waikawa Beach   State: Horowhenua
Elevation: 28 ft  Lat: S 40° 41' 44"   Lon: E 175° 09' 42"

                  Temperature (°C), Rain (mm), Wind Speed (km/h)

                                      Heat  Cool        Avg
    Mean                              Deg   Deg         Wind                 Dom
Day Temp  High   Time   Low    Time   Days  Days  Rain  Speed High   Time    Dir
----------------------------------------------------------------------------------
01   7.1  12.7   15:21   1.7   06:57  11.2   0.0   0.0   4.1  14.5   18:22     E
02   8.4  14.1   14:12   4.0   06:38   9.9   0.0   0.0   5.1  14.5   12:17    SE
03  11.0  14.3   12:23   5.4   00:37   7.3   0.0   0.0   3.8  17.7   08:44    SE
04  13.3  15.4   10:59  11.3   01:21   5.0   0.0   0.0   6.2  24.1   11:51     W
05  11.9  15.1   10:43   6.6   21:15   6.4   0.0   0.0   8.5  37.0   08:11   SSW
06   8.1   9.6   03:29   5.8   23:49  10.2   0.0   0.0  10.7  46.7   20:24     S
07   6.8  10.4   18:20   3.3   07:26  11.5   0.0   0.0   8.6  41.8   17:57   SSW
08  10.2  14.0   15:14   5.1   23:46   8.1   0.0   0.0   8.9  32.2   00:04     S
09   9.7  13.8   14:37   4.6   01:19   8.6   0.0   0.0  10.2  30.6   17:44   NNE
10  10.9  14.1   14:25   6.1   23:36   7.4   0.0   0.0   5.2  16.1   00:21   ENE
11   9.8  15.2   13:50   4.4   07:29   8.5   0.0   0.0   5.1  32.2   13:27    SE
12  13.7  16.1   13:11  11.6   22:14   4.6   0.0   0.0   7.8  37.0   13:18   SSE
13  12.2  13.8   10:56  11.1   20:23   6.1   0.0   0.0   6.1  38.6   17:55   SSW
14  12.4  14.9   14:54  10.9   01:56   5.9   0.0   0.0   6.3  22.5   16:00   NNE
15  12.6  14.3   11:51  10.8   02:36   5.7   0.0   0.0   7.7  27.4   11:47   NNE
16  13.9  14.9   13:30  13.2   02:40   4.4   0.0   0.0  11.2  32.2   12:00    NW
----------------------------------------------------------------------------------
    10.8  16.1    12     1.7     1   120.8   0.0   0.0   7.1  46.7     6       S

Max >=  15.0  4
Max <=  10.0  1
Min <=   5.0  5
Min <=   0.0  0
Max Rain: 0.0 on day 0
Days of Rain: 0 (>= 5.0 mm)  0 (>= 10.0 mm)  0 (>= 15.0 mm)
Heat Base: 18.3  Cool Base: 18.3  Method: Integration