NOAA-style Climate Reports

Select a Year or Month report
V/Λ2021 > Jan Feb Mar Apr May Jun Jul Aug Sep Oct Nov Dec
V/Λ2020 > Jan Feb Mar Apr May Jun Jul Aug Sep Oct Nov Dec
V/Λ2019 > Jan Feb Mar Apr May Jun Jul Aug Sep Oct Nov Dec
V/Λ2018 > Jan Feb Mar Apr May Jun Jul Aug Sep Oct Nov Dec
V/Λ2017 > Jan Feb Mar Apr May Jun Jul Aug Sep Oct Nov Dec
V/Λ2016 > Jan Feb Mar Apr May Jun Jul Aug Sep Oct Nov Dec
V/Λ2015 > Jan Feb Mar Apr May Jun Jul Aug Sep Oct Nov Dec
V/Λ2014 > Jan Feb Mar Apr May Jun Jul Aug Sep Oct Nov Dec
V/Λ2013 > Jan Feb Mar Apr May Jun Jul Aug Sep Oct Nov Dec
V/Λ2012 > Jan Feb Mar Apr May Jun Jul Aug Sep Oct Nov Dec
V/Λ2011 > Jan Feb Mar Apr May Jun Jul Aug Sep Oct Nov Dec
V/Λ2010 > Jan Feb Mar Apr May Jun Jul Aug Sep Oct Nov Dec
V/Λ2009 > Jan Feb Mar Apr May Jun Jul Aug Sep Oct Nov Dec
V/Λ2008 > Jan Feb Mar Apr May Jun Jul Aug Sep Oct Nov Dec

Report for 2018 Aug
                   Monthly Climatological Summary for Aug 2018

Name: Waikawa Beach Weather   City: Waikawa Beach   State: Horowhenua
Elevation: 28 ft  Lat: S 40° 41' 44"   Lon: E 175° 09' 42"

                  Temperature (°C), Rain (mm), Wind Speed (km/h)

                                      Heat  Cool        Avg
    Mean                              Deg   Deg         Wind                 Dom
Day Temp  High   Time   Low    Time   Days  Days  Rain  Speed High   Time    Dir
----------------------------------------------------------------------------------
01  12.4  14.4   12:45   9.9   22:08   5.9   0.0   1.0  10.3  32.2   12:45    NW
02  12.1  14.3   13:41  10.3   23:57   6.2   0.0   1.4  10.6  33.8   00:30   NNE
03  10.9  13.7   13:11   8.1   23:12   7.4   0.0   7.6   7.5  24.1   12:16    NE
04   9.3  12.1   14:15   6.3   04:33   9.0   0.0   2.0   2.6  11.3   12:32   ESE
05  11.8  14.4   11:30   9.2   02:27   6.5   0.0   4.0   8.2  37.0   21:52     E
06  13.5  18.2   12:30  10.7   22:52   4.8   0.0   0.2   8.6  40.2   06:54   ENE
07  12.5  15.7   14:20  10.6   23:35   5.8   0.0   0.2   6.5  24.1   11:00    NE
08  12.4  14.3   12:05  10.4   00:40   5.9   0.0   5.0  10.6  33.8   10:21    NE
09  11.8  14.9   15:36   9.5   06:48   6.5   0.0   4.0   7.8  33.8   04:00   NNE
10  11.6  14.8   12:02   7.5   23:49   6.7   0.0   0.0   7.3  22.5   14:05   ENE
11   8.8  12.3   10:55   5.3   05:13   9.5   0.0   0.0   6.0  20.9   13:19   SSW
12   7.8  13.5   12:26   2.8   07:34  10.5   0.0   0.4   4.8  16.1   12:59   ENE
13   8.4  13.9   12:53   1.7   06:31   9.9   0.0   0.0   8.2  20.9   07:29   ENE
14  11.8  15.8   14:32   9.0   23:49   6.5   0.0   3.0   8.2  30.6   11:22   ENE
15  10.7  13.3   16:03   6.6   21:58   7.6   0.0   0.2  16.8  57.9   11:25    SW
16  11.8  14.5   10:36   6.7   00:34   6.5   0.0   3.0  17.3  75.6   23:09    NW
17  12.7  14.1   12:08  11.1   01:08   5.6   0.0   1.4  23.7  57.9   15:15   WNW
18   8.4  12.2   00:00   4.8   23:15   9.9   0.0   5.6   8.5  62.8   00:32   SSW
19   8.2  12.5   15:00   4.9   00:03  10.1   0.0   0.4   6.6  19.3   16:21   ENE
20   9.6  12.5   14:19   6.8   00:42   8.7   0.0  24.8  11.9  43.4   16:16   ENE
21  11.4  14.0   13:44   9.4   00:00   6.9   0.0   7.2  19.2  54.7   13:29   NNW
22  11.1  12.9   10:55   8.2   02:10   7.2   0.0   2.6  24.9  66.0   08:58   WNW
23   8.7  11.6   16:38   6.6   23:57   9.6   0.0   6.2   5.8  40.2   13:05   SSW
24   8.9  12.4   14:40   5.8   23:45   9.4   0.0   5.6   9.1  56.3   12:27   SSW
25   8.6  14.3   12:37   3.6   01:31   9.7   0.0   0.0   7.4  30.6   14:33    SE
26   9.7  14.2   13:53   3.9   04:20   8.6   0.0   0.0   7.5  29.0   14:55    NE
27  11.3  14.1   14:51   9.5   07:03   7.0   0.0   0.2   8.6  30.6   12:42    NE
28  11.3  14.2   12:05   8.4   07:48   7.0   0.0   0.0   5.0  19.3   12:32     N
29  12.4  17.2   14:19   7.8   04:19   5.9   0.0   0.8   7.7  35.4   11:41    NE
30  11.8  15.7   11:21   9.2   06:10   6.5   0.0   0.2   5.2  17.7   06:04   SSW
31  10.7  13.1   14:11   9.4   23:58   7.6   0.0   4.6   7.8  48.3   14:14   SSW
----------------------------------------------------------------------------------
    10.7  18.2     6     1.7    13   234.9   0.0  91.6   9.7  75.6    16       N

Max >=  15.0  5
Max <=  10.0  0
Min <=   5.0  6
Min <=   0.0  0
Max Rain: 24.8 on day 20
Days of Rain: 7 (>= 5.0 mm)  1 (>= 10.0 mm)  1 (>= 15.0 mm)
Heat Base: 18.3  Cool Base: 18.3  Method: Integration