NOAA-style Climate Reports

Select a Year or Month report
V/Λ2021 > Jan Feb Mar Apr May Jun Jul Aug Sep Oct Nov Dec
V/Λ2020 > Jan Feb Mar Apr May Jun Jul Aug Sep Oct Nov Dec
V/Λ2019 > Jan Feb Mar Apr May Jun Jul Aug Sep Oct Nov Dec
V/Λ2018 > Jan Feb Mar Apr May Jun Jul Aug Sep Oct Nov Dec
V/Λ2017 > Jan Feb Mar Apr May Jun Jul Aug Sep Oct Nov Dec
V/Λ2016 > Jan Feb Mar Apr May Jun Jul Aug Sep Oct Nov Dec
V/Λ2015 > Jan Feb Mar Apr May Jun Jul Aug Sep Oct Nov Dec
V/Λ2014 > Jan Feb Mar Apr May Jun Jul Aug Sep Oct Nov Dec
V/Λ2013 > Jan Feb Mar Apr May Jun Jul Aug Sep Oct Nov Dec
V/Λ2012 > Jan Feb Mar Apr May Jun Jul Aug Sep Oct Nov Dec
V/Λ2011 > Jan Feb Mar Apr May Jun Jul Aug Sep Oct Nov Dec
V/Λ2010 > Jan Feb Mar Apr May Jun Jul Aug Sep Oct Nov Dec
V/Λ2009 > Jan Feb Mar Apr May Jun Jul Aug Sep Oct Nov Dec
V/Λ2008 > Jan Feb Mar Apr May Jun Jul Aug Sep Oct Nov Dec

Report for 2018 Sep
                   Monthly Climatological Summary for Sep 2018

Name: Waikawa Beach Weather   City: Waikawa Beach   State: Horowhenua
Elevation: 28 ft  Lat: S 40° 41' 44"   Lon: E 175° 09' 42"

                  Temperature (°C), Rain (mm), Wind Speed (km/h)

                                      Heat  Cool        Avg
    Mean                              Deg   Deg         Wind                 Dom
Day Temp  High   Time   Low    Time   Days  Days  Rain  Speed High   Time    Dir
----------------------------------------------------------------------------------
01  11.9  14.7   12:17   8.7   01:35   6.4   0.0   0.0  13.7  46.7   10:55    NW
02  12.4  15.4   13:10  10.3   08:09   5.9   0.0  10.6  15.0  56.3   23:15     N
03  10.9  13.6   10:22   7.4   23:45   7.4   0.0   0.6  24.4  75.6   03:45     W
04   9.7  12.0   12:34   7.3   00:02   8.6   0.0   0.2  16.3  53.1   19:54     S
05  10.2  13.3   15:06   8.1   23:05   8.1   0.0   0.0  11.6  41.8   11:20   SSW
06  10.1  12.9   09:47   8.2   00:00   8.2   0.0   0.0  13.1  49.9   18:42     S
07  10.3  13.1   13:45   8.5   04:07   8.0   0.0   0.0  16.0  56.3   13:19     S
08   9.1  13.3   13:25   4.4   23:52   9.2   0.0   0.0  11.2  43.4   13:50    SW
09   6.0  10.2   12:48   0.9   03:12  12.3   0.0   0.0  10.9  48.3   12:34    SW
10   7.5  11.7   13:46   2.9   00:18  10.8   0.0   0.0   6.3  25.8   14:43    SW
11   8.7  14.9   15:20   3.7   02:13   9.6   0.0   0.0   5.6  27.4   17:00    SE
12   8.9  12.4   14:46   2.2   05:55   9.4   0.0   0.0   5.7  17.7   07:31   ENE
13  11.9  14.0   15:00  10.3   03:15   6.4   0.0   0.2  12.1  37.0   20:02     N
14  13.1  15.2   12:41  12.4   00:00   5.2   0.0   0.2  12.0  37.0   01:48     N
15  12.9  16.3   11:38   9.4   23:55   5.4   0.0   0.0   7.5  24.1   12:31   NNE
16  12.3  16.3   11:28   6.8   06:00   6.0   0.0   0.0   8.1  30.6   13:08     N
17  14.7  18.1   14:54  11.2   00:14   3.6   0.0   4.0  11.1  37.0   17:23   NNE
18  12.5  15.0   14:46   9.1   23:14   5.8   0.0   2.0   7.5  32.2   00:44    NW
19  11.8  16.8   14:38   6.4   05:22   6.5   0.0   0.0   5.4  22.5   12:53    SW
20  11.7  15.1   09:09   8.1   03:59   6.6   0.0   0.0   6.5  22.5   15:33   NNE
21  11.9  14.0   15:32   9.3   23:21   6.4   0.0   1.2   6.2  25.8   17:39   WSW
22  10.9  16.6   14:40   5.1   05:33   7.4   0.0   0.0   5.3  22.5   15:08   NNE
23  11.1  13.5   16:28   7.7   01:01   7.2   0.0   0.0   8.6  38.6   22:56    NW
24  12.6  15.0   12:34   9.4   21:36   5.7   0.0   4.2  19.5  64.4   21:08    NW
25  10.2  13.2   16:04   6.2   06:31   8.1   0.0   8.8  19.8  67.6   04:53     W
26  11.7  14.1   13:06   7.1   23:39   6.6   0.0   0.0  25.8  66.0   06:06     W
27   9.9  13.4   15:47   6.7   00:12   8.4   0.0   1.6   6.1  30.6   12:39   WSW
28  10.1  14.6   15:22   4.4   06:14   8.2   0.0   0.0  10.0  33.8   22:34   NNW
29  12.4  14.6   14:21   9.6   06:48   5.9   0.0   2.0  19.3  43.4   02:30   WNW
30  12.8  15.3   14:28  11.2   08:15   5.5   0.0   0.0  12.0  37.0   15:32    NW
----------------------------------------------------------------------------------
    11.0  18.1    17     0.9     9   218.8   0.0  35.6  11.8  75.6     3     WNW

Max >=  15.0 11
Max <=  10.0  0
Min <=   5.0  6
Min <=   0.0  0
Max Rain: 10.6 on day 2
Days of Rain: 2 (>= 5.0 mm)  1 (>= 10.0 mm)  0 (>= 15.0 mm)
Heat Base: 18.3  Cool Base: 18.3  Method: Integration