NOAA-style Climate Reports

Select a Year or Month report
V/Λ2021 > Jan Feb Mar Apr May Jun Jul Aug Sep Oct Nov Dec
V/Λ2020 > Jan Feb Mar Apr May Jun Jul Aug Sep Oct Nov Dec
V/Λ2019 > Jan Feb Mar Apr May Jun Jul Aug Sep Oct Nov Dec
V/Λ2018 > Jan Feb Mar Apr May Jun Jul Aug Sep Oct Nov Dec
V/Λ2017 > Jan Feb Mar Apr May Jun Jul Aug Sep Oct Nov Dec
V/Λ2016 > Jan Feb Mar Apr May Jun Jul Aug Sep Oct Nov Dec
V/Λ2015 > Jan Feb Mar Apr May Jun Jul Aug Sep Oct Nov Dec
V/Λ2014 > Jan Feb Mar Apr May Jun Jul Aug Sep Oct Nov Dec
V/Λ2013 > Jan Feb Mar Apr May Jun Jul Aug Sep Oct Nov Dec
V/Λ2012 > Jan Feb Mar Apr May Jun Jul Aug Sep Oct Nov Dec
V/Λ2011 > Jan Feb Mar Apr May Jun Jul Aug Sep Oct Nov Dec
V/Λ2010 > Jan Feb Mar Apr May Jun Jul Aug Sep Oct Nov Dec
V/Λ2009 > Jan Feb Mar Apr May Jun Jul Aug Sep Oct Nov Dec
V/Λ2008 > Jan Feb Mar Apr May Jun Jul Aug Sep Oct Nov Dec

Report for 2018 Oct
                   Monthly Climatological Summary for Oct 2018

Name: Waikawa Beach Weather   City: Waikawa Beach   State: Horowhenua
Elevation: 28 ft  Lat: S 40° 41' 44"   Lon: E 175° 09' 42"

                  Temperature (°C), Rain (mm), Wind Speed (km/h)

                                      Heat  Cool        Avg
    Mean                              Deg   Deg         Wind                 Dom
Day Temp  High   Time   Low    Time   Days  Days  Rain  Speed High   Time    Dir
----------------------------------------------------------------------------------
01  12.4  14.1   11:58  10.5   22:10   5.9   0.0   1.0  10.1  41.8   12:20     N
02  12.8  15.0   13:37  11.6   06:12   5.5   0.0   2.8  16.6  43.4   05:55    NW
03  12.8  16.1   16:48  10.9   06:14   5.5   0.0   0.4   9.0  24.1   14:29   NNW
04  12.9  14.7   16:04  11.7   07:20   5.4   0.0   1.0  14.7  35.4   11:22    NW
05  13.1  15.3   12:40  11.2   23:36   5.2   0.0   0.0  11.4  30.6   04:40    NW
06  13.0  16.7   17:15  10.3   07:05   5.3   0.0   0.2   6.9  25.8   13:02   WSW
07  12.8  15.7   12:57   8.5   23:21   5.5   0.0   0.0   6.2  27.4   13:25   WNW
08  11.0  15.5   17:22   5.4   04:57   7.3   0.0   0.0   7.6  25.8   13:34   WSW
09  12.3  15.2   13:43  10.2   01:37   6.0   0.0   0.0  14.4  43.4   12:55   NNE
10  13.3  15.3   16:18  12.3   00:00   5.0   0.0   0.0  22.8  53.1   22:18   WNW
11  14.5  18.7   16:18  11.7   07:50   3.8   0.0   1.0  10.1  41.8   00:24   NNE
12  11.0  14.2   00:00   8.1   21:15   7.3   0.0  10.4  11.3  54.7   14:17     S
13   7.9  11.6   17:58   5.1   06:35  10.4   0.0   0.4   9.7  43.4   11:37   SSW
14   9.2  14.2   14:35   4.6   06:01   9.1   0.0   0.0  10.1  48.3   12:35   SSE
15   9.2  14.8   15:12   2.7   04:05   9.1   0.0   0.0   6.7  25.8   15:40    NE
16  12.0  16.0   16:29   9.6   00:17   6.3   0.0   0.0   8.2  37.0   23:58   NNW
17  13.1  15.9   13:22  10.8   22:21   5.2   0.0   0.0  12.9  41.8   02:22     N
18  13.3  19.3   18:16   6.3   23:44   5.0   0.0   0.0   8.7  25.8   08:13    NE
19  11.9  18.6   15:52   3.6   06:44   6.4   0.0   0.0   6.3  19.3   11:03   NNE
20  14.2  16.8   14:31  11.8   02:13   4.1   0.0   0.0   7.4  33.8   09:26   NNW
21  14.3  16.8   16:46  10.0   23:54   4.0   0.0   0.0   7.2  24.1   09:29    NW
22  12.4  16.3   16:28   7.2   05:52   5.9   0.0   0.0   8.3  29.0   14:31     W
23  13.0  15.4   14:04   9.7   01:26   5.3   0.0   0.0   6.3  19.3   13:19   NNW
24  14.1  15.6   16:00  12.8   03:02   4.2   0.0   0.0   7.8  33.8   19:29     N
25  14.7  16.8   11:56  11.4   23:28   3.6   0.0   4.4  13.0  49.9   22:04    NW
26  12.4  15.6   16:21   9.0   23:58   5.9   0.0   0.2   7.3  29.0   13:04   WSW
27  12.4  15.3   18:31   9.0   00:00   5.9   0.0  12.6   8.1  38.6   23:40   NNE
28  13.3  16.3   14:05  11.5   23:52   5.0   0.0   0.0  10.0  35.4   13:42    NW
29  12.9  17.6   10:50  10.3   06:46   5.4   0.0   7.4   5.7  25.8   14:15    SW
30  12.8  17.1   15:02  10.3   23:17   5.5   0.0   1.2   9.2  38.6   15:24   SSW
31  12.1  14.8   09:58   9.3   06:06   6.2   0.0   0.0  12.0  51.5   23:49     W
----------------------------------------------------------------------------------
    12.5  19.3    18     2.7    15   180.2   0.0  43.0   9.9  54.7    12      NW

Max >=  15.0 24
Max <=  10.0  0
Min <=   5.0  3
Min <=   0.0  0
Max Rain: 12.6 on day 27
Days of Rain: 3 (>= 5.0 mm)  2 (>= 10.0 mm)  0 (>= 15.0 mm)
Heat Base: 18.3  Cool Base: 18.3  Method: Integration