NOAA-style Climate Reports

Select a Year or Month report
V/Λ2021 > Jan Feb Mar Apr May Jun Jul Aug Sep Oct Nov Dec
V/Λ2020 > Jan Feb Mar Apr May Jun Jul Aug Sep Oct Nov Dec
V/Λ2019 > Jan Feb Mar Apr May Jun Jul Aug Sep Oct Nov Dec
V/Λ2018 > Jan Feb Mar Apr May Jun Jul Aug Sep Oct Nov Dec
V/Λ2017 > Jan Feb Mar Apr May Jun Jul Aug Sep Oct Nov Dec
V/Λ2016 > Jan Feb Mar Apr May Jun Jul Aug Sep Oct Nov Dec
V/Λ2015 > Jan Feb Mar Apr May Jun Jul Aug Sep Oct Nov Dec
V/Λ2014 > Jan Feb Mar Apr May Jun Jul Aug Sep Oct Nov Dec
V/Λ2013 > Jan Feb Mar Apr May Jun Jul Aug Sep Oct Nov Dec
V/Λ2012 > Jan Feb Mar Apr May Jun Jul Aug Sep Oct Nov Dec
V/Λ2011 > Jan Feb Mar Apr May Jun Jul Aug Sep Oct Nov Dec
V/Λ2010 > Jan Feb Mar Apr May Jun Jul Aug Sep Oct Nov Dec
V/Λ2009 > Jan Feb Mar Apr May Jun Jul Aug Sep Oct Nov Dec
V/Λ2008 > Jan Feb Mar Apr May Jun Jul Aug Sep Oct Nov Dec

Report for 2018 Nov
                   Monthly Climatological Summary for Nov 2018

Name: Waikawa Beach Weather   City: Waikawa Beach   State: Horowhenua
Elevation: 28 ft  Lat: S 40° 41' 44"   Lon: E 175° 09' 42"

                  Temperature (°C), Rain (mm), Wind Speed (km/h)

                                      Heat  Cool        Avg
    Mean                              Deg   Deg         Wind                 Dom
Day Temp  High   Time   Low    Time   Days  Days  Rain  Speed High   Time    Dir
----------------------------------------------------------------------------------
01  11.2  13.2   15:14   8.7   21:35   7.1   0.0  17.8  17.6  54.7   16:26    SW
02  11.7  14.8   15:14   6.6   06:14   6.6   0.0   0.0  13.3  43.4   23:24     W
03  12.9  15.3   18:15  10.4   10:55   5.4   0.0  19.8  20.9  66.0   23:28    NW
04  14.0  15.2   00:00  12.8   23:46   4.3   0.0   0.0  34.7  90.1   07:00   WNW
05  14.0  16.4   14:29  10.3   05:57   4.3   0.0   0.0  13.5  37.0   18:14    NW
06  13.8  16.6   16:32  11.7   05:02   4.5   0.0   0.6  10.6  35.4   12:05   NNE
07  15.5  18.7   13:31  13.3   00:44   2.8   0.0   1.2   7.5  25.8   14:49    NW
08  16.8  18.4   11:36  15.5   00:00   1.5   0.0   5.6  14.6  56.3   20:57    NW
09  16.3  19.0   10:47  11.3   23:55   2.0   0.0   7.4  11.5  43.4   10:42     N
10  13.3  18.8   17:07   9.7   23:27   5.0   0.0   0.0   6.7  25.8   14:20   WSW
11  13.5  18.1   16:57   8.4   06:20   4.8   0.0   0.0   6.8  24.1   12:13   WSW
12  14.1  17.8   15:22   8.8   06:29   4.2   0.0   0.0   7.7  24.1   12:06   WNW
13  14.2  18.8   19:23   8.8   04:41   4.1   0.0   0.0   8.6  32.2   17:37   WSW
14  15.8  20.3   15:52  10.5   06:16   2.5   0.0   0.0   6.6  22.5   15:27     W
15  15.7  19.2   11:44  11.0   06:28   2.6   0.0   0.0   8.0  25.8   13:44   NNW
16  15.3  18.0   13:47  11.8   03:51   3.0   0.0   0.0  10.7  38.6   16:28   WNW
17  14.9  18.2   14:26  11.8   05:10   3.4   0.0   0.0   8.0  29.0   10:51   WNW
18  15.1  17.5   14:47  12.4   06:52   3.2   0.0   2.2  22.3  62.8   22:09    NW
19  12.8  14.8   13:33   8.4   22:48   5.5   0.0   0.0  14.7  64.4   00:30     W
20  11.1  15.7   16:47   7.9   06:14   7.2   0.0   0.0   7.8  27.4   12:00    NW
21  11.6  16.8   14:08   6.6   04:57   6.7   0.0   2.2   7.6  27.4   11:29    NW
22  12.5  17.5   16:55   9.5   03:03   5.8   0.0   5.6   3.9  25.8   13:57     S
23  15.2  20.1   17:14   9.0   05:29   3.1   0.0   0.2   7.4  29.0   17:44   WSW
24  16.4  21.2   15:29  12.6   03:37   1.9   0.0   0.2   5.9  38.6   15:53    SW
25  17.6  24.1   11:57  15.2   22:55   0.7   0.0  10.8   5.3  38.6   13:02     E
26  15.1  16.1   18:28  14.5   23:44   3.2   0.0   4.2   3.1  19.3   15:55    SW
27  14.2  16.9   17:04  12.6   06:14   4.1   0.0   0.6  11.8  48.3   07:59    SW
28  17.1  23.1   17:40  12.6   00:34   1.2   0.0   0.4   5.6  33.8   18:32     S
29  16.8  22.1   16:44  12.9   04:33   1.5   0.0   0.4   8.6  38.6   14:13     S
30  16.6  22.7   16:14  10.9   02:34   1.7   0.0   0.6   8.5  29.0   14:43   ESE
----------------------------------------------------------------------------------
    14.5  24.1    25     6.6     2   113.9   0.0  79.8  10.6  90.1     4     WNW

Max >=  15.0 27
Max <=  10.0  0
Min <=   5.0  0
Min <=   0.0  0
Max Rain: 19.8 on day 3
Days of Rain: 6 (>= 5.0 mm)  3 (>= 10.0 mm)  2 (>= 15.0 mm)
Heat Base: 18.3  Cool Base: 18.3  Method: Integration