NOAA-style Climate Reports

Select a Year or Month report
V/Λ2021 > Jan Feb Mar Apr May Jun Jul Aug Sep Oct Nov Dec
V/Λ2020 > Jan Feb Mar Apr May Jun Jul Aug Sep Oct Nov Dec
V/Λ2019 > Jan Feb Mar Apr May Jun Jul Aug Sep Oct Nov Dec
V/Λ2018 > Jan Feb Mar Apr May Jun Jul Aug Sep Oct Nov Dec
V/Λ2017 > Jan Feb Mar Apr May Jun Jul Aug Sep Oct Nov Dec
V/Λ2016 > Jan Feb Mar Apr May Jun Jul Aug Sep Oct Nov Dec
V/Λ2015 > Jan Feb Mar Apr May Jun Jul Aug Sep Oct Nov Dec
V/Λ2014 > Jan Feb Mar Apr May Jun Jul Aug Sep Oct Nov Dec
V/Λ2013 > Jan Feb Mar Apr May Jun Jul Aug Sep Oct Nov Dec
V/Λ2012 > Jan Feb Mar Apr May Jun Jul Aug Sep Oct Nov Dec
V/Λ2011 > Jan Feb Mar Apr May Jun Jul Aug Sep Oct Nov Dec
V/Λ2010 > Jan Feb Mar Apr May Jun Jul Aug Sep Oct Nov Dec
V/Λ2009 > Jan Feb Mar Apr May Jun Jul Aug Sep Oct Nov Dec
V/Λ2008 > Jan Feb Mar Apr May Jun Jul Aug Sep Oct Nov Dec

Report for 2018 Dec
                   Monthly Climatological Summary for Dec 2018

Name: Waikawa Beach Weather   City: Waikawa Beach   State: Horowhenua
Elevation: 28 ft  Lat: S 40° 41' 44"   Lon: E 175° 09' 42"

                  Temperature (°C), Rain (mm), Wind Speed (km/h)

                                      Heat  Cool        Avg
    Mean                              Deg   Deg         Wind                 Dom
Day Temp  High   Time   Low    Time   Days  Days  Rain  Speed High   Time    Dir
----------------------------------------------------------------------------------
01  18.9  22.3   13:48  16.3   23:54   0.0   0.6   0.2  17.2  51.5   15:46   ENE
02  20.8  25.3   13:45  16.0   00:08   0.0   2.5   0.0  11.4  35.4   10:58   ENE
03  19.3  23.3   14:33  15.5   06:03   0.0   1.0   0.6   8.7  25.8   01:39     W
04  17.1  19.4   14:34  14.6   23:28   1.2   0.0   1.6  17.5  64.4   22:59    NW
05  15.6  17.2   14:34  14.7   03:01   2.7   0.0   0.4  37.4  93.3   13:25   WNW
06  14.3  17.1   17:49  11.3   23:37   4.0   0.0   0.2  14.6  56.3   00:24   WSW
07  13.9  17.7   11:45  10.2   05:09   4.4   0.0   0.0  12.3  45.1   15:27   WSW
08  15.4  19.9   14:28  11.0   03:15   2.9   0.0   0.2  11.1  43.4   18:05   NNE
09  17.3  21.6   14:58  14.7   05:14   1.0   0.0   0.0  11.8  37.0   11:54   NNE
10  18.5  22.9   14:00  14.6   06:19   0.0   0.2   0.0   9.6  35.4   15:42    NW
11  17.3  21.9   16:42  12.6   04:29   1.0   0.0   0.0   4.9  20.9   00:24   WNW
12  17.4  20.5   16:50  14.7   23:14   0.9   0.0   0.6   7.7  27.4   13:55     W
13  17.3  22.2   17:36  13.2   05:53   1.0   0.0  17.2   7.4  33.8   14:02   WSW
14  17.7  21.2   16:36  14.8   04:52   0.6   0.0   7.6   6.5  32.2   14:30   WSW
15  17.8  23.1   18:14  12.4   05:39   0.5   0.0   0.0   6.9  25.8   12:45     W
16  17.9  21.6   17:33  13.3   04:13   0.4   0.0   0.0   7.2  25.8   15:43   WSW
17  17.5  22.8   14:15  12.9   05:13   0.8   0.0   0.0   6.3  24.1   14:31     N
18  18.2  20.5   15:56  16.1   00:33   0.1   0.0   0.0  15.6  48.3   17:10    NW
19  17.3  19.2   11:15  15.7   23:29   1.0   0.0  25.4  15.1  43.4   18:02    NW
20  16.1  20.0   12:24  13.2   23:46   2.2   0.0  15.6   5.9  30.6   18:02     S
21  15.5  20.3   14:48  11.6   04:56   2.8   0.0   0.0   7.3  43.4   23:59   WNW
22  16.7  19.8   16:34  13.3   05:44   1.6   0.0   0.0  11.5  45.1   00:15     W
23  16.7  22.8   15:09  11.8   05:45   1.6   0.0   0.0   6.0  37.0   13:30   SSE
24  18.5  22.3   10:41  14.7   05:07   0.0   0.2   0.0   4.9  29.0   17:46    SE
25  18.1  20.3   17:04  16.4   06:12   0.2   0.0   0.0   7.6  32.2   22:56    SW
26  17.9  22.1   18:19  15.5   05:21   0.4   0.0   0.4  12.4  45.1   16:54    SW
27  16.9  20.2   17:34  14.7   23:43   1.4   0.0   0.0   8.3  29.0   14:14     W
28  17.4  22.9   18:20  11.9   06:05   0.9   0.0   0.0   8.2  29.0   15:17    SW
29  16.6  19.5   14:03  12.9   03:28   1.7   0.0   0.0   9.4  29.0   14:00   NNW
30  17.9  19.7   14:34  16.6   07:18   0.4   0.0   0.0  14.2  38.6   12:15    NW
31  18.1  20.1   16:23  16.6   07:34   0.2   0.0   2.0   7.7  27.4   13:06   NNE
----------------------------------------------------------------------------------
    17.3  25.3     2    10.2     7    35.9   4.5  72.0  10.7  93.3     5     WNW

Max >=  15.0 31
Max <=  10.0  0
Min <=   5.0  0
Min <=   0.0  0
Max Rain: 25.4 on day 19
Days of Rain: 4 (>= 5.0 mm)  3 (>= 10.0 mm)  3 (>= 15.0 mm)
Heat Base: 18.3  Cool Base: 18.3  Method: Integration