NOAA-style Climate Reports

Select a Year or Month report
V/Λ2021 > Jan Feb Mar Apr May Jun Jul Aug Sep Oct Nov Dec
V/Λ2020 > Jan Feb Mar Apr May Jun Jul Aug Sep Oct Nov Dec
V/Λ2019 > Jan Feb Mar Apr May Jun Jul Aug Sep Oct Nov Dec
V/Λ2018 > Jan Feb Mar Apr May Jun Jul Aug Sep Oct Nov Dec
V/Λ2017 > Jan Feb Mar Apr May Jun Jul Aug Sep Oct Nov Dec
V/Λ2016 > Jan Feb Mar Apr May Jun Jul Aug Sep Oct Nov Dec
V/Λ2015 > Jan Feb Mar Apr May Jun Jul Aug Sep Oct Nov Dec
V/Λ2014 > Jan Feb Mar Apr May Jun Jul Aug Sep Oct Nov Dec
V/Λ2013 > Jan Feb Mar Apr May Jun Jul Aug Sep Oct Nov Dec
V/Λ2012 > Jan Feb Mar Apr May Jun Jul Aug Sep Oct Nov Dec
V/Λ2011 > Jan Feb Mar Apr May Jun Jul Aug Sep Oct Nov Dec
V/Λ2010 > Jan Feb Mar Apr May Jun Jul Aug Sep Oct Nov Dec
V/Λ2009 > Jan Feb Mar Apr May Jun Jul Aug Sep Oct Nov Dec
V/Λ2008 > Jan Feb Mar Apr May Jun Jul Aug Sep Oct Nov Dec

Report for 2019 Jan
                   Monthly Climatological Summary for Jan 2019

Name: Waikawa Beach Weather   City: Waikawa Beach   State: Horowhenua
Elevation: 28 ft  Lat: S 40° 41' 44"   Lon: E 175° 09' 42"

                  Temperature (°C), Rain (mm), Wind Speed (km/h)

                                      Heat  Cool        Avg
    Mean                              Deg   Deg         Wind                 Dom
Day Temp  High   Time   Low    Time   Days  Days  Rain  Speed High   Time    Dir
----------------------------------------------------------------------------------
01  19.9  24.6   15:12  17.7   05:40   0.0   1.6   0.6   7.6  25.8   12:58    NW
02  19.0  20.1   13:49  18.1   05:39   0.0   0.7   0.2  13.4  45.1   15:18   NNW
03  19.3  22.1   13:07  17.4   23:45   0.0   1.0   0.0  16.6  41.8   11:04    NW
04  18.6  22.3   10:50  15.4   23:23   0.0   0.3   0.0   9.8  38.6   07:23    NW
05  17.3  21.2   13:56  11.9   06:22   1.0   0.0   0.0   9.3  33.8   14:31     N
06  19.2  21.3   15:46  18.2   00:00   0.0   0.9   0.0  15.2  48.3   11:54    NW
07  18.8  20.8   15:03  16.6   23:46   0.0   0.5   0.0  15.4  49.9   06:07    NW
08  18.3  22.1   13:47  15.9   23:52   0.0   0.0   0.0  11.0  37.0   15:18   NNE
09  18.3  22.7   16:19  12.5   05:02   0.0   0.0   0.0   8.1  41.8   14:48   WNW
10  19.6  21.6   15:13  18.3   07:24   0.0   1.3   0.2  15.9  48.3   19:58    NW
11  19.6  21.8   14:39  15.9   23:42   0.0   1.3   0.0  18.9  48.3   03:26    NW
12  18.9  23.9   15:57  13.7   06:39   0.0   0.6   0.0   8.0  27.4   12:50   WSW
13  18.8  23.3   13:24  14.7   01:22   0.0   0.5   0.4  11.3  45.1   23:15    NW
14  16.9  20.2   16:09  14.1   06:38   1.4   0.0  11.8   9.5  57.9   00:06     W
15  18.2  23.2   14:13  15.4   01:19   0.1   0.0   0.0  13.0  43.4   15:29   SSW
16  17.5  24.1   18:02  14.3   05:45   0.8   0.0   0.0  11.9  38.6   11:37    SW
17  17.4  21.7   16:46  13.0   05:17   0.9   0.0   0.0   8.0  27.4   13:15   NNE
18  19.2  22.2   13:16  16.5   22:56   0.0   0.9   0.0  10.4  40.2   13:48   NNE
19  18.6  21.6   15:20  17.4   00:00   0.0   0.3   0.0  13.5  54.7   21:37   NNW
20  18.6  20.8   13:32  16.7   23:11   0.0   0.3   0.2  28.3  62.8   01:42   WNW
21  17.9  20.1   12:15  15.7   23:58   0.4   0.0   0.0  35.9  85.3   08:15   WNW
22  17.3  20.6   13:53  11.7   06:49   1.0   0.0   0.0  12.6  54.7   01:46     N
23  18.5  20.9   14:22  16.2   01:50   0.0   0.2   0.0  17.6  64.4   23:23    NW
24  16.2  20.3   17:15  11.9   07:10   2.1   0.0   3.2  11.2  64.4   00:37   WSW
25  15.5  20.6   18:20   9.8   04:54   2.8   0.0   0.0   8.7  27.4   12:33     W
26  16.6  18.4   13:59  14.6   00:30   1.7   0.0   0.0  13.5  45.1   09:22     N
27  18.3  19.8   18:09  17.2   00:00   0.0   0.0   3.4   9.9  33.8   02:36   NNE
28  18.8  19.4   17:37  18.1   04:05   0.0   0.5   3.0  10.1  32.2   08:01   NNE
29  21.4  28.4   16:05  17.9   06:26   0.0   3.1   0.0   5.0  22.5   16:41   WSW
30  21.2  25.9   16:25  18.5   23:56   0.0   2.9   0.0   4.3  19.3   13:03    NW
31  19.4  24.0   10:47  16.3   04:28   0.0   1.1   0.0   8.1  25.8   12:27    NW
----------------------------------------------------------------------------------
    18.5  28.4    29     9.8    25    12.2  18.0  23.0  12.7  85.3    21      NW

Max >=  15.0 31
Max <=  10.0  0
Min <=   5.0  0
Min <=   0.0  0
Max Rain: 11.8 on day 14
Days of Rain: 1 (>= 5.0 mm)  1 (>= 10.0 mm)  0 (>= 15.0 mm)
Heat Base: 18.3  Cool Base: 18.3  Method: Integration