NOAA-style Climate Reports

Select a Year or Month report

Report for 2019 Feb
                   Monthly Climatological Summary for Feb 2019

Name: Waikawa Beach Weather   City: Waikawa Beach   State: Horowhenua
Elevation: 28 ft  Lat: S 40° 41' 44"   Lon: E 175° 09' 42"

                  Temperature (°C), Rain (mm), Wind Speed (km/h)

                                      Heat  Cool        Avg
    Mean                              Deg   Deg         Wind                 Dom
Day Temp  High   Time   Low    Time   Days  Days  Rain  Speed High   Time    Dir
----------------------------------------------------------------------------------
01  19.8  22.6   12:31  17.5   23:36   0.0   1.5   0.6  13.3  41.8   17:52    NW
02  17.9  22.6   17:59  13.5   06:39   0.4   0.0   3.2   7.1  25.8   13:15   WNW
03  17.9  24.2   15:23  11.0   06:31   0.4   0.0   0.0   7.1  27.4   11:48    SW
04  18.6  22.4   14:12  13.6   02:14   0.0   0.3   0.0   8.9  32.2   16:14   NNW
05  19.8  22.0   14:26  18.3   06:08   0.0   1.5   0.0  12.6  43.4   19:11    NW
06  17.5  19.4   17:13  15.1   23:43   0.8   0.0   0.0   4.2  25.8   17:29    SE
07  16.0  20.8   14:51  11.1   06:15   2.3   0.0   0.0   7.6  33.8   15:06   WSW
08  15.9  21.7   11:28   9.5   04:32   2.4   0.0   0.0   9.5  32.2   13:51     W
09  17.7  23.5   17:40  12.2   01:04   0.6   0.0   0.0   9.8  25.8   15:55     N
10  18.1  25.6   11:39  11.0   05:32   0.2   0.0   0.0   9.7  30.6   14:27   WSW
11  14.3  19.0   08:59  12.4   05:53   4.0   0.0   0.0   6.7  16.1   04:16     E
12  17.9  22.4   15:41  12.0   05:28   0.4   0.0   0.0  11.0  33.8   12:14   NNW
13  19.4  22.4   13:55  15.8   23:53   0.0   1.1   0.4   9.6  38.6   12:02     N
14  18.9  24.6   16:01  15.0   02:00   0.0   0.6   0.0   7.4  30.6   19:03   NNW
15  19.0  21.2   15:33  15.8   23:55   0.0   0.7   2.4  11.0  40.2   15:56     N
16  17.9  23.1   16:06  14.1   06:16   0.4   0.0   0.0   9.4  43.4   11:03   SSE
17  16.0  20.3   10:52   9.5   06:17   2.3   0.0   0.0   7.6  30.6   13:47     W
18  17.9  20.3   15:26  15.7   23:45   0.4   0.0   0.0  13.7  38.6   10:42   NNW
19  18.1  21.6   14:51  14.7   07:09   0.2   0.0   0.0   9.2  37.0   12:08     N
20  19.4  21.1   17:01  16.2   23:11   0.0   1.1   0.0   7.1  24.1   11:16   WNW
21  18.3  22.8   12:09  13.4   07:25   0.0   0.0   3.2   6.4  27.4   10:39    NE
22  19.4  20.9   14:19  18.4   23:22   0.0   1.1   9.8  11.9  46.7   10:19    NW
23  17.7  20.8   16:39  14.8   22:26   0.6   0.0   0.0  10.4  45.1   23:39     N
24  13.7  16.3   03:41  12.2   15:29   4.6   0.0   8.2   8.1  40.2   04:01   SSW
25  14.3  18.4   15:27  10.3   23:56   4.0   0.0   0.2   9.4  45.1   13:04     S
26  12.5  18.1   16:54   5.2   07:19   5.8   0.0   0.0   7.7  25.8   14:52     N
27  16.5  20.4   14:42  12.6   00:00   1.8   0.0   0.0  17.3  51.5   22:47   NNW
28  15.1  18.7   17:59  11.5   23:58   3.2   0.0   0.0  11.0  45.1   12:56     S
----------------------------------------------------------------------------------
    17.3  25.6    10     5.2    26    34.8   7.9  28.0   9.6  51.5    27      NW

Max >=  15.0 28
Max <=  10.0  0
Min <=   5.0  0
Min <=   0.0  0
Max Rain: 9.8 on day 22
Days of Rain: 2 (>= 5.0 mm)  0 (>= 10.0 mm)  0 (>= 15.0 mm)
Heat Base: 18.3  Cool Base: 18.3  Method: Integration