NOAA-style Climate Reports

Select a Year or Month report
V/Λ2021 > Jan Feb Mar Apr May Jun Jul Aug Sep Oct Nov Dec
V/Λ2020 > Jan Feb Mar Apr May Jun Jul Aug Sep Oct Nov Dec
V/Λ2019 > Jan Feb Mar Apr May Jun Jul Aug Sep Oct Nov Dec
V/Λ2018 > Jan Feb Mar Apr May Jun Jul Aug Sep Oct Nov Dec
V/Λ2017 > Jan Feb Mar Apr May Jun Jul Aug Sep Oct Nov Dec
V/Λ2016 > Jan Feb Mar Apr May Jun Jul Aug Sep Oct Nov Dec
V/Λ2015 > Jan Feb Mar Apr May Jun Jul Aug Sep Oct Nov Dec
V/Λ2014 > Jan Feb Mar Apr May Jun Jul Aug Sep Oct Nov Dec
V/Λ2013 > Jan Feb Mar Apr May Jun Jul Aug Sep Oct Nov Dec
V/Λ2012 > Jan Feb Mar Apr May Jun Jul Aug Sep Oct Nov Dec
V/Λ2011 > Jan Feb Mar Apr May Jun Jul Aug Sep Oct Nov Dec
V/Λ2010 > Jan Feb Mar Apr May Jun Jul Aug Sep Oct Nov Dec
V/Λ2009 > Jan Feb Mar Apr May Jun Jul Aug Sep Oct Nov Dec
V/Λ2008 > Jan Feb Mar Apr May Jun Jul Aug Sep Oct Nov Dec

Report for 2019 Mar
                   Monthly Climatological Summary for Mar 2019

Name: Waikawa Beach Weather   City: Waikawa Beach   State: Horowhenua
Elevation: 28 ft  Lat: S 40° 41' 44"   Lon: E 175° 09' 42"

                  Temperature (°C), Rain (mm), Wind Speed (km/h)

                                      Heat  Cool        Avg
    Mean                              Deg   Deg         Wind                 Dom
Day Temp  High   Time   Low    Time   Days  Days  Rain  Speed High   Time    Dir
----------------------------------------------------------------------------------
01  12.4  17.5   16:34   4.6   07:04   5.9   0.0   0.0   8.4  30.6   14:52   WSW
02  14.5  21.4   17:12   6.4   07:24   3.8   0.0   0.0   8.2  38.6   13:29   SSW
03  14.1  19.5   11:48   7.6   06:42   4.2   0.0   0.0   7.5  25.8   14:00   WSW
04  15.1  19.0   15:33   9.9   04:10   3.2   0.0   0.0   9.9  32.2   13:34   NNE
05  17.6  21.8   15:19  14.4   23:48   0.7   0.0   0.0  12.7  40.2   14:01   NNE
06  17.6  20.6   12:30  14.6   00:00   0.7   0.0   0.6  10.3  40.2   12:10   NNE
07  18.5  21.7   16:30  16.8   05:33   0.0   0.2   0.0   9.8  38.6   10:25    NW
08  17.3  20.3   16:05  14.3   23:25   1.0   0.0   9.2   8.1  40.2   12:44   ESE
09  16.2  19.9   16:20  14.1   00:43   2.1   0.0   2.6   7.7  24.1   14:13   NNW
10  17.9  24.3   14:16  12.4   06:48   0.4   0.0   0.0   6.9  33.8   15:16   SSW
11  17.4  22.6   15:06  12.3   04:27   0.9   0.0   0.0   4.9  20.9   15:34     W
12  18.2  21.4   14:24  16.2   04:50   0.1   0.0   0.6   5.5  20.9   15:02   ENE
13  18.2  20.8   12:48  16.7   05:44   0.1   0.0   5.2   7.6  30.6   13:09   NNE
14  18.8  18.8   00:02  18.8   00:02   0.0   0.5   0.0  15.3  25.8   00:02    NW
16  19.2  21.3   18:06  16.4   23:58   0.0   0.9   0.0  ----  24.1   17:29    SW
17  17.9  22.8   17:11  13.7   07:24   0.4   0.0   0.0  ----  24.1   11:50     W
18  17.1  22.3   17:23  12.4   06:43   1.2   0.0   0.0  ----  22.5   11:52   WSW
19  17.0  21.0   18:35  12.1   06:53   1.3   0.0   0.2  ----  24.1   15:59    SW
20  17.4  20.7   14:37  13.3   07:15   0.9   0.0   0.0  ----  27.4   15:40    SW
21  17.1  22.2   15:46  12.4   05:24   1.2   0.0   0.0  ----  27.4   16:58    SW
22  16.6  20.9   16:27  12.6   07:54   1.7   0.0   0.0  ----  22.5   11:38   WSW
23  17.5  20.9   17:00  13.8   23:58   0.8   0.0   0.2  ----  20.9   15:17    SW
24  17.0  20.9   13:44  12.5   00:57   1.3   0.0   8.0  ----  27.4   13:53    NE
25  19.2  22.5   15:47  16.8   02:18   0.0   0.9   0.0  ----  32.2   14:11   NNW
26  19.1  21.4   13:21  17.9   00:00   0.0   0.8   1.0  ----  43.4   13:24     N
27  18.4  20.9   14:18  16.2   16:34   0.0   0.1   7.6  ----  57.9   12:39     N
28  17.2  23.4   15:47  12.6   07:12   1.1   0.0   0.2  ----  29.0   13:25   SSE
29  16.0  20.8   13:51  11.2   05:56   2.3   0.0   0.0  ----  24.1   15:11   SSW
30  17.3  23.3   16:00  12.4   07:54   1.0   0.0   0.0  ----  20.9   12:41     S
31  18.3  24.1   16:15  11.4   06:11   0.0   0.0   0.0  ----  27.4   17:04   ENE
----------------------------------------------------------------------------------
    17.2  24.3    10     4.6     1    36.3   3.4  35.4   8.3  57.9    27     NNW

Max >=  15.0 30
Max <=  10.0  0
Min <=   5.0  1
Min <=   0.0  0
Max Rain: 9.2 on day 8
Days of Rain: 4 (>= 5.0 mm)  0 (>= 10.0 mm)  0 (>= 15.0 mm)
Heat Base: 18.3  Cool Base: 18.3  Method: Integration