NOAA-style Climate Reports

Select a Year or Month report
V/Λ2021 > Jan Feb Mar Apr May Jun Jul Aug Sep Oct Nov Dec
V/Λ2020 > Jan Feb Mar Apr May Jun Jul Aug Sep Oct Nov Dec
V/Λ2019 > Jan Feb Mar Apr May Jun Jul Aug Sep Oct Nov Dec
V/Λ2018 > Jan Feb Mar Apr May Jun Jul Aug Sep Oct Nov Dec
V/Λ2017 > Jan Feb Mar Apr May Jun Jul Aug Sep Oct Nov Dec
V/Λ2016 > Jan Feb Mar Apr May Jun Jul Aug Sep Oct Nov Dec
V/Λ2015 > Jan Feb Mar Apr May Jun Jul Aug Sep Oct Nov Dec
V/Λ2014 > Jan Feb Mar Apr May Jun Jul Aug Sep Oct Nov Dec
V/Λ2013 > Jan Feb Mar Apr May Jun Jul Aug Sep Oct Nov Dec
V/Λ2012 > Jan Feb Mar Apr May Jun Jul Aug Sep Oct Nov Dec
V/Λ2011 > Jan Feb Mar Apr May Jun Jul Aug Sep Oct Nov Dec
V/Λ2010 > Jan Feb Mar Apr May Jun Jul Aug Sep Oct Nov Dec
V/Λ2009 > Jan Feb Mar Apr May Jun Jul Aug Sep Oct Nov Dec
V/Λ2008 > Jan Feb Mar Apr May Jun Jul Aug Sep Oct Nov Dec

Report for 2019 Apr
                   Monthly Climatological Summary for Apr 2019

Name: Waikawa Beach Weather   City: Waikawa Beach   State: Horowhenua
Elevation: 28 ft  Lat: S 40° 41' 44"   Lon: E 175° 09' 42"

                  Temperature (°C), Rain (mm), Wind Speed (km/h)

                                      Heat  Cool        Avg
    Mean                              Deg   Deg         Wind                 Dom
Day Temp  High   Time   Low    Time   Days  Days  Rain  Speed High   Time    Dir
----------------------------------------------------------------------------------
01  18.2  20.7   10:09  16.1   12:23   0.1   0.0  15.2  13.0  53.1   23:14     N
02  15.8  19.1   12:38  11.9   23:17   2.5   0.0   0.0  12.2  53.1   00:42   WSW
03  11.1  12.1   00:14   9.6   06:01   7.2   0.0   0.0   5.5  24.1   02:32     S
04  11.9  16.9   15:19   6.8   07:16   6.4   0.0   0.0   7.5  24.1   13:43   SSW
05  12.5  16.3   12:02   8.5   01:55   5.8   0.0   0.0   9.8  46.7   11:48     S
06  11.5  13.3   16:21   9.6   22:58   6.8   0.0   0.0   9.1  37.0   16:12   SSW
07  11.0  15.3   13:13   5.2   05:58   7.3   0.0   5.4   5.2  29.0   01:09   SSW
08  13.8  18.7   14:27   9.2   23:40   4.5   0.0   1.8   6.1  37.0   12:51   SSW
09  12.9  19.6   12:40   6.2   06:01   5.4   0.0   0.6   6.8  32.2   14:47   ENE
10  17.0  19.6   13:50  14.2   00:00   1.3   0.0   1.4   8.9  32.2   13:23   NNW
11  15.2  17.0   00:00  13.1   22:56   3.1   0.0   9.0   9.3  37.0   16:12    NE
12  13.1  16.1   13:24  10.2   23:02   5.2   0.0   2.6  15.6  59.6   02:15   SSW
13  11.0  15.2   13:44   4.8   23:43   7.3   0.0   0.0   7.8  37.0   13:13   SSW
14  10.8  17.4   14:52   3.7   06:53   7.5   0.0   0.0   8.1  37.0   13:04     S
15  13.0  16.8   13:13   9.8   07:15   5.3   0.0   0.0   7.7  38.6   11:42     S
16  11.8  16.4   12:33   7.2   04:43   6.5   0.0   0.0   6.5  40.2   13:17     S
17  10.8  15.6   16:43   5.7   07:02   7.5   0.0   0.0   6.3  22.5   14:59   SSW
18  10.3  14.3   15:18   7.1   06:51   8.0   0.0   0.2   5.3  20.9   13:48   SSW
19  10.4  15.9   15:31   4.3   07:01   7.9   0.0   0.2   6.5  30.6   11:52    NE
20  14.2  16.9   14:30  11.3   00:00   4.1   0.0   0.0   9.7  30.6   13:18   NNE
21  13.7  15.2   12:26  11.4   20:18   4.6   0.0   4.2   7.9  32.2   09:23   ENE
22  14.0  17.1   14:58  11.3   02:41   4.3   0.0   3.6   5.1  56.3   07:21   ESE
23  14.8  18.1   14:48  11.2   23:32   3.5   0.0   1.2   6.5  25.8   13:52    SW
24  13.8  16.8   15:01  10.4   02:05   4.5   0.0   0.2   5.0  25.8   16:03    SW
25  14.1  17.7   10:31   8.8   06:56   4.2   0.0   0.2   5.6  27.4   21:35   WSW
26  16.3  19.6   12:36  14.0   07:05   2.0   0.0   0.0  10.3  33.8   13:27    NE
27  16.6  19.4   13:08  14.4   04:38   1.7   0.0   4.0  14.2  45.1   18:28     N
28  16.0  17.3   15:29  14.0   23:59   2.3   0.0   0.4  19.6  48.3   23:00   WNW
29  13.5  16.5   14:03  10.2   21:11   4.8   0.0  27.4  20.8  70.8   14:19   WNW
30  11.3  14.4   13:48   8.9   23:12   7.0   0.0   0.0   9.2  46.7   01:05   SSW
----------------------------------------------------------------------------------
    13.3  20.7     1     3.7    14   148.6   0.0  77.6   9.1  70.8    29      SW

Max >=  15.0 26
Max <=  10.0  0
Min <=   5.0  3
Min <=   0.0  0
Max Rain: 27.4 on day 29
Days of Rain: 4 (>= 5.0 mm)  2 (>= 10.0 mm)  2 (>= 15.0 mm)
Heat Base: 18.3  Cool Base: 18.3  Method: Integration