NOAA-style Climate Reports

Select a Year or Month report
V/Λ2021 > Jan Feb Mar Apr May Jun Jul Aug Sep Oct Nov Dec
V/Λ2020 > Jan Feb Mar Apr May Jun Jul Aug Sep Oct Nov Dec
V/Λ2019 > Jan Feb Mar Apr May Jun Jul Aug Sep Oct Nov Dec
V/Λ2018 > Jan Feb Mar Apr May Jun Jul Aug Sep Oct Nov Dec
V/Λ2017 > Jan Feb Mar Apr May Jun Jul Aug Sep Oct Nov Dec
V/Λ2016 > Jan Feb Mar Apr May Jun Jul Aug Sep Oct Nov Dec
V/Λ2015 > Jan Feb Mar Apr May Jun Jul Aug Sep Oct Nov Dec
V/Λ2014 > Jan Feb Mar Apr May Jun Jul Aug Sep Oct Nov Dec
V/Λ2013 > Jan Feb Mar Apr May Jun Jul Aug Sep Oct Nov Dec
V/Λ2012 > Jan Feb Mar Apr May Jun Jul Aug Sep Oct Nov Dec
V/Λ2011 > Jan Feb Mar Apr May Jun Jul Aug Sep Oct Nov Dec
V/Λ2010 > Jan Feb Mar Apr May Jun Jul Aug Sep Oct Nov Dec
V/Λ2009 > Jan Feb Mar Apr May Jun Jul Aug Sep Oct Nov Dec
V/Λ2008 > Jan Feb Mar Apr May Jun Jul Aug Sep Oct Nov Dec

Report for 2019 May
                   Monthly Climatological Summary for May 2019

Name: Waikawa Beach Weather   City: Waikawa Beach   State: Horowhenua
Elevation: 28 ft  Lat: S 40° 41' 44"   Lon: E 175° 09' 42"

                  Temperature (°C), Rain (mm), Wind Speed (km/h)

                                      Heat  Cool        Avg
    Mean                              Deg   Deg         Wind                 Dom
Day Temp  High   Time   Low    Time   Days  Days  Rain  Speed High   Time    Dir
----------------------------------------------------------------------------------
01  10.9  16.3   14:42   6.5   07:35   7.4   0.0   0.0   5.7  25.8   11:27     S
02  10.5  17.3   15:23   4.6   06:35   7.8   0.0   0.0   7.0  22.5   10:15   ENE
03  12.2  16.6   14:29   7.4   02:39   6.1   0.0   0.0   5.7  17.7   12:57   ESE
04  12.5  16.1   12:16   7.3   02:05   5.8   0.0   0.2   7.1  24.1   23:59    NE
05  15.2  18.1   12:40  11.3   23:54   3.1   0.0   0.0   5.7  29.0   00:08   NNW
06  11.7  16.2   15:34   9.1   07:11   6.6   0.0   0.2   4.5  14.5   12:14   ESE
07  12.1  17.2   15:41   7.7   01:51   6.2   0.0   0.2   5.3  16.1   13:22   ESE
08  13.6  19.2   14:27   8.4   02:51   4.7   0.0   0.0   6.8  19.3   14:57   ENE
09  15.9  19.4   15:22  12.9   00:23   2.4   0.0   0.4   9.3  30.6   12:37    NE
10  16.2  18.5   15:22  14.2   05:06   2.1   0.0   3.6  10.9  38.6   11:43   NNW
11  15.3  16.6   16:20  13.6   19:47   3.0   0.0   2.8   7.9  32.2   11:09     N
12  15.7  19.4   11:33  12.8   04:27   2.6   0.0  18.4  11.8  40.2   19:52    NE
13  13.0  16.1   04:55   8.4   19:41   5.3   0.0   6.2  10.5  66.0   04:54    SW
14  12.7  16.0   13:41   8.6   06:06   5.6   0.0   0.0  19.7  62.8   22:36    NW
15  15.3  16.3   10:57  12.2   01:56   3.0   0.0   3.2  39.5  82.1   01:20     W
16  14.2  16.4   12:06   8.5   23:54   4.1   0.0   0.2  31.9  78.9   17:39     W
17   9.4  13.3   11:43   7.1   07:00   8.9   0.0   0.2   5.0  27.4   12:37    SE
18  12.9  15.3   14:02   7.9   00:00   5.4   0.0   0.4  23.9  64.4   22:01   WNW
19  14.5  18.1   13:41   9.9   20:25   3.8   0.0   0.0  21.3  77.2   05:48     W
20  12.0  16.4   14:15   7.7   03:52   6.3   0.0   0.0   9.0  25.8   13:49   ENE
21  12.6  15.0   13:34  11.1   03:08   5.7   0.0   0.0   9.7  25.8   14:34   ENE
22  12.7  14.5   15:57  10.8   07:13   5.6   0.0   5.6  10.9  33.8   12:24   NNE
23  13.9  17.6   14:02  11.9   05:39   4.4   0.0   0.8   9.2  25.8   07:10   ENE
24  13.3  16.0   12:21  11.1   07:25   5.0   0.0   0.2   8.8  33.8   13:15   NNE
25  13.2  15.6   15:39  10.4   07:29   5.1   0.0   0.0  11.7  38.6   18:29    NW
26  15.0  16.3   16:09  13.4   01:57   3.3   0.0   0.2  16.5  41.8   07:06   WNW
27  14.9  17.2   15:35  13.1   08:38   3.4   0.0   0.6  10.8  37.0   06:12     N
28  15.9  19.5   17:25  14.1   03:22   2.4   0.0   3.4  15.2  70.8   20:46   NNE
29  15.4  16.6   14:22  14.1   01:29   2.9   0.0   1.4  34.8  88.5   05:17   WNW
30  15.5  17.3   11:35  12.4   01:56   2.8   0.0   7.8  16.2  59.6   20:09     N
31  13.0  16.3   00:28   8.6   20:28   5.3   0.0  18.6  16.2  67.6   01:27   NNW
----------------------------------------------------------------------------------
    13.6  19.5    28     4.6     2   146.1   0.0  74.6  13.2  88.5    29      NW

Max >=  15.0 29
Max <=  10.0  0
Min <=   5.0  1
Min <=   0.0  0
Max Rain: 18.6 on day 31
Days of Rain: 5 (>= 5.0 mm)  2 (>= 10.0 mm)  2 (>= 15.0 mm)
Heat Base: 18.3  Cool Base: 18.3  Method: Integration