NOAA-style Climate Reports

Select a Year or Month report
V/Λ2021 > Jan Feb Mar Apr May Jun Jul Aug Sep Oct Nov Dec
V/Λ2020 > Jan Feb Mar Apr May Jun Jul Aug Sep Oct Nov Dec
V/Λ2019 > Jan Feb Mar Apr May Jun Jul Aug Sep Oct Nov Dec
V/Λ2018 > Jan Feb Mar Apr May Jun Jul Aug Sep Oct Nov Dec
V/Λ2017 > Jan Feb Mar Apr May Jun Jul Aug Sep Oct Nov Dec
V/Λ2016 > Jan Feb Mar Apr May Jun Jul Aug Sep Oct Nov Dec
V/Λ2015 > Jan Feb Mar Apr May Jun Jul Aug Sep Oct Nov Dec
V/Λ2014 > Jan Feb Mar Apr May Jun Jul Aug Sep Oct Nov Dec
V/Λ2013 > Jan Feb Mar Apr May Jun Jul Aug Sep Oct Nov Dec
V/Λ2012 > Jan Feb Mar Apr May Jun Jul Aug Sep Oct Nov Dec
V/Λ2011 > Jan Feb Mar Apr May Jun Jul Aug Sep Oct Nov Dec
V/Λ2010 > Jan Feb Mar Apr May Jun Jul Aug Sep Oct Nov Dec
V/Λ2009 > Jan Feb Mar Apr May Jun Jul Aug Sep Oct Nov Dec
V/Λ2008 > Jan Feb Mar Apr May Jun Jul Aug Sep Oct Nov Dec

Report for 2019 Jun
                   Monthly Climatological Summary for Jun 2019

Name: Waikawa Beach Weather   City: Waikawa Beach   State: Horowhenua
Elevation: 28 ft  Lat: S 40° 41' 44"   Lon: E 175° 09' 42"

                  Temperature (°C), Rain (mm), Wind Speed (km/h)

                                      Heat  Cool        Avg
    Mean                              Deg   Deg         Wind                 Dom
Day Temp  High   Time   Low    Time   Days  Days  Rain  Speed High   Time    Dir
----------------------------------------------------------------------------------
01  10.8  13.3   11:58   6.9   17:42   7.5   0.0  12.6  38.9  91.7   00:09     W
02   8.3  10.5   14:02   6.8   23:58  10.0   0.0   0.4  14.4  53.1   03:02   SSW
03   9.6  13.2   20:47   3.1   07:56   8.7   0.0   0.0   9.6  45.1   23:38   WNW
04  13.3  14.6   12:03  12.2   14:49   5.0   0.0   3.4  25.0  56.3   07:54   WNW
05  10.9  13.4   12:13   8.3   23:26   7.4   0.0  13.8   7.6  33.8   18:14    SE
06   9.9  13.9   22:50   3.7   08:38   8.4   0.0   1.8  18.1  62.8   23:09   WNW
07  10.4  13.4   00:22   5.0   21:51   7.9   0.0   0.0  14.3  57.9   00:58    SW
08  10.2  15.6   12:29   6.7   00:08   8.1   0.0   0.0  12.2  46.7   15:24    SE
09  10.1  13.8   21:21   4.8   06:18   8.2   0.0   0.0  12.1  45.1   22:47     N
10  13.5  15.1   12:57  11.9   21:03   4.8   0.0   1.6  14.4  43.4   00:16    NW
11  12.7  14.5   14:25  11.3   04:18   5.6   0.0   1.4   9.5  27.4   12:55   NNE
12  13.0  15.8   14:50  11.2   23:52   5.3   0.0   1.2   6.3  20.9   05:24     E
13  12.6  15.3   14:18  11.1   02:41   5.7   0.0   3.2   3.8  17.7   03:14     S
14  13.5  17.2   13:16  10.8   01:17   4.8   0.0   0.2   4.9  17.7   14:58     E
15  12.2  14.2   12:26  10.7   23:45   6.1   0.0   3.2   8.1  38.6   14:57    SW
16  11.5  14.4   12:27   7.6   06:41   6.8   0.0   1.2  15.6  54.7   14:28     W
17  11.5  13.3   13:39   7.1   22:54   6.8   0.0   0.0  25.7  56.3   04:43     W
18   7.8  12.0   11:14   3.3   06:20  10.5   0.0   0.0   7.5  40.2   15:36     S
19   6.0  12.1   14:06   1.5   06:42  12.3   0.0   0.0   4.8  14.5   01:16     E
20   8.0  13.3   13:40   3.2   08:25  10.3   0.0   0.0  10.4  25.8   13:51   ENE
21  12.5  15.1   13:00  10.1   02:15   5.8   0.0   1.0  11.9  38.6   11:53     N
22  10.1  13.5   12:52   6.6   23:28   8.2   0.0   0.0   7.5  24.1   08:00   ENE
23   8.4  10.7   09:54   4.8   03:49   9.9   0.0   3.6   4.6  20.9   20:44     S
24   9.9  13.0   14:45   7.8   07:09   8.4   0.0   0.0   6.5  25.8   12:34   SSW
25   8.1  12.9   16:01   3.5   23:58  10.2   0.0   0.0   4.1  14.5   01:56     E
26   6.6  11.8   13:28   1.1   06:40  11.7   0.0   0.2   5.6  16.1   01:06   ENE
27   6.3  11.2   15:11   1.3   03:42  12.0   0.0   0.2   5.7  14.5   13:21   ESE
28   6.3  12.1   14:20   0.2   06:26  12.0   0.0   0.2   7.6  20.9   10:05   ENE
29   9.0  13.2   16:09   4.8   01:32   9.3   0.0   0.2  10.8  37.0   19:00    NE
30   9.8  13.5   12:06   4.4   23:24   8.5   0.0   0.4   6.2  17.7   10:07   ENE
----------------------------------------------------------------------------------
    10.1  17.2    14     0.2    28   246.2   0.0  49.8  11.1  91.7     1     WNW

Max >=  15.0  6
Max <=  10.0  0
Min <=   5.0 14
Min <=   0.0  0
Max Rain: 13.8 on day 5
Days of Rain: 2 (>= 5.0 mm)  2 (>= 10.0 mm)  0 (>= 15.0 mm)
Heat Base: 18.3  Cool Base: 18.3  Method: Integration