NOAA-style Climate Reports

Select a Year or Month report

Report for 2019 Jul
                   Monthly Climatological Summary for Jul 2019

Name: Waikawa Beach Weather   City: Waikawa Beach   State: Horowhenua
Elevation: 28 ft  Lat: S 40° 41' 44"   Lon: E 175° 09' 42"

                  Temperature (°C), Rain (mm), Wind Speed (km/h)

                                      Heat  Cool        Avg
    Mean                              Deg   Deg         Wind                 Dom
Day Temp  High   Time   Low    Time   Days  Days  Rain  Speed High   Time    Dir
----------------------------------------------------------------------------------
01   8.9  14.3   13:47   5.1   01:02   9.4   0.0   0.0   8.8  22.5   03:52   ENE
02  11.1  15.8   15:07   5.6   05:02   7.2   0.0   0.4   8.1  20.9   21:49   ENE
03  14.4  16.6   14:31  12.2   01:02   3.9   0.0  13.6  11.3  32.2   21:08   ENE
04  12.2  14.9   00:08   8.9   23:55   6.1   0.0   2.8   8.2  35.4   23:21   ENE
05   8.8  10.5   12:12   7.8   08:39   9.5   0.0   0.0  12.6  40.2   17:44    SW
06   9.1  12.7   12:06   6.2   23:59   9.2   0.0   0.6  11.8  48.3   04:08   SSW
07   9.0  12.8   14:50   3.8   06:49   9.3   0.0   0.4  11.5  43.4   18:02    NW
08  10.7  14.9   11:46   6.8   02:25   7.6   0.0   0.0   7.1  20.9   03:42   ENE
09  10.5  13.3   12:17   7.7   03:59   7.8   0.0   0.0  10.9  30.6   16:04   NNE
10  11.1  12.9   13:40   9.2   06:39   7.2   0.0   2.4  10.5  38.6   22:16    NE
11  13.1  14.6   13:02  12.4   18:20   5.2   0.0   0.0  16.3  41.8   09:59   WNW
12  12.4  15.2   12:55  10.0   05:50   5.9   0.0   6.4  13.1  59.6   21:49     N
13  13.4  14.8   13:28  12.4   22:35   4.9   0.0   0.2  15.8  45.1   03:52   WNW
14  12.4  14.3   06:11  10.6   13:31   5.9   0.0  16.2  20.5  66.0   13:23   NNW
15  11.6  13.0   11:59   9.8   19:05   6.7   0.0   0.0  26.3  64.4   06:51   WNW
16  12.1  13.9   14:55  11.3   02:30   6.2   0.0  17.6  20.1  53.1   08:24   NNW
17  11.4  13.4   12:20   8.1   23:59   6.9   0.0  15.2  35.1  77.2   12:02     W
18   9.8  13.0   13:13   4.7   03:22   8.5   0.0   1.6  13.8  45.1   09:16   WNW
19  12.4  15.3   11:26   9.3   01:07   5.9   0.0   0.4  13.3  40.2   18:12   ENE
20  10.9  13.0   11:54   9.7   19:44   7.4   0.0   4.4   7.5  29.0   13:25    NE
21   9.9  10.0   19:52   9.8   00:00   8.4   0.0   0.0   3.7   7.3   23:56     E
22  10.0  10.1   18:42  10.0   00:00   8.3   0.0   0.0   4.4   8.0   23:36     E
23  10.1  10.2   13:23  10.1   00:00   8.2   0.0   0.0   5.1   8.7   23:57     E
24  10.2  10.3   12:13  10.2   00:00   8.1   0.0   0.0   5.8   9.4   23:37     E
25  10.4  10.4   06:54  10.3   00:00   7.9   0.0   0.0   6.5  10.1   23:57     E
26  10.5  10.5   05:44  10.4   00:00   7.8   0.0   0.0   7.2  10.8   23:37   ENE
27  10.6  10.7   23:15  10.5   00:00   7.7   0.0   0.0   7.9  11.5   23:58   ENE
28  10.7  10.8   17:56  10.7   00:00   7.6   0.0   0.0   8.6  12.2   23:38   ENE
29  10.8  10.9   16:46  10.8   00:00   7.5   0.0   0.0   9.3  12.9   23:59   ENE
30  11.0  11.0   11:27  10.9   00:00   7.3   0.0   0.0  10.0  13.6   23:38   ENE
31  11.1  11.1   10:17  11.0   00:00   7.2   0.0   0.0  10.7  14.3   23:59   ENE
----------------------------------------------------------------------------------
    11.0  16.6     3     3.8     7   226.7   0.0  82.2  11.7  77.2    17       N

Max >=  15.0  4
Max <=  10.0  1
Min <=   5.0  2
Min <=   0.0  0
Max Rain: 17.6 on day 16
Days of Rain: 5 (>= 5.0 mm)  4 (>= 10.0 mm)  3 (>= 15.0 mm)
Heat Base: 18.3  Cool Base: 18.3  Method: Integration