NOAA-style Climate Reports

Select a Year or Month report

Report for 2019 Sep
                   Monthly Climatological Summary for Sep 2019

Name: Waikawa Beach Weather   City: Waikawa Beach   State: Horowhenua
Elevation: 28 ft  Lat: S 40° 41' 44"   Lon: E 175° 09' 42"

                  Temperature (°C), Rain (mm), Wind Speed (km/h)

                                      Heat  Cool        Avg
    Mean                              Deg   Deg         Wind                 Dom
Day Temp  High   Time   Low    Time   Days  Days  Rain  Speed High   Time    Dir
----------------------------------------------------------------------------------
01  10.1  14.7   13:14   4.6   03:19   8.2   0.0   0.0   7.9  29.0   23:06     N
02  11.3  13.8   11:25   7.3   23:34   7.0   0.0   0.4   7.7  37.0   02:28    NW
03  10.2  15.2   11:52   4.9   03:44   8.1   0.0   0.2   4.5  20.9   13:53   SSE
04  15.0  19.7   14:59  10.1   02:06   3.3   0.0   0.6  10.5  48.3   14:24     E
05  12.7  14.2   02:37   9.8   23:32   5.6   0.0   7.0   6.7  29.0   20:14   SSW
06   9.7  12.1   12:55   7.9   21:21   8.6   0.0   3.2  11.2  45.1   22:44    SW
07   9.9  12.8   14:36   7.8   06:18   8.4   0.0   0.0  11.1  51.5   01:41    SW
08   9.5  12.0   11:40   7.7   04:52   8.8   0.0   0.4   5.0  20.9   13:59     E
09   8.5  12.2   16:05   3.3   23:51   9.8   0.0   0.2   4.1  29.0   14:26    SE
10   7.1  12.7   16:55   1.3   02:26  11.2   0.0   0.0   7.0  27.4   13:18   SSW
11   8.8  14.6   12:04   1.8   04:09   9.5   0.0   0.0   7.1  35.4   12:05    SE
12  10.3  14.1   12:30   4.6   06:24   8.0   0.0   0.0   9.7  33.8   13:50   NNE
13  13.0  14.8   12:13  11.7   00:16   5.3   0.0   0.4  18.6  43.4   16:08    NW
14  13.2  16.2   14:21  11.3   21:55   5.1   0.0   1.4  10.1  38.6   00:47     N
15  11.9  13.4   12:04  10.6   02:07   6.4   0.0   3.8  33.9  75.6   12:56   WNW
16  12.6  13.9   15:05  11.1   02:25   5.7   0.0   0.0  26.3  61.2   07:01   WNW
17  12.5  13.8   11:25   8.7   23:57   5.8   0.0   1.6  18.6  62.8   16:31   WNW
18   9.1  14.5   10:51   3.2   06:36   9.2   0.0   0.0   6.3  24.1   13:08     W
19   9.4  14.4   12:23   4.3   02:21   8.9   0.0   0.0   7.8  25.8   12:53    NE
20   9.8  16.6   13:03   4.5   06:55   8.5   0.0   0.0   6.1  37.0   15:54   SSE
21   9.0  13.2   12:56   3.6   04:39   9.3   0.0   0.0   6.4  24.1   15:29     W
22  10.8  14.1   12:23   6.7   00:58   7.5   0.0   0.0   9.8  37.0   12:55     N
23  12.8  13.7   20:11  11.7   00:00   5.5   0.0   0.8  21.2  49.9   22:01    NW
24  11.4  13.2   10:48   6.3   22:45   6.9   0.0   3.0  12.1  51.5   16:42   NNW
25  10.7  13.2   13:48   6.2   00:01   7.6   0.0   0.0  39.4  88.5   22:53     W
26  10.3  12.4   13:55   6.3   06:22   8.0   0.0   0.0  28.6  75.6   00:35     W
27  12.3  16.0   11:58   8.2   02:12   3.6   0.0   1.0  16.7  35.4   12:59    NE
28  12.9  14.1   12:40   0.0   12:40   2.0   0.0 184.4  22.6  54.7   18:14   WNW
29  13.5  15.2   13:41  12.3   04:19   4.5   0.0   0.4  18.7  53.1   00:28    NW
30  12.9  14.9   11:38  11.8   06:38   5.4   0.0   1.0  21.3  72.4   20:13    NW
----------------------------------------------------------------------------------
    11.0  19.7     4     0.0    28   211.7   0.0 209.8  13.9  88.5    25     WNW

Max >=  15.0  6
Max <=  10.0  0
Min <=   5.0 11
Min <=   0.0  1
Max Rain: 184.4 on day 28
Days of Rain: 2 (>= 5.0 mm)  1 (>= 10.0 mm)  1 (>= 15.0 mm)
Heat Base: 18.3  Cool Base: 18.3  Method: Integration