NOAA-style Climate Reports

Select a Year or Month report
V/Λ2021 > Jan Feb Mar Apr May Jun Jul Aug Sep Oct Nov Dec
V/Λ2020 > Jan Feb Mar Apr May Jun Jul Aug Sep Oct Nov Dec
V/Λ2019 > Jan Feb Mar Apr May Jun Jul Aug Sep Oct Nov Dec
V/Λ2018 > Jan Feb Mar Apr May Jun Jul Aug Sep Oct Nov Dec
V/Λ2017 > Jan Feb Mar Apr May Jun Jul Aug Sep Oct Nov Dec
V/Λ2016 > Jan Feb Mar Apr May Jun Jul Aug Sep Oct Nov Dec
V/Λ2015 > Jan Feb Mar Apr May Jun Jul Aug Sep Oct Nov Dec
V/Λ2014 > Jan Feb Mar Apr May Jun Jul Aug Sep Oct Nov Dec
V/Λ2013 > Jan Feb Mar Apr May Jun Jul Aug Sep Oct Nov Dec
V/Λ2012 > Jan Feb Mar Apr May Jun Jul Aug Sep Oct Nov Dec
V/Λ2011 > Jan Feb Mar Apr May Jun Jul Aug Sep Oct Nov Dec
V/Λ2010 > Jan Feb Mar Apr May Jun Jul Aug Sep Oct Nov Dec
V/Λ2009 > Jan Feb Mar Apr May Jun Jul Aug Sep Oct Nov Dec
V/Λ2008 > Jan Feb Mar Apr May Jun Jul Aug Sep Oct Nov Dec

Report for 2019 Oct
                   Monthly Climatological Summary for Oct 2019

Name: Waikawa Beach Weather   City: Waikawa Beach   State: Horowhenua
Elevation: 28 ft  Lat: S 40° 41' 44"   Lon: E 175° 09' 42"

                  Temperature (°C), Rain (mm), Wind Speed (km/h)

                                      Heat  Cool        Avg
    Mean                              Deg   Deg         Wind                 Dom
Day Temp  High   Time   Low    Time   Days  Days  Rain  Speed High   Time    Dir
----------------------------------------------------------------------------------
01   9.9  12.4   08:51   6.6   23:54   8.4   0.0   8.8  14.2  53.1   00:07     W
02   8.3  13.4   12:40   3.1   03:16  10.0   0.0   2.4  19.4  75.6   15:09     W
03   9.4  12.7   14:29   6.4   01:19   8.9   0.0   0.0  11.3  46.7   08:25   SSW
04   9.1  13.2   14:02   1.9   06:53   9.2   0.0   0.0   9.3  37.0   23:15   NNW
11  12.6  14.2   10:56  11.3   01:27   3.3   0.0   0.2  ----  49.9   05:18    NW
12  12.8  15.4   17:52   0.0   01:37   5.0   0.0  17.8   8.8  30.6   14:28     W
13  11.7  15.3   16:21   8.7   05:00   6.6   0.0   0.0   8.1  32.2   15:08   WSW
14  11.5  16.2   16:21   6.1   04:51   6.8   0.0   0.0   7.3  38.6   17:15     E
15  13.2  15.7   13:03  10.3   02:23   5.1   0.0   1.6   6.4  40.2   23:07    SW
16  13.9  18.1   15:31  11.7   03:46   4.4   0.0   0.0  15.1  61.2   13:21    SW
17  13.0  16.2   15:26   9.1   04:18   5.3   0.0   0.2   7.5  33.8   19:25    NW
18  13.6  14.6   22:06  12.5   07:50   4.7   0.0   7.2   7.8  24.1   04:49   NNE
19  13.7  15.4   13:29  12.2   07:49   4.1   0.0   9.4  17.6  57.9   08:28   NNW
20  13.6  15.3   14:17  12.6   20:26   4.7   0.0   0.0  15.3  41.8   20:59    NW
21  13.2  15.1   14:27  12.2   04:36   5.1   0.0   0.0  26.0  69.2   23:29    NW
22  12.3  14.7   14:11  10.3   22:24   6.0   0.0   6.4  28.7  80.5   02:38   WNW
23   9.4  12.8   17:32   3.4   23:48   8.9   0.0   6.6  15.4  69.2   01:18    SW
24  10.4  15.7   15:35   3.4   00:00   7.9   0.0   0.0  22.0  69.2   16:13   WNW
25  11.0  15.6   16:03   5.9   03:27   7.0   0.0   0.0  12.8  48.3   15:08   WSW
26  12.1  15.4   11:56   7.9   06:07   6.2   0.0   0.0   8.9  41.8   14:11   NNE
27  14.5  16.8   14:55  13.2   00:00   3.8   0.0   0.0  14.4  45.1   20:21   NNW
28  14.1  15.9   14:57  12.7   08:11   4.2   0.0   5.8  18.7  45.1   16:40    NW
29  13.0  14.8   14:38  10.0   23:30   5.3   0.0   0.0  26.8  62.8   09:21   WNW
30  11.8  14.8   17:31   6.4   04:40   6.5   0.0   0.0  12.9  45.1   21:35    NW
31  12.1  15.2   16:36   7.9   06:07   6.2   0.0   0.0  10.3  37.0   00:33    NW
----------------------------------------------------------------------------------
    12.0  18.1    16     0.0    12   153.6   0.0  66.4  14.4  80.5    22     WNW

Max >=  15.0 15
Max <=  10.0  0
Min <=   5.0  5
Min <=   0.0  1
Max Rain: 17.8 on day 12
Days of Rain: 7 (>= 5.0 mm)  1 (>= 10.0 mm)  1 (>= 15.0 mm)
Heat Base: 18.3  Cool Base: 18.3  Method: Integration