NOAA-style Climate Reports

Select a Year or Month report

Report for 2019 Nov
                   Monthly Climatological Summary for Nov 2019

Name: Waikawa Beach Weather   City: Waikawa Beach   State: Horowhenua
Elevation: 28 ft  Lat: S 40° 41' 44"   Lon: E 175° 09' 42"

                  Temperature (°C), Rain (mm), Wind Speed (km/h)

                                      Heat  Cool        Avg
    Mean                              Deg   Deg         Wind                 Dom
Day Temp  High   Time   Low    Time   Days  Days  Rain  Speed High   Time    Dir
----------------------------------------------------------------------------------
01  12.0  14.6   16:52   7.3   04:23   6.3   0.0   0.0   9.9  49.9   00:33   WSW
02  12.0  15.3   13:51   8.1   06:00   6.3   0.0   0.0   7.5  30.6   12:53     W
03  14.0  17.4   14:50  10.8   00:33   4.3   0.0   0.0  11.7  35.4   11:52   NNE
04  14.7  17.0   16:02  12.5   06:30   3.6   0.0   0.0  10.7  33.8   09:25   NNE
05  14.4  16.9   14:15  12.8   06:41   3.9   0.0   0.0   9.6  32.2   17:42    NW
06  15.4  18.2   14:01  13.9   05:58   2.9   0.0   0.0   6.9  27.4   13:42    NW
07  16.3  20.9   11:44  12.1   05:12   2.4   0.3   0.0   9.1  32.2   13:35   WNW
08  16.7  18.1   12:45  15.2   03:59   1.6   0.0   0.0   9.1  38.6   13:14    NW
09  18.0  21.2   16:19  16.3   03:19   0.7   0.4   0.2   7.4  29.0   10:17   NNW
10  17.2  20.9   10:33  15.3   23:54   1.3   0.3  12.0  10.2  43.5   11:34   ENE
11  13.4  15.3   00:00  10.9   12:18   4.9   0.0   8.2  14.5  66.0   09:36    NW
12  12.5  16.4   14:59   9.6   23:27   5.8   0.0   0.0   9.9  41.8   16:40   WSW
13  13.4  16.4   16:12   9.3   00:36   4.9   0.0   0.0  16.0  46.7   23:12    NW
14  14.0  16.9   14:15   9.6   23:59   4.3   0.0   6.2  23.0  85.3   19:17    NW
15  13.5  15.7   14:09   9.4   04:16   4.7   0.0   7.4  28.4  66.0   16:05   WNW
16  15.5  17.9   13:57  12.9   01:49   2.8   0.0   0.6  21.8  46.7   00:04    NW
17  15.3  16.3   12:10  14.4   22:45   3.0   0.0  15.4  16.4  51.5   06:23    NW
18  13.7  14.7   16:55  12.2   12:18   4.6   0.0   0.8  23.5  74.0   11:40   WNW
19  13.5  15.7   14:39  11.9   02:55   4.8   0.0   0.4  23.4  56.3   16:42   WNW
20  14.3  16.2   14:20  11.1   23:59   4.0   0.0   0.4  20.5  59.5   03:48    NW
21  12.6  16.4   17:29   7.8   06:09   5.7   0.0   0.0   8.2  29.0   11:50     W
22  13.6  15.8   15:01  11.1   00:00   4.7   0.0   0.0  13.6  41.8   11:50   NNE
23  15.8  19.4   18:28  12.9   05:30   2.5   0.1   0.0   9.4  32.2   12:01   NNE
25  14.7  16.1   13:58  12.6   03:34   3.3   0.0   0.4  ----  37.0   11:30   NNE
26  16.7  20.6   15:51   0.0   07:17   1.2   0.1   0.4   8.0  27.4   13:58     N
27  15.2  18.8   14:40   9.3   06:48   3.2   0.0   0.0   7.8  29.0   14:50   WNW
28  18.1  21.8   16:20  15.8   03:01   0.9   0.7   0.0   6.4  25.7   15:06     W
29  17.5  20.2   11:36  14.6   23:53   1.2   0.4   0.0   7.5  32.2   16:23   WSW
30  17.0  23.8   16:33  11.7   06:32   2.0   0.7   0.0   7.3  25.7   12:38     W
----------------------------------------------------------------------------------
    14.9  23.8    30     0.0    26   101.8   3.0  52.4  12.8  85.3    14      NW

Max >=  15.0 27
Max <=  10.0  0
Min <=   5.0  1
Min <=   0.0  1
Max Rain: 15.4 on day 17
Days of Rain: 5 (>= 5.0 mm)  2 (>= 10.0 mm)  1 (>= 15.0 mm)
Heat Base: 18.3  Cool Base: 18.3  Method: Integration