NOAA-style Climate Reports

Select a Year or Month report

Report for 2020 Feb
                   Monthly Climatological Summary for Feb 2020

Name: Waikawa Beach Weather   City: Waikawa Beach   State: Horowhenua
Elevation: 28 ft  Lat: S 40° 41' 44"   Lon: E 175° 09' 42"

                  Temperature (°C), Rain (mm), Wind Speed (km/h)

                                      Heat  Cool        Avg
    Mean                              Deg   Deg         Wind                 Dom
Day Temp  High   Time   Low    Time   Days  Days  Rain  Speed High   Time    Dir
----------------------------------------------------------------------------------
01  19.4  21.6   14:30  18.2   05:41   0.0   1.1   0.0  11.4  38.6   12:39     N
02  19.9  22.3   13:13  18.7   02:33   0.0   1.6   0.0  15.2  45.1   13:34   NNW
03  20.2  23.1   15:34  19.0   08:11   0.0   1.9   0.2  10.8  32.2   01:28    NW
04  21.2  24.4   16:17  18.3   21:33   0.0   3.0   1.0  16.2  70.8   20:55    NW
05  17.6  20.0   15:54  13.9   22:51   1.0   0.2   0.2  21.9  69.2   03:57   WNW
06  17.1  21.1   18:12  14.1   00:15   1.7   0.6   0.0  10.9  32.2   15:31     N
07  17.5  21.6   16:40  12.4   06:27   1.7   0.9   0.0   8.9  33.8   15:45   WSW
08  16.1  18.8   17:32  12.2   02:40   2.2   0.0   0.0  16.6  57.9   15:47    NW
09  14.3  18.3   18:11   9.0   06:50   4.0   0.0   0.0   8.4  35.4   13:55   WSW
10  15.7  19.7   14:50  11.0   03:13   2.8   0.2   0.0   8.9  29.0   13:11   NNW
11  16.7  19.6   18:15  13.8   01:07   1.8   0.2   0.0   7.2  27.4   15:48   WNW
12  17.1  20.9   18:57  13.6   06:56   1.7   0.5   0.0   6.0  27.4   14:27     W
13  17.6  20.1   14:46  15.8   04:00   0.9   0.3   0.0   7.6  27.4   08:53   NNW
14  18.8  24.2   15:54  13.7   05:15   1.3   1.8   0.0   8.3  30.6   14:21    SW
15  18.8  23.8   13:50  13.7   05:17   1.2   1.7   0.0   6.7  33.8   17:19   WSW
16  21.1  25.5   15:54  16.9   02:39   0.2   3.0   0.0   8.5  45.1   10:44     N
17  20.9  23.0   15:02  19.3   06:03   0.0   2.6   0.6   3.8  30.6   17:40     E
18  19.7  22.3   10:39  18.1   13:19   0.0   1.4   4.2   4.6  38.6   12:41     N
19  19.4  21.3   15:14  18.2   23:53   0.0   1.1   3.4   8.0  30.6   11:45   NNW
20  19.2  22.3   14:48  16.7   23:56   0.1   1.0   0.0   8.6  30.6   11:50     N
21  19.0  24.4   15:48  13.2   06:26   1.4   2.1   0.0  10.6  46.7   20:55     N
22  19.1  20.9   16:26  17.3   23:51   0.1   0.9   3.0  12.9  35.4   01:11   WNW
23  16.3  20.9   16:19  11.8   23:58   2.4   0.4   2.6   7.6  40.2   01:59   SSW
24  14.9  20.0   14:35   9.0   02:15   3.6   0.3   0.0   8.7  29.0   15:01    SW
25  16.6  21.4   16:51  11.2   06:13   2.5   0.8   0.0   7.7  29.0   14:48    SW
26  17.9  22.8   18:15  12.4   07:23   1.6   1.2   0.0   6.5  22.5   11:56   WSW
27  18.3  22.4   17:36  14.6   23:16   1.2   1.2   0.0   6.0  25.7   12:30   NNW
28  18.2  22.3   15:03  13.3   07:00   1.5   1.4   0.0   6.4  25.7   17:14   NNW
29  19.1  22.9   17:34  14.2   23:36   0.4   1.1   3.8   8.9  32.2   17:12    NW
----------------------------------------------------------------------------------
    18.2  25.5    16     9.0     9    35.3  32.5  19.0   9.4  70.8     4      NW

Max >=  15.0 29
Max <=  10.0  0
Min <=   5.0  0
Min <=   0.0  0
Max Rain: 4.2 on day 18
Days of Rain: 0 (>= 5.0 mm)  0 (>= 10.0 mm)  0 (>= 15.0 mm)
Heat Base: 18.3  Cool Base: 18.3  Method: Integration