NOAA-style Climate Reports

Select a Year or Month report
V/Λ2021 > Jan Feb Mar Apr May Jun Jul Aug Sep Oct Nov Dec
V/Λ2020 > Jan Feb Mar Apr May Jun Jul Aug Sep Oct Nov Dec
V/Λ2019 > Jan Feb Mar Apr May Jun Jul Aug Sep Oct Nov Dec
V/Λ2018 > Jan Feb Mar Apr May Jun Jul Aug Sep Oct Nov Dec
V/Λ2017 > Jan Feb Mar Apr May Jun Jul Aug Sep Oct Nov Dec
V/Λ2016 > Jan Feb Mar Apr May Jun Jul Aug Sep Oct Nov Dec
V/Λ2015 > Jan Feb Mar Apr May Jun Jul Aug Sep Oct Nov Dec
V/Λ2014 > Jan Feb Mar Apr May Jun Jul Aug Sep Oct Nov Dec
V/Λ2013 > Jan Feb Mar Apr May Jun Jul Aug Sep Oct Nov Dec
V/Λ2012 > Jan Feb Mar Apr May Jun Jul Aug Sep Oct Nov Dec
V/Λ2011 > Jan Feb Mar Apr May Jun Jul Aug Sep Oct Nov Dec
V/Λ2010 > Jan Feb Mar Apr May Jun Jul Aug Sep Oct Nov Dec
V/Λ2009 > Jan Feb Mar Apr May Jun Jul Aug Sep Oct Nov Dec
V/Λ2008 > Jan Feb Mar Apr May Jun Jul Aug Sep Oct Nov Dec

Report for 2020 Apr
                   Monthly Climatological Summary for Apr 2020

Name: Waikawa Beach Weather   City: Waikawa Beach   State: Horowhenua
Elevation: 28 ft  Lat: S 40° 41' 44"   Lon: E 175° 09' 42"

                  Temperature (°C), Rain (mm), Wind Speed (km/h)

                                      Heat  Cool        Avg
    Mean                              Deg   Deg         Wind                 Dom
Day Temp  High   Time   Low    Time   Days  Days  Rain  Speed High   Time    Dir
----------------------------------------------------------------------------------
01  13.7  17.4   17:25  10.5   06:54   4.6   0.0   0.2   5.2  20.9   14:21   WSW
02  13.1  17.6   16:44   8.9   04:02   5.2   0.0   0.2   5.7  24.1   19:23     W
03  13.6  18.2   17:59   9.6   03:28   4.7   0.0   0.2   6.0  27.4   15:01   WSW
04  13.9  19.2   16:02   8.6   08:26   4.5   0.0   0.0   6.3  24.1   15:28   SSW
05  14.1  21.2   13:15   8.2   06:15   4.7   0.3   0.0   7.1  30.6   09:55    NE
06  14.2  70.0   10:11  10.1   00:57   4.2   0.1   0.0   8.1  29.0   10:25    NE
07  15.9  20.4   14:07  12.3   01:18   2.4   0.1   0.2   7.6  35.4   23:12   NNE
08  16.0  18.6   11:43  12.3   23:50   2.3   0.0   0.6   7.6  38.6   00:02     N
09  13.4  17.1   13:49   8.8   23:13   4.9   0.0   0.4   7.4  41.8   11:54     S
10  11.6  17.1   14:35   5.7   05:01   6.7   0.0   0.0   6.5  25.7   15:05    SW
11  12.7  18.9   11:53   5.9   05:29   5.6   0.0   0.0   7.2  22.5   12:35   ENE
12  16.4  20.4   16:00  11.9   00:00   2.1   0.2   2.4  10.7  33.8   11:36    NE
13  15.5  17.2   11:20  12.9   22:08   2.8   0.0   3.8  40.9  95.0   15:54   WNW
14  12.7  14.1   14:34   9.3   23:59   5.6   0.0   0.0  24.4  82.1   00:21     W
15  10.4  14.5   13:05   4.7   04:33   7.9   0.0   0.0   5.9  27.4   12:13   SSW
16  13.5  17.2   12:56   8.2   06:17   4.8   0.0   0.0  14.1  59.5   23:54   WNW
17  16.6  18.2   10:55  15.3   00:00   1.7   0.0   2.6  18.1  57.9   00:19   WNW
18  16.3  17.7   10:47  14.4   11:38   2.0   0.0   2.2  21.7  61.2   11:28   WNW
19  16.1  18.2   13:26  13.9   23:36   2.2   0.0   1.8  22.5  56.3   02:45   WNW
20  15.7  17.5   12:28  14.7   16:49   2.6   0.0   0.4  19.3  49.9   17:12   WNW
21  13.6  17.4   14:24   9.0   21:02   4.7   0.0   0.0   5.9  22.5   00:00   NNW
22  13.8  17.7   12:53   9.8   00:00   4.5   0.0   0.0   7.7  30.6   13:58    NE
23  15.0  18.4   16:02  10.9   07:03   3.3   0.0   0.0   6.0  30.6   11:47    NE
24  15.2  18.1   12:51  13.7   21:17   3.1   0.0   0.2   7.8  27.4   12:51   NNE
25  15.6  17.4   16:16  13.3   01:04   2.7   0.0   0.0  15.8  56.3   13:39    NW
26  15.5  18.1   15:12  12.8   20:41   2.8   0.0   0.0   7.1  24.1   13:58   NNE
27  15.9  17.7   16:38  12.9   08:10   2.4   0.0   0.0  16.6  53.1   16:13    NW
28  15.3  19.8   12:08   8.8   23:04   3.1   0.0   0.0  10.7  41.8   04:59    NW
29  12.7  18.8   13:20   6.2   06:20   5.6   0.0   0.0   5.9  25.7   11:59    NE
30  14.6  16.4   13:48  12.2   02:59   3.7   0.0   0.0   4.6  20.9   05:44    NE
----------------------------------------------------------------------------------
    14.4  70.0     6     4.7    15   117.4   0.7  15.2  11.3  95.0    13      NW

Max >=  15.0 28
Max <=  10.0  0
Min <=   5.0  1
Min <=   0.0  0
Max Rain: 3.8 on day 13
Days of Rain: 0 (>= 5.0 mm)  0 (>= 10.0 mm)  0 (>= 15.0 mm)
Heat Base: 18.3  Cool Base: 18.3  Method: Integration