NOAA-style Climate Reports

Select a Year or Month report
V/Λ2021 > Jan Feb Mar Apr May Jun Jul Aug Sep Oct Nov Dec
V/Λ2020 > Jan Feb Mar Apr May Jun Jul Aug Sep Oct Nov Dec
V/Λ2019 > Jan Feb Mar Apr May Jun Jul Aug Sep Oct Nov Dec
V/Λ2018 > Jan Feb Mar Apr May Jun Jul Aug Sep Oct Nov Dec
V/Λ2017 > Jan Feb Mar Apr May Jun Jul Aug Sep Oct Nov Dec
V/Λ2016 > Jan Feb Mar Apr May Jun Jul Aug Sep Oct Nov Dec
V/Λ2015 > Jan Feb Mar Apr May Jun Jul Aug Sep Oct Nov Dec
V/Λ2014 > Jan Feb Mar Apr May Jun Jul Aug Sep Oct Nov Dec
V/Λ2013 > Jan Feb Mar Apr May Jun Jul Aug Sep Oct Nov Dec
V/Λ2012 > Jan Feb Mar Apr May Jun Jul Aug Sep Oct Nov Dec
V/Λ2011 > Jan Feb Mar Apr May Jun Jul Aug Sep Oct Nov Dec
V/Λ2010 > Jan Feb Mar Apr May Jun Jul Aug Sep Oct Nov Dec
V/Λ2009 > Jan Feb Mar Apr May Jun Jul Aug Sep Oct Nov Dec
V/Λ2008 > Jan Feb Mar Apr May Jun Jul Aug Sep Oct Nov Dec

Report for 2020 May
                   Monthly Climatological Summary for May 2020

Name: Waikawa Beach Weather   City: Waikawa Beach   State: Horowhenua
Elevation: 28 ft  Lat: S 40° 41' 44"   Lon: E 175° 09' 42"

                  Temperature (°C), Rain (mm), Wind Speed (km/h)

                                      Heat  Cool        Avg
    Mean                              Deg   Deg         Wind                 Dom
Day Temp  High   Time   Low    Time   Days  Days  Rain  Speed High   Time    Dir
----------------------------------------------------------------------------------
01  15.9  20.1   12:26  14.2   05:58   2.4   0.0   0.0   3.5  22.5   19:07     N
02  16.4  19.4   13:42  13.1   07:15   1.9   0.1   0.0  12.8  49.9   11:18   NNE
03  17.6  19.6   13:41  15.3   22:48   0.9   0.1  27.2  10.5  46.7   18:20    NE
04  15.0  17.1   15:54  11.1   22:20   3.3   0.0  14.0  12.8  51.5   21:16     N
05  11.4  15.4   12:24   6.7   18:12   6.9   0.0   6.6   9.3  61.2   05:53   WSW
06  10.0  14.7   12:52   5.9   21:39   8.3   0.0   0.0  10.4  32.2   05:17    SW
07  13.0  16.7   13:06   6.7   00:21   5.3   0.0   0.0  11.9  35.4   21:26   NNE
08  14.9  18.1   11:57  12.9   02:27   3.4   0.0   0.0   9.1  29.0   13:42    NE
09  13.9  17.4   12:06   9.8   22:00   4.4   0.0   0.0   8.0  30.6   14:18    NE
10  14.1  19.3   13:29   8.9   05:12   4.2   0.0   0.0   7.0  20.9   13:55    NE
11  15.1  20.1   13:43   9.0   23:57   3.3   0.2   0.0   6.2  24.1   11:31   ENE
12  13.0  18.5   12:32   8.9   00:09   5.3   0.0   0.0   5.6  25.7   12:09   ENE
13  12.9  18.4   13:38   7.9   08:22   5.4   0.0   0.0   5.9  32.2   12:19     E
14  13.0  18.1   13:15   8.2   00:08   5.3   0.0   0.0   7.3  22.5   10:37   ENE
15  12.7  17.3   12:06   9.0   23:05   5.6   0.0   0.0   6.1  24.1   14:21   ENE
16  12.0  18.4   15:16   6.3   08:26   6.3   0.0   0.0   3.4  19.3   18:48   SSE
17  11.6  17.3   14:21   6.6   03:01   6.7   0.0   0.0   4.8  17.7   15:39    SE
18  11.0  16.3   11:47   6.3   06:45   7.3   0.0   0.0   5.4  19.3   17:04     S
19  11.5  16.5   13:15   3.9   23:32   6.8   0.0   0.0   5.6  29.0   15:22     S
20   7.4  13.9   12:00   2.1   07:30  10.9   0.0   0.0   5.0  20.9   22:39     E
21   9.4  13.6   14:45   4.0   01:05   8.9   0.0   0.0   7.8  22.5   07:32   ENE
22  11.2  15.2   14:52   8.1   07:38   7.1   0.0   0.0   6.1  20.9   14:53   ENE
23  11.1  16.3   11:50   7.3   21:02   6.6   0.0   0.0   6.0  19.3   13:16     E
24  11.4  15.2   12:31   6.7   00:07   6.9   0.0   0.2   6.3  20.9   04:27   ENE
25  13.9  15.5   02:50  11.9   23:57   4.4   0.0   1.0   9.8  33.8   12:15     S
26  11.8  16.4   12:18   6.9   20:30   6.5   0.0   0.2   4.2  20.9   15:37     S
27   8.5  14.2   11:13   3.8   08:09   9.8   0.0   0.0   4.6  17.7   12:26     E
28   7.8  13.7   12:00   3.3   05:21  10.5   0.0   0.4   4.8  17.7   13:03    SE
29  10.7  15.6   12:23   3.9   03:36   7.6   0.0   3.4   5.3  20.9   08:29   ENE
30  11.6  14.4   14:27   8.7   23:57   6.7   0.0   0.2   1.8  11.3   05:23   SSE
31  10.9  15.4   14:17   4.9   06:55   7.4   0.0   0.0   4.5  16.1   13:37    SE
----------------------------------------------------------------------------------
    12.3  20.1     1     2.1    20   186.3   0.4  53.2   6.8  61.2     5     ENE

Max >=  15.0 25
Max <=  10.0  0
Min <=   5.0  7
Min <=   0.0  0
Max Rain: 27.2 on day 3
Days of Rain: 3 (>= 5.0 mm)  2 (>= 10.0 mm)  1 (>= 15.0 mm)
Heat Base: 18.3  Cool Base: 18.3  Method: Integration