NOAA-style Climate Reports

Select a Year or Month report
V/Λ2021 > Jan Feb Mar Apr May Jun Jul Aug Sep Oct Nov Dec
V/Λ2020 > Jan Feb Mar Apr May Jun Jul Aug Sep Oct Nov Dec
V/Λ2019 > Jan Feb Mar Apr May Jun Jul Aug Sep Oct Nov Dec
V/Λ2018 > Jan Feb Mar Apr May Jun Jul Aug Sep Oct Nov Dec
V/Λ2017 > Jan Feb Mar Apr May Jun Jul Aug Sep Oct Nov Dec
V/Λ2016 > Jan Feb Mar Apr May Jun Jul Aug Sep Oct Nov Dec
V/Λ2015 > Jan Feb Mar Apr May Jun Jul Aug Sep Oct Nov Dec
V/Λ2014 > Jan Feb Mar Apr May Jun Jul Aug Sep Oct Nov Dec
V/Λ2013 > Jan Feb Mar Apr May Jun Jul Aug Sep Oct Nov Dec
V/Λ2012 > Jan Feb Mar Apr May Jun Jul Aug Sep Oct Nov Dec
V/Λ2011 > Jan Feb Mar Apr May Jun Jul Aug Sep Oct Nov Dec
V/Λ2010 > Jan Feb Mar Apr May Jun Jul Aug Sep Oct Nov Dec
V/Λ2009 > Jan Feb Mar Apr May Jun Jul Aug Sep Oct Nov Dec
V/Λ2008 > Jan Feb Mar Apr May Jun Jul Aug Sep Oct Nov Dec

Report for 2020 Aug
                   Monthly Climatological Summary for Aug 2020

Name: Waikawa Beach Weather   City: Waikawa Beach   State: Horowhenua
Elevation: 28 ft  Lat: S 40° 41' 44"   Lon: E 175° 09' 42"

                  Temperature (°C), Rain (mm), Wind Speed (km/h)

                                      Heat  Cool        Avg
    Mean                              Deg   Deg         Wind                 Dom
Day Temp  High   Time   Low    Time   Days  Days  Rain  Speed High   Time    Dir
----------------------------------------------------------------------------------
01  10.4  14.6   15:19   6.5   04:25   7.9   0.0   0.0   5.7  19.3   12:53     E
02  11.2  16.8   13:22   6.4   01:42   7.1   0.0   0.0   5.9  30.6   11:27   ENE
03  10.0  14.4   14:44   6.3   02:21   8.3   0.0   0.0   5.4  19.3   06:46   ENE
04  10.7  15.0   14:54   7.5   00:21   7.6   0.0   0.0   7.5  25.7   14:36    NE
05  11.9  14.8   13:01  10.4   01:21   6.4   0.0   0.4   4.9  19.3   02:20    NE
06  11.9  16.9   12:59   6.2   07:00   6.4   0.0   0.0   7.2  24.1   13:25    NE
07  11.4  15.1   12:40   9.2   19:47   3.3   0.0   2.8   7.2  38.6   15:19   NNW
08   8.9  12.2   11:41   4.2   20:44   9.4   0.0   0.4   7.6  48.3   11:19   SSE
09  10.3  14.4   12:01   5.6   02:36   7.8   0.0   0.0  12.8  40.2   19:25   NNW
10  12.4  15.4   12:08   8.8   03:40   5.9   0.0   0.0  13.2  41.8   16:21   NNW
11  11.5  13.9   12:16  10.1   21:46   6.8   0.0   0.2   5.6  33.8   02:45    NE
12  11.1  15.6   14:01   4.9   23:59   7.2   0.0   1.4   6.4  49.9   10:42   SSE
13   9.1  13.9   14:30   4.3   01:21   9.2   0.0   0.0   5.1  20.9   13:34   ENE
14   8.6  13.8   13:35   2.7   23:44   9.7   0.0   0.0   3.6  22.5   13:39    SE
15   5.7  10.7   14:13   0.5   04:26  12.6   0.0   0.0   6.6  25.7   14:18   SSW
16   6.4  12.4   15:42   1.1   05:35  11.9   0.0   0.2   4.6  19.3   13:04    NE
17   6.9  13.6   12:48   1.8   04:50  11.4   0.0   0.0   4.2  17.7   13:04   ESE
18   9.5  16.4   15:37   0.3   05:45   8.8   0.0   0.0   9.0  32.2   19:17   ENE
19  13.6  15.6   21:43  11.6   01:13   4.7   0.0   5.0  15.3  45.1   16:10   ENE
20  13.5  15.4   14:00  12.0   04:28   4.8   0.0   5.0  12.4  48.3   21:02   NNW
21  13.7  15.2   13:10  11.7   03:04   4.6   0.0  11.0  25.7  69.2   22:31   WNW
22  13.0  15.4   13:24   7.8   23:57   5.2   0.0   0.2  21.6  66.0   03:21   WNW
23  12.9  18.7   16:25   6.9   03:58   5.4   0.0   0.8   6.6  24.1   12:11   ENE
24  12.7  15.2   12:25  10.4   03:39   5.6   0.0  14.2  20.4  56.3   08:08    NW
25  11.7  16.6   15:12   8.5   23:58   6.6   0.0   4.6   7.0  32.2   01:13    SW
26   9.5  12.1   11:51   7.2   04:13   8.8   0.0   0.2   6.3  32.2   23:57   WSW
27  11.0  13.9   12:34   5.3   23:52   7.3   0.0   0.0  17.7  49.9   08:20     W
28   9.7  14.1   13:42   3.6   02:18   8.6   0.0   0.0  16.4  48.3   20:54    NW
29  13.7  15.8   15:13  11.1   04:48   4.6   0.0   5.2  21.4  51.5   04:50   WNW
30  13.9  15.4   13:03  13.2   06:30   4.4   0.0   0.0  19.7  45.1   02:10    NW
31  13.6  14.3   12:16  12.8   06:09   4.7   0.0   0.2  12.9  37.0   03:52   NNW
----------------------------------------------------------------------------------
    11.0  18.7    23     0.3    18   223.0   0.0  51.8  10.5  69.2    21     NNW

Max >=  15.0 16
Max <=  10.0  0
Min <=   5.0  9
Min <=   0.0  0
Max Rain: 14.2 on day 24
Days of Rain: 5 (>= 5.0 mm)  2 (>= 10.0 mm)  0 (>= 15.0 mm)
Heat Base: 18.3  Cool Base: 18.3  Method: Integration