NOAA-style Climate Reports

Select a Year or Month report

Report for 2021 Feb
                   Monthly Climatological Summary for Feb 2021

Name: Waikawa Beach Weather   City: Waikawa Beach   State: Horowhenua
Elevation: 28 ft  Lat: S 40° 41' 44"   Lon: E 175° 09' 41"

                  Temperature (°C), Rain (mm), Wind Speed (km/h)

                                      Heat  Cool        Avg
    Mean                              Deg   Deg         Wind                 Dom
Day Temp  High   Time   Low    Time   Days  Days  Rain  Speed High   Time    Dir
----------------------------------------------------------------------------------
01  16.3  22.2   17:38  10.7   03:01   2.8   0.8   0.0   8.2  22.5   13:52     W
02  17.1  22.4   17:51  10.8   07:18   2.3   1.2   0.0   7.5  27.4   16:41    SW
03  17.2  22.6   16:54  11.1   06:09   2.2   1.1   0.0   7.3  25.7   15:30   WSW
04  17.4  23.6   14:44  11.3   07:00   2.4   1.5   0.0   7.6  40.2   13:58     S
05  15.4  21.5   19:08   7.7   06:10   3.4   0.5   0.0   5.8  37.0   15:28     W
06  15.5  20.9   18:55   9.7   07:01   2.9   0.2   0.0   7.3  29.0   12:01   WSW
07  17.2  22.8   12:01  10.9   03:15   2.4   1.3   0.0   6.3  27.4   13:15   WNW
08  18.5  22.2   17:22  14.4   00:07   1.1   1.3   0.0   7.9  27.4   13:54    NW
09  20.1  24.7   16:02  17.2   01:28   0.3   2.0   0.6   8.7  37.0   10:38   NNE
10  17.7  20.2   06:00  15.5   11:48   0.9   0.3  14.2  12.3  53.1   10:51   NNW
11  17.3  19.8   15:14  15.5   23:50   1.2   0.2   0.0  16.1  38.6   13:31   WNW
12  17.0  21.4   18:09  13.6   02:06   1.8   0.6   0.0   8.1  30.6   16:50    NW
13  16.5  20.4   10:33  10.9   06:17   2.2   0.5   0.0   5.8  24.1   12:04     W
14  17.4  23.1   18:18  12.0   06:06   2.0   1.0   0.0   4.5  19.3   17:38   NNW
15  17.0  20.7   11:17  12.8   03:26   1.6   0.4  16.8   3.4  20.9   03:35    SW
16  16.6  19.4   14:05  13.4   23:53   1.8   0.1  11.4  15.4  59.5   12:52     S
17  15.8  21.3   15:21  11.1   23:42   2.9   0.5   0.0   6.6  33.8   15:29   SSE
18  13.5  18.8   17:39   6.1   07:06   4.8   0.0   0.0   6.8  29.0   15:43   WSW
19  15.0  20.2   18:03   8.7   02:43   3.6   0.3   0.0   7.9  29.0   14:20     N
20  16.4  20.7   16:33  12.8   02:46   2.3   0.4   0.0   8.2  27.4   13:55   NNE
21  16.7  21.4   17:31  12.8   07:08   2.0   0.4   0.0   6.4  25.7   12:32   NNW
22  17.2  23.9   10:50  10.7   06:12   2.3   1.3   0.0   7.4  29.0   13:31   WSW
26  13.8  15.7   08:28  12.4   05:50   1.6   0.0   0.0  ----  17.7   06:57     E
27  20.1  22.8   13:22   0.0   10:11   0.2   1.2   0.0   7.7  22.5   14:08     W
28  19.2  24.5   11:01  15.8   00:51   0.7   1.6   0.0   6.7  24.1   14:14     W
----------------------------------------------------------------------------------
    16.9  24.7     9     0.0    27    51.7  18.7  43.0   7.9  59.5    16     WNW

Max >=  15.0 25
Max <=  10.0  0
Min <=   5.0  1
Min <=   0.0  1
Max Rain: 16.8 on day 15
Days of Rain: 3 (>= 5.0 mm)  3 (>= 10.0 mm)  1 (>= 15.0 mm)
Heat Base: 18.3  Cool Base: 18.3  Method: Integration