NOAA-style Climate Reports

Select a Year or Month report

Report for 2021 Mar
                   Monthly Climatological Summary for Mar 2021

Name: Waikawa Beach Weather   City: Waikawa Beach   State: Horowhenua
Elevation: 28 ft  Lat: S 40° 41' 44"   Lon: E 175° 09' 41"

                  Temperature (°C), Rain (mm), Wind Speed (km/h)

                                      Heat  Cool        Avg
    Mean                              Deg   Deg         Wind                 Dom
Day Temp  High   Time   Low    Time   Days  Days  Rain  Speed High   Time    Dir
----------------------------------------------------------------------------------
01  19.6  25.3   17:33  15.6   04:57   0.6   1.9   5.2   5.6  20.9   15:47   NNE
02  20.0  23.8   13:57  16.8   01:33   0.3   2.0   0.6   6.6  30.6   09:12   NNE
03  19.8  22.4   14:52  17.8   05:48   0.0   1.5   3.0   8.6  30.6   01:41    NW
04  18.8  20.9   13:28  17.7   20:29   0.2   0.6   0.8  14.7  49.9   23:47   WNW
05  18.3  20.8   13:05  16.9   06:01   0.4   0.4   0.0  19.8  49.9   02:21   WNW
06  16.6  18.6   09:33  14.8   21:46   1.7   0.0   3.2  11.2  41.8   00:15   NNE
07  16.9  18.7   16:42  13.8   08:33   1.4   0.0  12.8  22.1  56.3   09:16   WNW
08  15.7  19.2   17:13  10.3   07:30   2.6   0.0   0.0  10.0  59.5   01:11     W
09  16.7  20.3   15:35  12.6   00:00   1.9   0.3   0.0   9.3  33.8   15:54   NNE
10  17.4  19.3   14:36  15.6   08:56   1.0   0.1  12.2  12.0  46.7   06:07   NNW
11  17.1  20.5   13:15  12.5   23:41   1.6   0.4  19.6   7.2  40.2   00:02   SSW
12  14.6  20.2   11:34   7.8   07:44   3.9   0.2   0.0   5.4  30.6   14:04   NNW
13  13.6  18.9   18:00   7.9   06:30   4.7   0.0   0.0   7.2  24.1   13:02    SW
14  15.1  20.8   17:41   7.4   06:56   3.7   0.5   0.0   6.3  22.5   09:53    NE
15  16.8  22.3   15:14  11.3   05:31   2.4   0.8   0.0   6.8  22.5   06:39    NE
16  17.6  19.4   17:12  14.4   23:55   0.8   0.1   3.0  12.2  57.9   15:20    NW
17  14.6  18.5   15:29   8.0   05:32   3.7   0.0   0.0   7.4  30.6   17:43    SW
18  15.1  19.4   17:40  10.2   23:50   3.2   0.1   0.0   7.6  27.4   13:00   SSW
19  13.7  19.6   12:06   7.7   07:25   4.7   0.1   0.0   8.0  35.4   16:45     S
20  14.1  20.8   16:22   8.0   04:36   4.5   0.2   0.0   5.8  32.2   14:37    SE
21  14.9  20.6   15:17   9.7   23:59   3.5   0.1   0.0   3.2  20.9   13:29   SSE
22  13.3  19.9   16:30   6.4   07:41   5.0   0.0   0.0   5.6  29.0   14:13     N
23  13.5  17.9   17:10   8.4   07:28   4.8   0.0   0.0   6.9  25.7   14:02    SW
24  14.7  20.3   17:55   8.3   06:35   3.9   0.3   0.2   6.9  24.1   12:26   WSW
25  15.6  20.2   15:43  11.3   06:36   2.9   0.2   0.0   7.1  24.1   13:46   WSW
26  16.2  22.2   12:35  10.2   04:34   3.0   0.9   0.0   6.2  24.1   16:07   NNE
27  17.8  23.2   13:28  12.8   04:18   1.8   1.3   0.0   7.1  25.7   13:05    NE
28  19.0  23.1   16:17  15.8   00:36   0.6   1.2   2.0   7.3  25.7   12:02    NE
29  18.4  21.1   16:51  16.6   02:38   0.5   0.6   4.0   7.9  33.8   14:01   NNE
30  20.5  25.2   15:38  17.9   08:12   0.0   2.3   5.8   4.8  27.4   21:09    NE
31  18.3  21.8   15:20  15.4   23:06   0.7   0.7  22.6   7.7  54.7   22:23   SSE
----------------------------------------------------------------------------------
    16.6  25.3     1     6.4    22    70.0  16.8  95.0   8.5  59.5     8      NW

Max >=  15.0 31
Max <=  10.0  0
Min <=   5.0  0
Min <=   0.0  0
Max Rain: 22.6 on day 31
Days of Rain: 6 (>= 5.0 mm)  4 (>= 10.0 mm)  2 (>= 15.0 mm)
Heat Base: 18.3  Cool Base: 18.3  Method: Integration