NOAA-style Climate Reports

Select a Year or Month report

Report for 2021 May
                   Monthly Climatological Summary for May 2021

Name: Waikawa Beach Weather   City: Waikawa Beach   State: Horowhenua
Elevation: 28 ft  Lat: S 40° 41' 44"   Lon: E 175° 09' 41"

                  Temperature (°C), Rain (mm), Wind Speed (km/h)

                                      Heat  Cool        Avg
    Mean                              Deg   Deg         Wind                 Dom
Day Temp  High   Time   Low    Time   Days  Days  Rain  Speed High   Time    Dir
----------------------------------------------------------------------------------
01  12.5  15.9   11:38   5.4   23:30   5.8   0.0   0.0   7.3  33.8   11:21     S
02   9.1  15.3   12:04   2.7   04:33   9.2   0.0   0.0   5.7  17.7   08:03   ENE
03  10.3  15.1   11:08   5.8   07:43   8.0   0.0   0.0   6.0  20.9   23:39   ENE
04  13.6  17.0   12:10   8.4   02:50   4.7   0.0   0.0  20.4  48.3   18:36   WNW
05  16.7  18.9   10:24  15.6   23:57   1.6   0.0   0.0  13.0  41.8   02:02    NW
06  15.6  19.3   12:42  11.5   22:48   2.7   0.0   0.2   7.3  25.7   11:11     E
07  13.0  17.1   13:45   9.0   03:56   5.3   0.0   0.0   5.0  19.3   12:36   SSE
08  15.3  19.9   13:26   9.2   01:55   3.2   0.2   0.0   7.1  27.4   13:29   ENE
09  17.2  18.3   14:14  15.6   07:42   1.1   0.0   2.4  12.5  40.2   15:14     N
10  17.6  18.0   15:06  17.2   08:56   0.7   0.0   1.2   9.3  33.8   04:54    NW
11  17.9  19.1   13:41  17.1   19:00   0.5   0.1   0.2  16.3  57.9   17:24   NNW
12  13.4  17.8   00:31  10.3   23:44   5.0   0.0   0.8  10.7  43.5   00:30   SSW
13   9.9  14.6   13:51   4.1   22:51   8.4   0.0   0.0   5.2  24.1   02:01   SSE
14   8.2  14.6   13:36   1.7   02:08  10.0   0.0   0.0   7.2  27.4   22:40   ENE
15  15.6  17.6   11:37  12.0   01:21   2.7   0.0   2.4  27.5  74.0   15:03   WNW
16  15.2  16.9   15:44  11.4   07:24   3.1   0.0   2.0  12.9  41.8   00:05     N
17  14.6  16.9   13:43  13.4   16:41   3.7   0.0  13.4  14.5  77.2   21:56    NW
18  14.2  15.7   02:44  12.6   05:18   4.1   0.0   3.8  38.0  86.9   10:17   WNW
19  14.7  17.3   15:41  11.2   23:13   3.6   0.0   0.0  27.1  69.2   01:07   WNW
20  14.7  18.3   14:17  12.3   00:00   3.6   0.0   0.0   9.5  32.2   12:55    NE
21  14.3  16.9   14:05  10.7   21:51   4.0   0.0   0.0  10.7  45.1   12:18   NNW
22  10.7  15.4   12:18   6.9   23:49   7.6   0.0   0.2   5.4  20.9   00:15     E
23  10.4  15.5   15:08   5.2   06:34   7.9   0.0   0.0   4.9  19.3   14:01     E
24  12.1  14.1   12:36   8.6   01:11   6.2   0.0   0.0   8.8  43.5   04:08     S
25  10.7  14.8   13:07   4.6   22:37   7.6   0.0   0.0   7.9  43.5   03:52   SSE
26   8.1  14.1   14:31   2.6   07:35  10.2   0.0   0.0   5.8  20.9   15:07    SE
27   8.6  14.1   13:57   2.6   04:00   9.6   0.0   0.2   7.0  25.7   11:05   ENE
28  10.8  13.8   15:14   7.3   05:23   7.5   0.0   0.0   9.2  25.7   09:36   ENE
29  13.8  17.2   12:21  11.4   03:05   4.5   0.0   1.6  13.7  61.2   15:16   ENE
30  12.7  16.0   12:18   9.8   05:35   5.6   0.0   0.2   7.8  30.6   13:34    NE
31  10.0  11.4   19:27   7.4   08:00   8.3   0.0  16.8   7.4  25.7   14:40   ENE
----------------------------------------------------------------------------------
    13.0  19.9     8     1.7    14   166.0   0.3  45.4  11.3  86.9    18     NNW

Max >=  15.0 23
Max <=  10.0  0
Min <=   5.0  6
Min <=   0.0  0
Max Rain: 16.8 on day 31
Days of Rain: 2 (>= 5.0 mm)  2 (>= 10.0 mm)  1 (>= 15.0 mm)
Heat Base: 18.3  Cool Base: 18.3  Method: Integration