NOAA-style Climate Reports

Select a Year or Month report

Report for 2021 Jun
                   Monthly Climatological Summary for Jun 2021

Name: Waikawa Beach Weather   City: Waikawa Beach   State: Horowhenua
Elevation: 28 ft  Lat: S 40° 41' 44"   Lon: E 175° 09' 41"

                  Temperature (°C), Rain (mm), Wind Speed (km/h)

                                      Heat  Cool        Avg
    Mean                              Deg   Deg         Wind                 Dom
Day Temp  High   Time   Low    Time   Days  Days  Rain  Speed High   Time    Dir
----------------------------------------------------------------------------------
01  11.0  14.2   14:06   6.2   21:23   7.3   0.0   0.6   8.2  35.4   08:29   SSW
02  11.2  15.7   13:53   7.1   01:08   7.1   0.0   0.0   8.0  20.9   04:04   ENE
03  11.0  15.3   12:58   6.6   07:39   7.3   0.0   0.0   9.0  24.1   17:30   ENE
04  13.0  15.9   14:06  11.1   06:04   5.3   0.0   0.4   8.4  27.4   14:22   NNE
05  13.2  15.7   13:23   9.4   06:11   5.1   0.0   0.0   9.8  27.4   12:01    NE
06  14.9  19.3   14:02  12.4   02:43   3.4   0.0   0.2   6.4  20.9   00:24   ENE
07  14.3  19.1   14:10  11.2   23:59   4.0   0.0   0.0   5.2  33.8   15:37     E
08  13.1  17.6   14:57   9.4   07:38   5.2   0.0   0.0   4.5  20.9   12:45   ESE
09  12.4  17.8   15:00   6.8   07:24   5.9   0.0   0.0   4.6  17.7   12:26    SE
10  14.0  16.9   14:09  10.6   01:02   4.3   0.0   0.0   4.4  19.3   01:53   ENE
11  13.4  16.8   13:19  10.8   08:06   4.9   0.0   0.2   2.1  12.9   08:39   SSE
12  13.4  16.2   11:44  11.8   03:33   4.9   0.0   1.0   3.3  20.9   13:58   NNE
13  14.1  16.8   11:05  11.2   02:12   4.2   0.0   0.2   6.9  29.0   11:32    NE
14  15.2  17.1   11:18  14.4   02:46   3.1   0.0  15.6   6.2  22.5   03:23    NE
15  14.7  16.1   13:57  13.1   22:44   3.6   0.0   0.4   4.8  25.7   00:47   NNW
16  14.4  15.8   13:50  13.1   23:53   3.9   0.0   3.8  13.0  43.5   23:47   WNW
17  13.6  15.2   10:36  11.1   23:39   4.7   0.0   0.2  13.1  51.5   03:36   WNW
18  10.0  13.2   12:53   5.3   23:35   8.3   0.0   6.6   4.9  25.7   15:28     S
19   9.1  12.3   13:25   3.7   02:04   9.2   0.0  12.8   2.9  19.3   15:54   SSE
20  12.1  15.0   18:32   8.3   02:47   6.2   0.0   5.4   5.4  37.0   17:35     S
21  13.1  14.5   10:13  11.4   02:05   5.2   0.0   0.2  10.4  49.9   05:40     S
22  10.8  13.3   14:16   8.3   23:46   7.5   0.0   0.0   9.5  35.4   00:03   SSW
23   7.9  13.1   15:07   3.2   05:32  10.3   0.0   0.0   5.1  20.9   14:46     E
24  10.6  14.1   14:07   6.8   00:22   7.7   0.0   3.6  12.3  41.8   14:17     N
25  14.0  15.1   11:50  12.1   01:58   4.3   0.0   0.6  24.6  62.8   19:08    NW
26  15.2  15.8   17:52  13.8   00:00   3.1   0.0   7.8  20.4  56.3   16:42    NW
27  14.7  15.7   00:00  13.9   15:42   3.6   0.0  28.2   5.5  37.0   00:57   NNW
28  13.3  14.7   03:13  10.4   23:21   4.9   0.0   0.6   3.6  53.1   20:43     W
29   6.7  11.3   00:39   4.5   16:50  11.2   0.0   4.8  15.0  61.2   07:53   SSW
30   9.3  12.1   14:57   6.3   00:00   9.0   0.0   0.2   6.0  32.2   01:24   SSW
----------------------------------------------------------------------------------
    12.5  19.3     6     3.2    23   174.7   0.0  93.4   8.1  62.8    25     NNW

Max >=  15.0 20
Max <=  10.0  0
Min <=   5.0  3
Min <=   0.0  0
Max Rain: 28.2 on day 27
Days of Rain: 6 (>= 5.0 mm)  3 (>= 10.0 mm)  2 (>= 15.0 mm)
Heat Base: 18.3  Cool Base: 18.3  Method: Integration