NOAA-style Climate Reports

Select a Year or Month report

Report for 2021 Sep
                   Monthly Climatological Summary for Sep 2021

Name: Waikawa Beach Weather   City: Waikawa Beach   State: Horowhenua
Elevation: 28 ft  Lat: S 40° 41' 44"   Lon: E 175° 09' 41"

                  Temperature (°C), Rain (mm), Wind Speed (km/h)

                                      Heat  Cool        Avg
    Mean                              Deg   Deg         Wind                 Dom
Day Temp  High   Time   Low    Time   Days  Days  Rain  Speed High   Time    Dir
----------------------------------------------------------------------------------
01   7.7  14.5   12:27   1.8   01:12  10.6   0.0   0.0   6.7  23.0   16:30   SSE
02   8.7  14.3   11:42   2.8   04:37   9.6   0.0   0.0   7.5  26.0   13:09   ENE
03   9.3  15.3   11:52   4.3   04:17   9.0   0.0   0.0   6.9  21.0   10:38    NE
04  11.2  15.1   14:51   6.2   02:46   7.1   0.0   0.0  15.8  47.0   19:57   WNW
05  13.4  15.3   14:40  12.1   06:40   4.9   0.0   0.0  20.9  48.0   06:15     W
06  11.9  14.8   13:11   7.5   05:04   6.4   0.0   0.0  12.0  45.0   12:34     N
07  13.3  15.3   15:13  12.1   23:15   5.0   0.0   5.4  18.2  68.0   23:56    NW
08  10.6  14.2   12:39   5.9   23:59   7.7   0.0   1.2  21.0  68.0   00:05   WSW
09  10.9  14.8   13:44   3.7   02:16   7.4   0.0   0.0  26.4  84.0   22:48     W
10  13.9  15.6   15:20  12.1   23:05   4.4   0.0   0.6  30.5  74.0   18:53   WNW
11  11.3  14.3   16:37   7.9   06:08   7.0   0.0   0.2  13.4  58.0   02:45   WSW
12  12.5  14.7   11:42   8.9   00:50   5.8   0.0   6.6  19.4  48.0   14:00   WNW
13  12.9  14.6   10:52  11.8   13:03   5.4   0.0  23.1  24.2  69.0   01:41   WNW
14  11.3  14.8   13:27   7.6   23:57   7.0   0.0   1.8   8.4  40.0   00:21   SSE
15   9.0  12.8   13:16   4.5   06:08   9.3   0.0   0.4   3.6  13.0   13:28    SE
16  10.0  11.6   11:24   8.9   15:54   8.3   0.0   3.2   9.9  68.0   20:42    SE
17   9.6  12.1   12:13   6.1   23:58   8.7   0.0   0.0  12.3  55.0   01:05    SE
18   7.5  12.4   15:14   2.1   04:57  10.8   0.0   0.0   7.3  23.0   12:54   SSW
19   9.6  13.5   13:41   4.1   01:59   8.7   0.0   0.6  13.5  51.0   19:08   NNW
----------------------------------------------------------------------------------
    10.8  15.6    10     1.8     1   143.1   0.0  43.1  14.6  84.0     9       W

Max >=  15.0  5
Max <=  10.0  0
Min <=   5.0  7
Min <=   0.0  0
Max Rain: 23.1 on day 13
Days of Rain: 3 (>= 5.0 mm)  1 (>= 10.0 mm)  1 (>= 15.0 mm)
Heat Base: 18.3  Cool Base: 18.3  Method: Integration