NOAA-style Climate Reports

Select a Year or Month report

Report for 2024 Feb
                   Monthly Climatological Summary for Feb 2024

Name: Waikawa Beach Weather   City: Waikawa Beach   State: Horowhenua
Elevation: 28 ft  Lat: S 40° 41' 44"   Lon: E 175° 09' 41"

                  Temperature (°C), Rain (mm), Wind Speed (km/h)

                                      Heat  Cool        Avg
    Mean                              Deg   Deg         Wind                 Dom
Day Temp  High   Time   Low    Time   Days  Days  Rain  Speed High   Time    Dir
----------------------------------------------------------------------------------
01  19.6  25.5   11:24  14.3   00:43   0.5   1.8   0.0   8.9  35.0   23:50    NW
02  19.0  23.4   14:23  14.4   23:55   0.4   1.0   0.0  29.0  87.0   15:06   WNW
03  15.9  18.7   16:19  11.9   19:22   2.4   0.0   0.0  24.8  60.0   00:53   WNW
04  15.5  21.4   14:45   7.7   05:41   3.4   0.6   3.0   8.1  35.0   13:37   NNW
05  18.9  22.4   14:08  16.1   23:39   0.5   1.1   0.0   7.2  29.0   13:44     N
06  18.9  23.4   13:33  14.6   06:04   1.1   1.7   0.0   5.8  27.0   14:01     N
07  19.1  23.9   13:48  15.8   23:50   0.7   1.6   0.0   5.8  31.0   11:40   NNW
08  19.2  22.9   13:54  14.1   04:33   1.1   2.1   0.0   4.2  23.0   12:15    NE
09  21.4  25.9   16:55  14.6   05:53   0.3   2.7   0.0   7.2  26.0   13:12     W
10  18.6  21.1   09:30   0.0   00:43   0.1   0.5   0.0  11.2  47.0   22:29    NW
11  16.6  22.4   14:20  10.0   23:58   2.5   0.8   0.0   7.2  50.0   00:56    SW
12  14.3  19.8   16:19   6.8   02:40   4.3   0.3   0.0   5.9  27.0   14:42   WNW
13  16.5  22.4   12:25  11.5   05:00   2.8   0.9   0.0   6.8  32.0   14:13   NNW
14  17.6  22.3   11:26  13.4   00:00   1.6   0.8   0.0   5.9  27.0   13:58    NW
15  19.1  23.1   15:16  14.1   01:05   0.7   1.5   0.0  10.5  34.0   13:08   WNW
16  19.4  24.1   17:04  14.8   01:40   0.7   1.7   0.0   6.7  24.0   11:21     W
17  18.9  24.3   18:12  15.1   00:03   0.6   1.2   0.0   5.5  23.0   15:06     N
18  19.2  22.4   14:21  16.6   03:49   0.4   1.3   0.0   7.5  29.0   12:00    NW
19  19.8  22.9   13:30  17.7   00:00   0.0   1.5   0.0  20.8  56.0   23:14   WNW
20  19.4  25.6   14:37  12.3   23:59   0.6   1.7   0.0  12.2  53.0   00:17     W
21  16.0  24.7   18:15   8.4   05:45   3.4   1.1   0.0   6.3  31.0   13:30     W
22  17.3  24.5   14:21   8.9   06:45   2.8   1.8   0.0   4.9  23.0   15:18     W
23  18.5  23.0   14:07  14.7   23:39   0.8   1.0   0.0   6.9  27.0   15:01    NW
24  19.3  22.8   16:19  14.9   00:06   0.6   1.6   0.0  10.7  47.0   18:45    NW
25  20.0  24.4   13:22  15.3   23:58   0.3   2.0   0.0  10.1  47.0   02:02    NW
26  17.9  21.5   13:52  14.5   03:47   1.2   0.8   0.0   4.7  29.0   11:00    NW
27  17.5  20.4   17:03  14.4   06:22   1.3   0.5   0.0   8.2  27.0   16:30    NW
28  17.9  23.9   14:59  14.5   23:58   1.5   1.1   0.0   6.1  41.8   11:30    SW
29  17.7  27.4   14:56  12.8   04:09   2.3   1.7   0.0   4.4  33.8   17:21    SW
----------------------------------------------------------------------------------
    18.2  27.4    29     0.0    10    38.9  36.4   3.0   9.1  87.0     2     WNW

Max >=  15.0 29
Max <=  10.0  0
Min <=   5.0  1
Min <=   0.0  1
Max Rain: 3.0 on day 4
Days of Rain: 0 (>= 5.0 mm)  0 (>= 10.0 mm)  0 (>= 15.0 mm)
Heat Base: 18.3  Cool Base: 18.3  Method: Integration