NOAA-style Climate Reports

Select a Year or Month report

Report for 2016
                   Annual Climatological Summary for 2016

Name: Waikawa Beach Weather   City: Waikawa Beach   State: Horowhenua
Elevation: 28 ft  Lat: S 40 41 44   Lon: E 175 09 42

                  Temperature (C), Heat Base: 18.3  Cool Base: 18.3
                          Dep.  Heat  Cool                       Max  Max  Min  Min
        Mean  Mean        From  Deg   Deg                        >=   <=   <=   <=
 YR MO  Max   Min   Mean  Norm  Days  Days  Hi  Date  Low  Date 20.0 15.0  5.0   0.0
------------------------------------------------------------------------------------
 16  1  22.5  14.1  17.8  -0.2    40    24  30.0  26   6.1    5   25    0    0    0
 16  2  23.8  15.8  19.6   1.6    16    53  30.0   3   8.9    1   29    0    0    0
 16  3  21.1  13.7  17.4   1.4    52    26  25.4  22   6.5   12   23    0    0    0
 16  4  19.1  10.7  15.0   3.0   102     4  21.9   2   4.3   14    7    0    1    0
 16  5  16.6  12.0  14.4   4.4   118     0  19.7  11   4.4   23    0    5    1    0
 16  6  14.7   8.1  11.4   1.4   208     0  17.8   9   2.5    8    0   17    9    0
 16  7  13.4   5.9   9.9  -0.1   185     0  16.1   5   1.4   12    0   21    8    0
 16  8
 16  9
 16 10
 16 11
 16 12
------------------------------------------------------------------------------------
        18.7  11.5  15.1   1.6   721   106  30.0 Jan   1.4  Jul   84   43   19    0

                                Precipitation (mm)

              Dep.   Max        Days of Rain
              From   Obs.           >=
 YR MO Total  Norm   Day Date  5.0 10.0 15.0
---------------------------------------------
 16  1  71.0   3.8  19.0  18     5    4    1
 16  2  34.8 -34.8  17.4  18     2    2    1
 16  3  17.2 -27.5   6.6  24     1    0    0
 16  4  40.2 -24.2  21.2   2     2    1    1
 16  5 107.8  33.7  14.4  23    10    4    0
 16  6  51.8 -14.9  15.4  12     4    1    1
 16  7  15.8 -51.4   4.4  14     0    0    0
---------------------------------------------
       338.6-115.3  21.2  Apr   24   12    4

                                Wind Speed (km/h)
                          Dom
 YR MO   Avg.  Hi   Date  Dir
------------------------------
 16  1   9.2  66.0    8   SSW
 16  2  10.3  61.2   19   SSW
 16  3   9.6  69.2   10   SSW
 16  4   9.3  59.5    8     S
 16  5  15.7  93.3   21     S
 16  6  10.1  75.6   10    NW
 16  7  13.1  90.1   19    NW
 16  8
 16  9
 16 10
 16 11
 16 12
------------------------------
        11.0  93.3  May    SW