NOAA-style Climate Reports

Select a Year or Month report

Report for 2020 Jul
                   Monthly Climatological Summary for Jul 2020

Name: Waikawa Beach Weather   City: Waikawa Beach   State: Horowhenua
Elevation: 28 ft  Lat: S 40° 41' 44"   Lon: E 175° 09' 42"

                  Temperature (°C), Rain (mm), Wind Speed (km/h)

                                      Heat  Cool        Avg
    Mean                              Deg   Deg         Wind                 Dom
Day Temp  High   Time   Low    Time   Days  Days  Rain  Speed High   Time    Dir
----------------------------------------------------------------------------------
01   7.4   8.9   11:48   4.1   01:00  10.9   0.0   0.8   9.6  51.5   21:50   SSW
02   7.9  10.2   14:19   5.7   03:20  10.4   0.0   6.2  14.7  59.5   13:05    SW
03   7.4  11.4   15:30   1.1   08:17  10.9   0.0   0.2   6.2  24.1   01:13     E
04  10.5  13.2   13:20   8.1   00:08   7.8   0.0   0.6   6.5  20.9   01:04   ENE
05  12.1  15.2   13:58   9.7   01:30   6.2   0.0   0.2  11.8  37.0   21:25   ENE
06  13.2  15.1   03:13  11.2   07:59   5.1   0.0   3.6  15.7  45.1   03:59   NNW
07  11.8  13.7   13:31   8.9   03:48   6.5   0.0   8.4  25.5  74.0   18:10   WNW
08   8.6  12.6   00:01   6.7   21:16   9.7   0.0  10.2   9.1  45.1   03:09   WSW
09   7.5   9.1   10:44   5.8   06:25  10.8   0.0   0.8   8.3  37.0   01:19   SSW
10   8.7  13.2   14:38   4.2   06:32   9.6   0.0   0.0   6.8  20.9   21:22   ENE
11  11.2  13.9   11:48   7.8   07:50   7.1   0.0   0.0  12.9  43.5   23:13   NNW
12  12.8  14.0   20:43  11.6   12:24   5.5   0.0   4.6  26.0  66.0   16:36   WNW
13  11.0  13.9   03:33   5.7   23:19   7.3   0.0   0.4   9.2  54.7   00:07   WNW
14   7.8  12.2   15:21   3.2   04:28  10.5   0.0   0.4   3.6  16.1   14:27     S
15   8.7  13.1   15:19   4.9   23:49   9.6   0.0   0.0   3.6  20.9   12:17   SSE
16   7.3  11.7   15:23   2.7   08:28  11.0   0.0   0.0   3.0  14.5   00:35   ESE
17  10.1  13.4   12:54   6.8   08:21   8.2   0.0   0.4   3.9  22.5   13:04   SSW
18  11.1  14.5   11:42   7.8   08:34   7.2   0.0   0.6   2.4  11.3   08:44   ESE
19  11.4  15.3   14:37   7.7   22:48   6.9   0.0   0.0   4.8  17.7   11:45   SSE
20  13.0  18.4   15:10   7.3   08:11   5.3   0.0   1.4   7.2  27.4   11:58   ENE
21  12.2  14.4   08:06   9.8   23:47   6.1   0.0  10.6   8.4  38.6   09:14    NE
22  10.5  12.9   14:42   8.6   20:55   7.8   0.0   3.0   8.4  46.7   02:53     W
23  12.8  13.8   10:51  11.7   22:19   5.5   0.0   0.0  40.1  88.5   15:07     W
24  10.0  12.4   13:30   5.3   21:46   8.3   0.0   0.0  20.9  72.4   00:34     W
25   8.4  14.0   14:10   4.2   04:31   9.9   0.0   0.0   9.2  30.6   15:20   ENE
26   9.3  15.2   12:37   5.2   21:50   9.0   0.0   0.0   5.8  19.3   23:34     E
27   7.7  14.2   11:50   2.5   07:30  10.6   0.0   0.0   5.2  16.1   14:39   ESE
28  10.0  15.3   15:44   6.7   07:21   8.3   0.0   0.0   7.5  20.9   05:57   ENE
29  10.7  14.7   12:07   5.6   23:38   7.6   0.0   0.0   4.4  14.5   05:05     E
30   9.3  15.3   12:14   4.0   02:08   9.0   0.0   0.4   6.9  27.4   14:12   ENE
31  10.8  15.9   13:25   7.4   22:45   7.5   0.0   0.0   5.5  20.9   08:16   ENE
----------------------------------------------------------------------------------
    10.0  18.4    20     1.1     3   256.1   0.0  52.8  10.1  88.5    23     WNW

Max >=  15.0  8
Max <=  10.0  2
Min <=   5.0  9
Min <=   0.0  0
Max Rain: 10.6 on day 21
Days of Rain: 4 (>= 5.0 mm)  2 (>= 10.0 mm)  0 (>= 15.0 mm)
Heat Base: 18.3  Cool Base: 18.3  Method: Integration